000
CXUS54 KFWD 280730
CF60F2
PRELIMINARY LOCAL CLIMATOLOGICAL DATA (WS FORM: F-6)

                                          STATION:   BOWIE
                                          MONTH:     SEPTEMBER
                                          YEAR:      2022
                                          LATITUDE:   33 36 N
                                          LONGITUDE:  97 47 W

  TEMPERATURE IN F:       :PCPN:    SNOW:  WIND      :SUNSHINE: SKY     :PK WND
================================================================================
1   2   3   4   5  6A  6B    7    8   9   10  11  12  13   14  15   16   17  18
                                     12Z  AVG MX 2MIN
DY MAX MIN AVG DEP HDD CDD  WTR  SNW DPTH SPD SPD DIR MIN PSBL S-S WX    SPD DR
================================================================================

 1  81  72  77  -3   0  12 0.02    M    M  3.1  9 200   M    M   4        18 200
 2  89  68  79   0   0  14 0.02    M    M  4.1 14 120   M    M   3 1      36 240
 3  94  68  81   2   0  16 0.00    M    M  1.7  6  50   M    M   1 1       M   M
 4  90  67  79   0   0  14 0.00    M    M  4.1 12 160   M    M   1        22  20
 5  90  64  77  -1   0  12 0.00    M    M  2.3  8 170   M    M   0         M   M
 6  92  66  79   1   0  14 0.00    M    M  0.3  3  10   M    M   0         M   M
 7  92  67  80   2   0  15 0.00    M    M  3.1  9 360   M    M   0         M   M
 8  88  66  77   0   0  12 0.00    M    M  3.5  9 100   M    M   1         M   M
 9  88  63  76  -1   0  11 0.00    M    M  3.9  8 110   M    M   1        16 100
10  88  60  74  -2   0   9 0.00    M    M  2.4 10  80   M    M   0        24   0
11  79  62  71  -5   0   6 0.00    M    M  7.6 13 340   M    M   3        20 340
12  83  56  70  -6   0   5 0.00    M    M  1.5  6 160   M    M   1         M   M
13  89  62  76   1   0  11 0.00    M    M  6.4 13 170   M    M   1        21 170
14  88  64  76   1   0  11 0.00    M    M  5.7  9 150   M    M   0 8      20 130
15  86  61  74   0   0   9 0.00    M    M  6.7 10 150   M    M   0        22 160
16  90  64  77   3   0  12 0.00    M    M  7.4 14 180   M    M   1        22 200
17  92  72  82   8   0  17 0.00    M    M  8.1 13 180   M    M   1        21 190
18  94  73  84  11   0  19 0.00    M    M  7.0 10 160   M    M   0        17 210
19  94  67  81   8   0  16 0.00    M    M  3.9 13 170   M    M   1        18 130
20  95  68  82  10   0  17 0.00    M    M  4.7  9 160   M    M   0        17 150
21  96  69  83  11   0  18 0.00    M    M  4.1  8 170   M    M   2        17 140
22  94  65  80   8   0  15 0.00    M    M  2.4  8 340   M    M   1         M   M
23  95  61  78   7   0  13 0.00    M    M  4.2 13 190   M    M   0        21 190
24  94  65  80   9   0  15 0.00    M    M  4.3 10 210   M    M   0        16 230
25  96  65  81  11   0  16 0.00    M    M  4.5 15  10   M    M   1        21  30
26  85  56  71   1   0   6 0.00    M    M  4.1 10  40   M    M   0        17  30
27  89  54  72   2   0   7 0.00    M    M  4.3  9 160   M    M   0         M   M
================================================================================
SM 2431 1745         0 342  0.04    M    115.3          M       23
================================================================================
AV 90.0 64.6                               4.3 FASTST   M    M   1    MAX(MPH)
                                 MISC ---->    15  10                 36 240
================================================================================
NOTES:
# LAST OF SEVERAL OCCURRENCES

COLUMN 17 PEAK WIND IN M.P.H.

PRELIMINARY LOCAL CLIMATOLOGICAL DATA (WS FORM: F-6) , PAGE 2

                                          STATION:   BOWIE
                                          MONTH:     SEPTEMBER
                                          YEAR:      2022
                                          LATITUDE:   33 36 N
                                          LONGITUDE:  97 47 W

[TEMPERATURE DATA]      [PRECIPITATION DATA]       SYMBOLS USED IN COLUMN 16

AVERAGE MONTHLY: 77.3   TOTAL FOR MONTH:   0.04    1 = FOG OR MIST
DPTR FM NORMAL:   2.6   DPTR FM NORMAL:   -3.07    2 = FOG REDUCING VISIBILITY
HIGHEST:    96 ON 25,21  GRTST 24HR  0.02 ON  1- 1      TO 1/4 MILE OR LESS
LOWEST:     54 ON 27                               3 = THUNDER
                        SNOW, ICE PELLETS, HAIL    4 = ICE PELLETS
                        TOTAL MONTH:  M            5 = HAIL
                        GRTST 24HR    M  ON   M    6 = FREEZING RAIN OR DRIZZLE
                        GRTST DEPTH:  M  ON   M    7 = DUSTSTORM OR SANDSTORM:
                                                       VSBY 1/2 MILE OR LESS
                                                   8 = SMOKE OR HAZE
[NO. OF DAYS WITH]      [WEATHER - DAYS WITH]      9 = BLOWING SNOW
                                                   X = TORNADO
MAX 32 OR BELOW:   0    0.01 INCH OR MORE:   2
MAX 90 OR ABOVE:  15    0.10 INCH OR MORE:   0
MIN 32 OR BELOW:   0    0.50 INCH OR MORE:   0
MIN  0 OR BELOW:   0    1.00 INCH OR MORE:   0

[HDD (BASE 65) ]
TOTAL THIS MO.     0    CLEAR  (SCALE 0-3)  25
DPTR FM NORMAL   -10    PTCLDY (SCALE 4-7)   2
TOTAL FM JUL 1     0    CLOUDY (SCALE 8-10)  0
DPTR FM NORMAL   -10

[CDD (BASE 65) ]
TOTAL THIS MO.   342
DPTR FM NORMAL    66    [PRESSURE DATA]
TOTAL FM JAN 1  2601    HIGHEST SLP M ON M
DPTR FM NORMAL   634    LOWEST  SLP M ON M

[REMARKS]
