000
CXUS54 KHGX 281410
CF611R
PRELIMINARY LOCAL CLIMATOLOGICAL DATA (WS FORM: F-6)

                                          STATION:   BRENHAM
                                          MONTH:     SEPTEMBER
                                          YEAR:      2022
                                          LATITUDE:   30 13 N
                                          LONGITUDE:  96 22 W

  TEMPERATURE IN F:       :PCPN:    SNOW:  WIND      :SUNSHINE: SKY     :PK WND
================================================================================
1   2   3   4   5  6A  6B    7    8   9   10  11  12  13   14  15   16   17  18
                                     12Z  AVG MX 2MIN
DY MAX MIN AVG DEP HDD CDD  WTR  SNW DPTH SPD SPD DIR MIN PSBL S-S WX    SPD DR
================================================================================

 1  96  75  86   M   0  21    M  0.0    0  1.8  8  70   M    M   4        20   0
 2  94  75  85   M   0  20 0.00  0.0    0  1.4  5 160   M    M   3        17 160
 3  91  74  83   M   0  18 1.27  0.0    0  2.0 12 350   M    M   3 1      22  40
 4  88  73  81   M   0  16    M  0.0    M  2.6  8 190   M    M   1 1      16 350
 5  91  73  82   M   0  17 0.00  0.0    0  4.2 12 160   M    M   2         M   M
 6  93  71  82   M   0  17 0.00  0.0    0  3.4  8 180   M    M   1         M   M
 7  96  71  84   M   0  19 0.00  0.0    0  2.3  8 200   M    M   1        22  80
 8  94  70  82   M   0  17 0.00  0.0    0  2.7 10 360   M    M   2        16 360
 9  93  70  82   M   0  17 0.00  0.0    0  2.3  6  40   M    M   4         M   M
10  94  70  82   M   0  17 0.00  0.0    0  1.5  6  30   M    M   3 1       M   M
11  93  73  83   M   0  18 0.00  0.0    0  4.3 12  10   M    M   2        17 310
12  91  69  80   M   0  15 0.00  0.0    0  1.8  7 350   M    M   0         M   M
13  92  69  81   M   0  16 0.00  0.0    0  2.5  7 150   M    M   3         M   M
14  91  67  79   M   0  14 0.00  0.0    0  3.1  8  70   M    M   1         M   M
15  92  67  80   M   0  15 0.00  0.0    0  3.1  9 140   M    M   4        16 140
16  95  70  83   M   0  18 0.00  0.0    0  3.5 10 150   M    M   4        22 110
17  97  75  86   M   0  21 0.00  0.0    0  5.0 12 180   M    M   5 12     17 180
18  96  71  84   M   0  19    M  0.0    0  2.1  6 160   M    M   4         M   M
19  96  72  84   M   0  19    M  0.0    0  2.2  7 140   M    M   3 1       M   M
20  98  73  86   M   0  21    M  0.0    0  1.7  8 130   M    M   2 1       M   M
21  97  71  84   M   0  19 0.00  0.0    0  1.9  7 140   M    M   0         M   M
22  98  71  85   M   0  20 0.00  0.0    0  1.9  6 360   M    M   0 1       M   M
23 100  70  85   M   0  20 0.00  0.0    0  2.9  8 150   M    M   1        18 170
24  97  69  83   M   0  18    M  0.0    0  3.5 10 160   M    M   1 12     17 190
25  97  71  84   M   0  19    M  0.0    0  1.6  6 220   M    M   2 1       M   M
26  93  67  80   M   0  15 0.00  0.0    0  6.3 13 360   M    M   0        21  20
27  92  55  74   M   0   9 0.00  0.0    0  2.6  7  90   M    M   0         M   M
================================================================================
SM 2545 1902         0 475  1.27  0.0     74.2          M       56
================================================================================
AV 94.3 70.4                               2.7 FASTST   M    M   2    MAX(MPH)
                                 MISC ---->    13 360               # 22  40
================================================================================
NOTES:
# LAST OF SEVERAL OCCURRENCES

COLUMN 17 PEAK WIND IN M.P.H.

PRELIMINARY LOCAL CLIMATOLOGICAL DATA (WS FORM: F-6) , PAGE 2

                                          STATION:   BRENHAM
                                          MONTH:     SEPTEMBER
                                          YEAR:      2022
                                          LATITUDE:   30 13 N
                                          LONGITUDE:  96 22 W

[TEMPERATURE DATA]      [PRECIPITATION DATA]       SYMBOLS USED IN COLUMN 16

AVERAGE MONTHLY: 82.4   TOTAL FOR MONTH:   1.27    1 = FOG OR MIST
DPTR FM NORMAL:   0.0   DPTR FM NORMAL:    1.27    2 = FOG REDUCING VISIBILITY
HIGHEST:   100 ON 23    GRTST 24HR  1.27 ON  3- 3      TO 1/4 MILE OR LESS
LOWEST:     55 ON 27                               3 = THUNDER
                        SNOW, ICE PELLETS, HAIL    4 = ICE PELLETS
                        TOTAL MONTH:   0.0 INCH    5 = HAIL
                        GRTST 24HR  0.0            6 = FREEZING RAIN OR DRIZZLE
                        GRTST DEPTH:  0            7 = DUSTSTORM OR SANDSTORM:
                                                       VSBY 1/2 MILE OR LESS
                                                   8 = SMOKE OR HAZE
[NO. OF DAYS WITH]      [WEATHER - DAYS WITH]      9 = BLOWING SNOW
                                                   X = TORNADO
MAX 32 OR BELOW:   0    0.01 INCH OR MORE:   1
MAX 90 OR ABOVE:  26    0.10 INCH OR MORE:   1
MIN 32 OR BELOW:   0    0.50 INCH OR MORE:   1
MIN  0 OR BELOW:   0    1.00 INCH OR MORE:   1

[HDD (BASE 65) ]
TOTAL THIS MO.     0    CLEAR  (SCALE 0-3)  19
DPTR FM NORMAL     M    PTCLDY (SCALE 4-7)   8
TOTAL FM JUL 1     0    CLOUDY (SCALE 8-10)  0
DPTR FM NORMAL     M

[CDD (BASE 65) ]
TOTAL THIS MO.   475
DPTR FM NORMAL     M    [PRESSURE DATA]
TOTAL FM JAN 1  3399    HIGHEST SLP M ON M
DPTR FM NORMAL     M    LOWEST  SLP M ON M

[REMARKS]
