000
CXUS54 KEWX 281010
CF62R9
PRELIMINARY LOCAL CLIMATOLOGICAL DATA (WS FORM: F-6)

                                          STATION:   KENEDY REGIONAL AIRPORT
                                          MONTH:     SEPTEMBER
                                          YEAR:      2022
                                          LATITUDE:   28 49 N
                                          LONGITUDE:  97 52 W

  TEMPERATURE IN F:       :PCPN:    SNOW:  WIND      :SUNSHINE: SKY     :PK WND
================================================================================
1   2   3   4   5  6A  6B    7    8   9   10  11  12  13   14  15   16   17  18
                                     12Z  AVG MX 2MIN
DY MAX MIN AVG DEP HDD CDD  WTR  SNW DPTH SPD SPD DIR MIN PSBL S-S WX    SPD DR
================================================================================

 1  93  75  84   M   0  19 0.00    M    M  3.6  9 150   M    M   4 3      18  60
 2  92  73  83   M   0  18 0.00    M    M  4.5 16 130   M    M   2 1      21 130
 3  88  72  80   M   0  15 1.05    M    M  4.8 15  60   M    M   5 1      24  60
 4  80  72  76   M   0  11 0.15    M    M  3.4  7 120   M    M   4         M   M
 5  87  71  79   M   0  14 0.00    M    M  2.5  7 180   M    M   4 12      M   M
 6  91  70  81   M   0  16 0.01    M    M  4.0 15 130   M    M   3 1      25 100
 7  92  74  83   M   0  18 0.00    M    M  2.3  8 340   M    M   3 12      M   M
 8  94  72  83   M   0  18 0.00    M    M  3.8  9 130   M    M   3        17 360
 9  93  71  82   M   0  17 0.00    M    M  3.7 12 140   M    M   3 1      21   0
10  93  72  83   M   0  18 0.00    M    M  4.1  9 110   M    M   3         M   M
11  94  69  82   M   0  17 0.42    M    M  3.2 10 230   M    M   3 18     29 230
12  92  69  81   M   0  16 0.00    M    M  3.6  8  30   M    M   1 1       M   M
13  91  71  81   M   0  16 0.00    M    M  3.6 13 130   M    M   1 1      17 120
14  90  69  80   M   0  15 0.00    M    M  5.5 12  90   M    M   2 1      17  40
15  94  67  81   M   0  16 0.00    M    M  4.7 16 110   M    M   4 1      20 110
16  94  73  84   M   0  19 0.00    M    M  4.7 14 140   M    M   4 12      M   M
17  95  74  85   M   0  20 0.00    M    M  6.6 15 140   M    M   3 1      21 130
18  96  73  85   M   0  20 0.00    M    M  5.7 12 120   M    M   3 8      18 110
19  95  72  84   M   0  19 0.00    M    M  3.9 12 130   M    M   4 18      M   M
20  96  73  85   M   0  20 0.00  0.0    M  5.2 14 150   M    M   2        21 110
21  95  67  81   M   0  16 0.00  0.0    M  3.6 10 130   M    M   2 18      M   M
22  97  65  81   M   0  16 0.00    M    M  2.3  7 150   M    M   0 1       M   M
23  96  67  82   M   0  17 0.00    M    M  4.1 12 120   M    M   2        18 120
24  95  69  82   M   0  17 0.00    M    M  4.9 12 150   M    M   3        17 160
25  93  69  81   M   0  16 0.00    M    M  3.5 12 160   M    M   1        23 140
26  97  68  83   M   0  18 0.00    M    M  7.1 15 360   M    M   0        18  30
27  91  59  75   M   0  10 0.00    M    M  6.6 16  70   M    M   0        22  70
================================================================================
SM 2504 1896         0 452  1.63  0.0    115.6          M       69
================================================================================
AV 92.7 70.2                               4.3 FASTST   M    M   3    MAX(MPH)
                                 MISC ---->    16 130                 29 230
================================================================================
NOTES:
# LAST OF SEVERAL OCCURRENCES

COLUMN 17 PEAK WIND IN M.P.H.

PRELIMINARY LOCAL CLIMATOLOGICAL DATA (WS FORM: F-6) , PAGE 2

                                          STATION:   KENEDY REGIONAL AIRPORT
                                          MONTH:     SEPTEMBER
                                          YEAR:      2022
                                          LATITUDE:   28 49 N
                                          LONGITUDE:  97 52 W

[TEMPERATURE DATA]      [PRECIPITATION DATA]       SYMBOLS USED IN COLUMN 16

AVERAGE MONTHLY: 81.5   TOTAL FOR MONTH:   1.63    1 = FOG OR MIST
DPTR FM NORMAL:   0.0   DPTR FM NORMAL:    1.63    2 = FOG REDUCING VISIBILITY
HIGHEST:    97 ON 26,22  GRTST 24HR  1.05 ON  3- 3      TO 1/4 MILE OR LESS
LOWEST:     59 ON 27                               3 = THUNDER
                        SNOW, ICE PELLETS, HAIL    4 = ICE PELLETS
                        TOTAL MONTH:   0.0 INCH    5 = HAIL
                        GRTST 24HR  0.0            6 = FREEZING RAIN OR DRIZZLE
                        GRTST DEPTH:  M  ON   M    7 = DUSTSTORM OR SANDSTORM:
                                                       VSBY 1/2 MILE OR LESS
                                                   8 = SMOKE OR HAZE
[NO. OF DAYS WITH]      [WEATHER - DAYS WITH]      9 = BLOWING SNOW
                                                   X = TORNADO
MAX 32 OR BELOW:   0    0.01 INCH OR MORE:   4
MAX 90 OR ABOVE:  24    0.10 INCH OR MORE:   3
MIN 32 OR BELOW:   0    0.50 INCH OR MORE:   1
MIN  0 OR BELOW:   0    1.00 INCH OR MORE:   1

[HDD (BASE 65) ]
TOTAL THIS MO.     0    CLEAR  (SCALE 0-3)  19
DPTR FM NORMAL     M    PTCLDY (SCALE 4-7)   8
TOTAL FM JUL 1     0    CLOUDY (SCALE 8-10)  0
DPTR FM NORMAL     M

[CDD (BASE 65) ]
TOTAL THIS MO.   452
DPTR FM NORMAL     M    [PRESSURE DATA]
TOTAL FM JAN 1  3558    HIGHEST SLP M ON M
DPTR FM NORMAL     M    LOWEST  SLP M ON M

[REMARKS]
