000
CXUS54 KEWX 281010
CF63T5
PRELIMINARY LOCAL CLIMATOLOGICAL DATA (WS FORM: F-6)

                                          STATION:   LA GRANGE
                                          MONTH:     SEPTEMBER
                                          YEAR:      2022
                                          LATITUDE:   29 54 N
                                          LONGITUDE:  96 57 W

  TEMPERATURE IN F:       :PCPN:    SNOW:  WIND      :SUNSHINE: SKY     :PK WND
================================================================================
1   2   3   4   5  6A  6B    7    8   9   10  11  12  13   14  15   16   17  18
                                     12Z  AVG MX 2MIN
DY MAX MIN AVG DEP HDD CDD  WTR  SNW DPTH SPD SPD DIR MIN PSBL S-S WX    SPD DR
================================================================================

 1  95  74  85   M   0  20 3.06    M    M  3.8 10 190   M    M   2        23  20
 2  92  74  83   M   0  18 0.01    M    M  1.0  8 130   M    M   3 1       M   M
 3  91  73  82   M   0  17 0.19    M    M  1.2  8  80   M    M   6 3      21  40
 4  85  73  79   M   0  14 0.01    M    M  1.8  9 190   M    M   1 1       M   M
 5  89  71  80   M   0  15 0.00    M    M  3.8 10 180   M    M   3 12      M   M
 6  92  71  82   M   0  17 0.00    M    M  3.5  8 160   M    M   1 1       M   M
 7  95  71  83   M   0  18 0.00    M    M  1.6  7 130   M    M   2         M   M
 8  93  72  83   M   0  18 0.00    M    M  1.7  8  30   M    M   2         M   M
 9  92  71  82   M   0  17 0.00    M    M  2.5  8  80   M    M   4 8       M   M
10  93  71  82   M   0  17 0.00    M    M  1.6  6 170   M    M   3         M   M
11  92  71  82   M   0  17 0.00    M    M  4.0 10  10   M    M   2        16 330
12  91  70  81   M   0  16 0.00    M    M  2.0  7 350   M    M   0         M   M
13  92  69  81   M   0  16 0.00    M    M  1.4  6 140   M    M   2         M   M
14  90  68  79   M   0  14 0.00    M    M  2.6  7 150   M    M   1         M   M
15  90  67  79   M   0  14 0.00    M    M  3.8 12 130   M    M   3 8      20  90
16  94  71  83   M   0  18 0.03    M    M  2.8 13 120   M    M   3 1      16 120
17  93  75  84   M   0  19 0.00    M    M  4.9 14 180   M    M   3 18     18 150
18  94  70  82   M   0  17 0.00    M    M  2.7  8 170   M    M   2 128     M   M
19  95  71  83   M   0  18 0.00    M    M  3.3  9 140   M    M   2 1      17 140
20  95  71  83   M   0  18 0.00  0.0    M  3.3  9 160   M    M   1 18      M   M
21  95  68  82   M   0  17 0.00  0.0    M  2.6  8 130   M    M   0 1       M   M
22   M  67   M   M   M   M 0.00    M    M  0.8  4 320   M    M   0 1       M   M
23   M   M   M   M   M   M 0.00    M    M    M  M   M   M    M   M         M   M
24   M   M   M   M   M   M 0.00    M    M    M  M   M   M    M   M         M   M
25   M   M   M   M   M   M 0.00    M    M    M  M   M   M    M   M         M   M
26   M   M   M   M   M   M 0.00    M    M    M  M   M   M    M   M         M   M
27   M   M   M   M   M   M 0.00    M    M    M  M   M   M    M   M         M   M
================================================================================
SM 1938 1559         0 355  3.30  0.0     56.5          M       46
================================================================================
AV 92.3 70.9                               2.6 FASTST   M    M   2    MAX(MPH)
                                 MISC ---->    14 180                 23  20
================================================================================
NOTES:
# LAST OF SEVERAL OCCURRENCES

COLUMN 17 PEAK WIND IN M.P.H.

PRELIMINARY LOCAL CLIMATOLOGICAL DATA (WS FORM: F-6) , PAGE 2

                                          STATION:   LA GRANGE
                                          MONTH:     SEPTEMBER
                                          YEAR:      2022
                                          LATITUDE:   29 54 N
                                          LONGITUDE:  96 57 W

[TEMPERATURE DATA]      [PRECIPITATION DATA]       SYMBOLS USED IN COLUMN 16

AVERAGE MONTHLY: 81.6   TOTAL FOR MONTH:   3.30    1 = FOG OR MIST
DPTR FM NORMAL:   0.0   DPTR FM NORMAL:    3.30    2 = FOG REDUCING VISIBILITY
HIGHEST:    95 ON 21,20  GRTST 24HR  3.06 ON  1- 1      TO 1/4 MILE OR LESS
LOWEST:     67 ON 22,15                             3 = THUNDER
                        SNOW, ICE PELLETS, HAIL    4 = ICE PELLETS
                        TOTAL MONTH:   0.0 INCH    5 = HAIL
                        GRTST 24HR  0.0            6 = FREEZING RAIN OR DRIZZLE
                        GRTST DEPTH:  M  ON   M    7 = DUSTSTORM OR SANDSTORM:
                                                       VSBY 1/2 MILE OR LESS
                                                   8 = SMOKE OR HAZE
[NO. OF DAYS WITH]      [WEATHER - DAYS WITH]      9 = BLOWING SNOW
                                                   X = TORNADO
MAX 32 OR BELOW:   0    0.01 INCH OR MORE:   5
MAX 90 OR ABOVE:  19    0.10 INCH OR MORE:   2
MIN 32 OR BELOW:   0    0.50 INCH OR MORE:   1
MIN  0 OR BELOW:   0    1.00 INCH OR MORE:   1

[HDD (BASE 65) ]
TOTAL THIS MO.     0    CLEAR  (SCALE 0-3)  19
DPTR FM NORMAL     M    PTCLDY (SCALE 4-7)   3
TOTAL FM JUL 1     0    CLOUDY (SCALE 8-10)  5
DPTR FM NORMAL     M

[CDD (BASE 65) ]
TOTAL THIS MO.   355
DPTR FM NORMAL     M    [PRESSURE DATA]
TOTAL FM JAN 1  3327    HIGHEST SLP M ON M
DPTR FM NORMAL     M    LOWEST  SLP M ON M

[REMARKS]
