000
CXUS51 KPHI 280815
CF655N
PRELIMINARY LOCAL CLIMATOLOGICAL DATA (WS FORM: F-6)

                                          STATION:   ATLANTIC CITY MARINA
                                          MONTH:     SEPTEMBER
                                          YEAR:      2022
                                          LATITUDE:   39 22 N
                                          LONGITUDE:  74 25 W

  TEMPERATURE IN F:       :PCPN:    SNOW:  WIND      :SUNSHINE: SKY     :PK WND
================================================================================
1   2   3   4   5  6A  6B    7    8   9   10  11  12  13   14  15   16   17  18
                                     12Z  AVG MX 2MIN
DY MAX MIN AVG DEP HDD CDD  WTR  SNW DPTH SPD SPD DIR MIN PSBL S-S WX    SPD DR
================================================================================

 1  86  69  78   5   0  13 0.00    M    M  7.5 16 220   M    M   M        25 290
 2  74  70  72  -1   0   7 0.00    M    M  8.6 15  80   M    M   M        23  70
 3  76  70  73   0   0   8 0.00    M    M  6.4 10 130   M    M   M        16 120
 4  79  73  76   4   0  11 0.00    M    M  7.4 13 180   M    M   M        21 180
 5  79  75  77   5   0  12 0.00    M    M  7.5 12 180   M    M   M        20 180
 6  77  67  72   0   0   7 2.86    M    M 12.7 26 110   M    M   M        34 110
 7  73  70  72   0   0   7 0.08    M    M 13.4 18  50   M    M   M        31  60
 8  72  67  70  -2   0   5 0.00    M    M  8.4 16  60   M    M   M        30  60
 9  72  64  68  -3   0   3 0.00    M    M  7.7 14  80   M    M   M        21  60
10  75  65  70  -1   0   5 0.00    M    M  5.1 10 160   M    M   M        14 160
11  76  72  74   3   0   9 0.31    M    M  7.0 12 160   M    M   M        22 170
12  79  74  77   7   0  12    T    M    M  6.6 12 200   M    M   M        18 230
13  82  70  76   6   0  11 0.01    M    M  8.5 17 270   M    M   M        26 270
14  80  63  72   2   0   7 0.00    M    M  5.0  9 310   M    M   M        18 300
15  72  64  68  -2   0   3 0.00    M    M  5.6 13 110   M    M   M        24  10
16  77  58  68  -1   0   3 0.00    M    M  4.1  7 330   M    M   M        14  40
17  74  65  70   1   0   5 0.00    M    M  6.4 10 220   M    M   M        37 210
18  77  69  73   4   0   8 0.00    M    M  9.8 16 230   M    M   M        41 220
19  79  70  75   7   0  10 0.00    M    M  9.3 15 210   M    M   M        26 230
20  80  70  75   7   0  10 0.00    M    M  6.5 12 330   M    M   M        21 330
21  76  67  72   4   0   7 0.00    M    M  7.0 14 240   M    M   M        26 220
22  81  59  70   2   0   5 0.31    M    M 12.7 22 330   M    M   M        38 330
23  65  52  59  -8   6   0 0.00    M    M 13.7 23 330   M    M   M        39 330
24  67  49  58  -9   7   0 0.00    M    M  7.4 12 290   M    M   M        24 330
25  74  63  69   3   0   4 0.04    M    M 10.8 21 220   M    M   M        36 220
26  75  64  70   4   0   5 0.00    M    M  8.2 16 230   M    M   M        36 210
27  71  59  65  -1   0   0 0.00    M    M  8.4 16 300   M    M   M        26 290
================================================================================
SM 2048 1778        13 177  3.61    M    221.7          M        M
================================================================================
AV 75.9 65.9                               8.2 FASTST   M    M   M    MAX(MPH)
                                 MISC ---->    26 110                 41 220
================================================================================
NOTES:
# LAST OF SEVERAL OCCURRENCES

COLUMN 17 PEAK WIND IN M.P.H.

PRELIMINARY LOCAL CLIMATOLOGICAL DATA (WS FORM: F-6) , PAGE 2

                                          STATION:   ATLANTIC CITY MARINA
                                          MONTH:     SEPTEMBER
                                          YEAR:      2022
                                          LATITUDE:   39 22 N
                                          LONGITUDE:  74 25 W

[TEMPERATURE DATA]      [PRECIPITATION DATA]       SYMBOLS USED IN COLUMN 16

AVERAGE MONTHLY: 70.9   TOTAL FOR MONTH:   3.61    1 = FOG OR MIST
DPTR FM NORMAL:   1.1   DPTR FM NORMAL:    0.44    2 = FOG REDUCING VISIBILITY
HIGHEST:    86 ON  1    GRTST 24HR  2.86 ON  6- 6      TO 1/4 MILE OR LESS
LOWEST:     49 ON 24                               3 = THUNDER
                        SNOW, ICE PELLETS, HAIL    4 = ICE PELLETS
                        TOTAL MONTH:  M            5 = HAIL
                        GRTST 24HR    M  ON   M    6 = FREEZING RAIN OR DRIZZLE
                        GRTST DEPTH:  M  ON   M    7 = DUSTSTORM OR SANDSTORM:
                                                       VSBY 1/2 MILE OR LESS
                                                   8 = SMOKE OR HAZE
[NO. OF DAYS WITH]      [WEATHER - DAYS WITH]      9 = BLOWING SNOW
                                                   X = TORNADO
MAX 32 OR BELOW:   0    0.01 INCH OR MORE:   6
MAX 90 OR ABOVE:   0    0.10 INCH OR MORE:   3
MIN 32 OR BELOW:   0    0.50 INCH OR MORE:   1
MIN  0 OR BELOW:   0    1.00 INCH OR MORE:   1

[HDD (BASE 65) ]
TOTAL THIS MO.    13    CLEAR  (SCALE 0-3)   0
DPTR FM NORMAL    -1    PTCLDY (SCALE 4-7)   0
TOTAL FM JUL 1    13    CLOUDY (SCALE 8-10) 27
DPTR FM NORMAL    -1

[CDD (BASE 65) ]
TOTAL THIS MO.   177
DPTR FM NORMAL    32    [PRESSURE DATA]
TOTAL FM JAN 1  1092    HIGHEST SLP M ON M
DPTR FM NORMAL   124    LOWEST  SLP 31.99 ON  1

[REMARKS]
