000
CXUS54 KMAF 251110
CF66R6
PRELIMINARY LOCAL CLIMATOLOGICAL DATA (WS FORM: F-6)

                                          STATION:   TERRELL COUNTY AIRPORT
                                          MONTH:     SEPTEMBER
                                          YEAR:      2022
                                          LATITUDE:   30  2 N
                                          LONGITUDE: 102 13 W

  TEMPERATURE IN F:       :PCPN:    SNOW:  WIND      :SUNSHINE: SKY     :PK WND
================================================================================
1   2   3   4   5  6A  6B    7    8   9   10  11  12  13   14  15   16   17  18
                                     12Z  AVG MX 2MIN
DY MAX MIN AVG DEP HDD CDD  WTR  SNW DPTH SPD SPD DIR MIN PSBL S-S WX    SPD DR
================================================================================

 1  82  71  77  -4   0  12 0.02    M    M  7.7 14 100   M    M   0        19 120
 2  87  71  79  -2   0  14 0.28    M    M  6.8 16  90   M    M   0        22  80
 3  82  70  76  -5   0  11 0.00    M    M  6.2 15 100   M    M   0        20 110
 4  85  67  76  -5   0  11 0.00    M    M  4.3 13 130   M    M   0        15 130
 5  85  67  76  -4   0  11 0.00    M    M  5.4 15 110   M    M   0        18 110
 6  86  68  77  -3   0  12 0.00    M    M  5.5 13 100   M    M   0        15  70
 7  91  67  79  -1   0  14 0.00    M    M  2.9 10 350   M    M   0        12 350
 8  91  66  79  -1   0  14 0.00    M    M  5.6 13 350   M    M   0        15 340
 9  90  65  78  -2   0  13 0.00    M    M  4.9 14 110   M    M   0        17 130
10  90  67  79   0   0  14 0.00    M    M  7.0 15 110   M    M   0        20  90
11  89  69  79   0   0  14 0.00    M    M  8.1 14  40   M    M   0        18  40
12  88  67  78  -1   0  13 0.00    M    M  6.4 12 120   M    M   0        16 110
13  88  67  78  -1   0  13 0.00    M    M  8.5 20 110   M    M   0        25 100
14  86  66  76  -2   0  11 0.00    M    M 10.0 21 110   M    M   0        28 110
15  87  66  77  -1   0  12 0.00    M    M  8.5 15 110   M    M   0        20  90
16  89  65  77  -1   0  12 0.00    M    M  6.9 15 120   M    M   0        18 130
17  90  67  79   1   0  14 0.00    M    M 10.0 21 110   M    M   0        28 110
18  88  69  79   2   0  14 0.00    M    M 10.0 22 110   M    M   0        29 110
19  89  73  81   4   0  16 0.00    M    M 10.8 21 110   M    M   0        28 120
20  90  69  80   3   0  15 0.00    M    M  8.0 17 110   M    M   0        23 110
21  90  68  79   2   0  14 0.00    M    M  8.4 17 100   M    M   0        23 100
22  89  64  77   1   0  12 0.00    M    M  8.2 17 120   M    M   0        24 130
23  91  61  76   0   0  11 0.00    M    M  5.9 17 110   M    M   0        22 120
24  91  63  77   1   0  12 0.00    M    M  6.4 15 110   M    M   0        20 120
================================================================================
SM 2114 1613         0 309  0.30    M    172.4          M        0
================================================================================
AV 88.1 67.2                               7.2 FASTST   M    M   0    MAX(MPH)
                                 MISC ---->    22 110                 29 110
================================================================================
NOTES:
# LAST OF SEVERAL OCCURRENCES

COLUMN 17 PEAK WIND IN M.P.H.

PRELIMINARY LOCAL CLIMATOLOGICAL DATA (WS FORM: F-6) , PAGE 2

                                          STATION:   TERRELL COUNTY AIRPORT
                                          MONTH:     SEPTEMBER
                                          YEAR:      2022
                                          LATITUDE:   30  2 N
                                          LONGITUDE: 102 13 W

[TEMPERATURE DATA]      [PRECIPITATION DATA]       SYMBOLS USED IN COLUMN 16

AVERAGE MONTHLY: 77.6   TOTAL FOR MONTH:   0.30    1 = FOG OR MIST
DPTR FM NORMAL:  -1.0   DPTR FM NORMAL:   -0.50    2 = FOG REDUCING VISIBILITY
HIGHEST:    91 ON 24,23  GRTST 24HR  0.28 ON  2- 2      TO 1/4 MILE OR LESS
LOWEST:     61 ON 23                               3 = THUNDER
                        SNOW, ICE PELLETS, HAIL    4 = ICE PELLETS
                        TOTAL MONTH:  M            5 = HAIL
                        GRTST 24HR    M  ON   M    6 = FREEZING RAIN OR DRIZZLE
                        GRTST DEPTH:  M  ON   M    7 = DUSTSTORM OR SANDSTORM:
                                                       VSBY 1/2 MILE OR LESS
                                                   8 = SMOKE OR HAZE
[NO. OF DAYS WITH]      [WEATHER - DAYS WITH]      9 = BLOWING SNOW
                                                   X = TORNADO
MAX 32 OR BELOW:   0    0.01 INCH OR MORE:   2
MAX 90 OR ABOVE:   9    0.10 INCH OR MORE:   1
MIN 32 OR BELOW:   0    0.50 INCH OR MORE:   0
MIN  0 OR BELOW:   0    1.00 INCH OR MORE:   0

[HDD (BASE 65) ]
TOTAL THIS MO.     0    CLEAR  (SCALE 0-3)  24
DPTR FM NORMAL     0    PTCLDY (SCALE 4-7)   0
TOTAL FM JUL 1     0    CLOUDY (SCALE 8-10)  0
DPTR FM NORMAL     0

[CDD (BASE 65) ]
TOTAL THIS MO.   309
DPTR FM NORMAL   -20    [PRESSURE DATA]
TOTAL FM JAN 1  3178    HIGHEST SLP M ON M
DPTR FM NORMAL   499    LOWEST  SLP 29.68 ON  9

[REMARKS]
