000
CXUS53 KABR 251100
CF68D3
PRELIMINARY LOCAL CLIMATOLOGICAL DATA (WS FORM: F-6)

                                          STATION:   SISSETON SD
                                          MONTH:     SEPTEMBER
                                          YEAR:      2022
                                          LATITUDE:   45 40 N
                                          LONGITUDE:  96 59 W

  TEMPERATURE IN F:       :PCPN:    SNOW:  WIND      :SUNSHINE: SKY     :PK WND
================================================================================
1   2   3   4   5  6A  6B    7    8   9   10  11  12  13   14  15   16   17  18
                                     12Z  AVG MX 2MIN
DY MAX MIN AVG DEP HDD CDD  WTR  SNW DPTH SPD SPD DIR MIN PSBL S-S WX    SPD DR
================================================================================

 1  93  54  74   8   0   9 0.00  0.0    0  6.4 20 190   M    M   0        27 210
 2  89  52  71   5   0   6 0.04  0.0    0 12.3 25 220   M    M   0        37 220
 3  77  48  63  -2   2   0 0.00  0.0    0  3.8 10  40   M    M   0        15  30
 4  77  45  61  -4   4   0 0.00  0.0    0  7.6 17 130   M    M   0        26 120
 5  82  54  68   3   0   3 0.00  0.0    0 12.3 25 170   M    M   0        33 170
 6  88  59  74  10   0   9 0.00  0.0    0  5.4 12 160   M    M   0        16 160
 7  89  59  74  10   0   9 0.00  0.0    0  7.7 16 140   M    M   0        23 150
 8  90  58  74  10   0   9 0.00  0.0    0 13.6 24 200   M    M   0        38 220
 9  74  48  61  -2   4   0 0.03  0.0    0  7.3 16 330   M    M   0        20 330
10  75  44  60  -3   5   0 0.00  0.0    0  5.0 17 310   M    M   0        26 330
11  79  41  60  -3   5   0 0.00  0.0    0  3.9 15 360   M    M   0        20 360
12  83  45  64   2   1   0 0.00  0.0    0  5.4 12 170   M    M   0        19 190
13  81  48  65   3   0   0 0.00  0.0    0  4.0 14 350   M    M   0        18  10
14  84  45  65   3   0   0 0.00  0.0    0  9.8 23 140   M    M   0        31 150
15  89  66  78  17   0  13 0.00  0.0    0 14.1 32 200   M    M   0        48 210
16  71  56  64   3   1   0 0.00  0.0    0  5.1 13 260   M    M   0        15 260
17  82  56  69   9   0   4 0.00  0.0    0  6.0 21 330   M    M   0        28 340
18  82  52  67   7   0   2 0.00  0.0    0  5.4 13 270   M    M   0        20 260
19  88  51  70  10   0   5 0.00  0.0    0  9.7 23 170   M    M   0        32 170
20  89  56  73  14   0   8 0.00  0.0    0 10.2 25 340   M    M   0        33 350
21  69  44  57  -2   8   0 0.00  0.0    0 14.5 28 320   M    M   0        40 340
22  66  40  53  -5  12   0 0.00  0.0    0  6.4 14 170   M    M   0        19 170
23  62  49  56  -2   9   0 0.01  0.0    0 11.1 21 190   M    M   0        32 200
24  72  50  61   3   4   0 0.00  0.0    0 11.9 24 310   M    M   0        32 330
================================================================================
SM 1931 1220        55  77  0.08  0.0    198.9          M        0
================================================================================
AV 80.5 50.8                               8.3 FASTST   M    M   0    MAX(MPH)
                                 MISC ---->    32 200                 48 210
================================================================================
NOTES:
# LAST OF SEVERAL OCCURRENCES

COLUMN 17 PEAK WIND IN M.P.H.

PRELIMINARY LOCAL CLIMATOLOGICAL DATA (WS FORM: F-6) , PAGE 2

                                          STATION:   SISSETON SD
                                          MONTH:     SEPTEMBER
                                          YEAR:      2022
                                          LATITUDE:   45 40 N
                                          LONGITUDE:  96 59 W

[TEMPERATURE DATA]      [PRECIPITATION DATA]       SYMBOLS USED IN COLUMN 16

AVERAGE MONTHLY: 65.6   TOTAL FOR MONTH:   0.08    1 = FOG OR MIST
DPTR FM NORMAL:   3.6   DPTR FM NORMAL:   -1.86    2 = FOG REDUCING VISIBILITY
HIGHEST:    93 ON  1    GRTST 24HR  0.04 ON  2- 2      TO 1/4 MILE OR LESS
LOWEST:     40 ON 22                               3 = THUNDER
                        SNOW, ICE PELLETS, HAIL    4 = ICE PELLETS
                        TOTAL MONTH:   0.0 INCH    5 = HAIL
                        GRTST 24HR  0.0            6 = FREEZING RAIN OR DRIZZLE
                        GRTST DEPTH:  0            7 = DUSTSTORM OR SANDSTORM:
                                                       VSBY 1/2 MILE OR LESS
                                                   8 = SMOKE OR HAZE
[NO. OF DAYS WITH]      [WEATHER - DAYS WITH]      9 = BLOWING SNOW
                                                   X = TORNADO
MAX 32 OR BELOW:   0    0.01 INCH OR MORE:   3
MAX 90 OR ABOVE:   2    0.10 INCH OR MORE:   0
MIN 32 OR BELOW:   0    0.50 INCH OR MORE:   0
MIN  0 OR BELOW:   0    1.00 INCH OR MORE:   0

[HDD (BASE 65) ]
TOTAL THIS MO.    55    CLEAR  (SCALE 0-3)  24
DPTR FM NORMAL   -66    PTCLDY (SCALE 4-7)   0
TOTAL FM JUL 1    60    CLOUDY (SCALE 8-10)  0
DPTR FM NORMAL  -100

[CDD (BASE 65) ]
TOTAL THIS MO.    77
DPTR FM NORMAL    27    [PRESSURE DATA]
TOTAL FM JAN 1   913    HIGHEST SLP M ON M
DPTR FM NORMAL   354    LOWEST  SLP 29.51 ON  8

[REMARKS]
