000
CXUS53 KFSD 280810
CF69V9
PRELIMINARY LOCAL CLIMATOLOGICAL DATA (WS FORM: F-6)

                                          STATION:   CHAMBERLAIN
                                          MONTH:     SEPTEMBER
                                          YEAR:      2022
                                          LATITUDE:   43 46 N
                                          LONGITUDE:  99 19 W

  TEMPERATURE IN F:       :PCPN:    SNOW:  WIND      :SUNSHINE: SKY     :PK WND
================================================================================
1   2   3   4   5  6A  6B    7    8   9   10  11  12  13   14  15   16   17  18
                                     12Z  AVG MX 2MIN
DY MAX MIN AVG DEP HDD CDD  WTR  SNW DPTH SPD SPD DIR MIN PSBL S-S WX    SPD DR
================================================================================

 1  97  55  76   6   0  11    M    M    M  6.0 13 170   M    M   0        18 160
 2  92  55  74   5   0   9    M    M    M  7.9 17  10   M    M   0        24 340
 3  82  42  62  -7   3   0    M    M    M  3.6 10 130   M    M   0         M   M
 4  87  49  68   0   0   3    M    M    M 10.8 18 150   M    M   0        23 150
 5  96  56  76   8   0  11    M    M    M 11.6 18 160   M    M   0        25 170
 6  97  54  76   8   0  11    M    M    M  4.5  9 110   M    M   0         M   M
 7  96  55  76   9   0  11    M    M    M  9.0 16 150   M    M   0        23 170
 8  99  64  82  15   0  17    M    M    M 12.5 21 360   M    M   0        32 360
 9  67  48  58  -8   7   0 0.11    M    M  9.0 18 350   M    M   7        25 350
10  74  42  58  -8   7   0    M    M    M  4.0 12 330   M    M   2 2      16 330
11  79  42  61  -4   4   0    M    M    M  3.1  8 250   M    M   0         M   M
12  88  47  68   3   0   3    M    M    M  6.8 12 140   M    M   0        16 150
13  86  46  66   2   0   1    M    M    M  4.5 10 120   M    M   0         M   M
14  94  56  75  11   0  10    M    M    M 12.1 23 160   M    M   0        29 160
15  84  60  72   8   0   7    M    M    M 12.2 20 170   M    M   3        28 170
16  80  59  70   7   0   5    M    M    M  5.7 12 310   M    M   5        25 120
17  79  49  64   1   1   0    M    M    M  7.8 20 270   M    M   0 1      24 270
18  79  47  63   1   2   0    M    M    M  4.0 10 150   M    M   4 12      M   M
19  89  54  72  10   0   7    M    M    M  9.1 22 180   M    M   0        28 180
20  89  53  71  10   0   6    M    M    M  9.7 18 360   M    M   0        24 350
21  69  49  59  -2   6   0    M    M    M 11.3 23 330   M    M   3        30 330
22  68  40  54  -6  11   0    M    M    M  8.8 16 170   M    M   3        24 170
23  77  52  65   5   0   0    M    M    M 11.8 21 300   M    M   3        28 170
24  77  51  64   5   1   0    M    M    M 10.4 18 330   M    M   2        27 320
25  75  46  61   2   4   0    M    M    M 11.9 27 340   M    M   0        36 340
26  78  38  58   0   7   0    M    M    M  3.3  8 140   M    M   1         M   M
27  76  40  58   0   7   0    M    M    M  5.3 10 120   M    M   0         M   M
================================================================================
SM 2254 1349        60 112  0.11    M    216.8          M       33
================================================================================
AV 83.5 50.0                               8.0 FASTST   M    M   1    MAX(MPH)
                                 MISC ---->    27 340                 36 340
================================================================================
NOTES:
# LAST OF SEVERAL OCCURRENCES

COLUMN 17 PEAK WIND IN M.P.H.

PRELIMINARY LOCAL CLIMATOLOGICAL DATA (WS FORM: F-6) , PAGE 2

                                          STATION:   CHAMBERLAIN
                                          MONTH:     SEPTEMBER
                                          YEAR:      2022
                                          LATITUDE:   43 46 N
                                          LONGITUDE:  99 19 W

[TEMPERATURE DATA]      [PRECIPITATION DATA]       SYMBOLS USED IN COLUMN 16

AVERAGE MONTHLY: 66.7   TOTAL FOR MONTH:   0.11    1 = FOG OR MIST
DPTR FM NORMAL:   2.8   DPTR FM NORMAL:   -1.83    2 = FOG REDUCING VISIBILITY
HIGHEST:    99 ON  8    GRTST 24HR  0.11 ON  9- 9      TO 1/4 MILE OR LESS
LOWEST:     38 ON 26                               3 = THUNDER
                        SNOW, ICE PELLETS, HAIL    4 = ICE PELLETS
                        TOTAL MONTH:  M            5 = HAIL
                        GRTST 24HR    M  ON   M    6 = FREEZING RAIN OR DRIZZLE
                        GRTST DEPTH:  M  ON   M    7 = DUSTSTORM OR SANDSTORM:
                                                       VSBY 1/2 MILE OR LESS
                                                   8 = SMOKE OR HAZE
[NO. OF DAYS WITH]      [WEATHER - DAYS WITH]      9 = BLOWING SNOW
                                                   X = TORNADO
MAX 32 OR BELOW:   0    0.01 INCH OR MORE:   1
MAX 90 OR ABOVE:   7    0.10 INCH OR MORE:   1
MIN 32 OR BELOW:   0    0.50 INCH OR MORE:   0
MIN  0 OR BELOW:   0    1.00 INCH OR MORE:   0

[HDD (BASE 65) ]
TOTAL THIS MO.    60    CLEAR  (SCALE 0-3)  22
DPTR FM NORMAL   -48    PTCLDY (SCALE 4-7)   5
TOTAL FM JUL 1    64    CLOUDY (SCALE 8-10)  0
DPTR FM NORMAL   -58

[CDD (BASE 65) ]
TOTAL THIS MO.   112
DPTR FM NORMAL    33    [PRESSURE DATA]
TOTAL FM JAN 1   464    HIGHEST SLP M ON M
DPTR FM NORMAL  -384    LOWEST  SLP M ON M

[REMARKS]
