000
CXUS56 KMFR 280930
CF6AAT
PRELIMINARY LOCAL CLIMATOLOGICAL DATA (WS FORM: F-6)

                                          STATION:   ALTURAS CA
                                          MONTH:     SEPTEMBER
                                          YEAR:      2022
                                          LATITUDE:   41 29 N
                                          LONGITUDE: 120 34 W

  TEMPERATURE IN F:       :PCPN:    SNOW:  WIND      :SUNSHINE: SKY     :PK WND
================================================================================
1   2   3   4   5  6A  6B    7    8   9   10  11  12  13   14  15   16   17  18
                                     12Z  AVG MX 2MIN
DY MAX MIN AVG DEP HDD CDD  WTR  SNW DPTH SPD SPD DIR MIN PSBL S-S WX    SPD DR
================================================================================

 1  98  36  67   5   0   2 0.00    M    M  3.7 12 300   M    M   0        18 310
 2  98  45  72  10   0   7 0.00    M    M  8.2 29 180   M    M   0        43 160
 3  92  46  69   7   0   4 0.00    M    M  6.9 23 280   M    M   0        32 280
 4  98  39  69   7   0   4 0.00    M    M  4.6 28 250   M    M   0        43 240
 5 100  42  71   9   0   6 0.00    M    M  4.0 18 280   M    M   0        26 290
 6 102  49  76  15   0  11 0.00    M    M  4.1 20 250   M    M   0        26 250
 7  99  53  76  15   0  11 0.00    M    M  6.2 29 280   M    M   0        40 270
 8  92  49  71  10   0   6 0.00    M    M  5.1 16  10   M    M   0 8      24 360
 9  91  40  66   5   0   1 0.00    M    M  3.0 10  80   M    M   0        16  70
10  94  40  67   7   0   2 0.00    M    M  3.6 21 250   M    M   0 8      26 250
11  90  47  69   9   0   4 0.00    M    M  5.6 18 250   M    M   0        24 240
12  72  57  65   5   0   0 0.04    M    M  3.0  9 130   M    M   4        12 140
13  81  47  64   4   1   0 0.00    M    M  6.1 23 260   M    M   2        31 280
14  76  34  55  -4  10   0 0.00    M    M  4.8 21 260   M    M   1        27 260
15  76  34  55  -4  10   0 0.00    M    M  5.0 16 250   M    M   0        21 240
16  77  33  55  -4  10   0 0.00    M    M  3.8 14 310   M    M   0        19 280
17  72  30  51  -7  14   0 0.07    M    M  3.7 23 270   M    M   2        30 280
18  68  47  58   0   7   0 0.03    M    M  7.5 22 180   M    M   6        32 130
19  68  47  58   0   7   0 0.37    M    M  5.7 17 260   M    M   8 13     26 150
20  60  41  51  -6  14   0 0.42    M    M  3.4 15 260   M    M   7 1      19 270
21  65  37  51  -6  14   0    T    M    M  4.5 21 280   M    M   5 12     28 280
22  68  37  53  -3  12   0 0.00    M    M  1.4  9 150   M    M   4 1      12 130
23  78  32  55  -1  10   0 0.00    M    M  2.1  9 150   M    M   1 12     12 140
24  82  35  59   3   6   0 0.00    M    M  1.9  8 140   M    M   0        12 150
25  85  34  60   5   5   0 0.00    M    M  3.2 16 200   M    M   0        23 170
26  88  39  64   9   1   0 0.00    M    M  4.0 20 190   M    M   0        28 240
27   M   M   M   M   M   M    M    M    M    M  M   M   M    M   M         M   M
================================================================================
SM 2170 1070       121  58  0.93    M    115.1          M       40
================================================================================
AV 83.5 41.2                               4.4 FASTST   M    M   2    MAX(MPH)
                                 MISC ---->  # 29 180               # 43 160
================================================================================
NOTES:
# LAST OF SEVERAL OCCURRENCES

COLUMN 17 PEAK WIND IN M.P.H.

PRELIMINARY LOCAL CLIMATOLOGICAL DATA (WS FORM: F-6) , PAGE 2

                                          STATION:   ALTURAS CA
                                          MONTH:     SEPTEMBER
                                          YEAR:      2022
                                          LATITUDE:   41 29 N
                                          LONGITUDE: 120 34 W

[TEMPERATURE DATA]      [PRECIPITATION DATA]       SYMBOLS USED IN COLUMN 16

AVERAGE MONTHLY: 62.3   TOTAL FOR MONTH:   0.93    1 = FOG OR MIST
DPTR FM NORMAL:   3.3   DPTR FM NORMAL:    0.63    2 = FOG REDUCING VISIBILITY
HIGHEST:   102 ON  6    GRTST 24HR  0.69 ON 19-20      TO 1/4 MILE OR LESS
LOWEST:     30 ON 17                               3 = THUNDER
                        SNOW, ICE PELLETS, HAIL    4 = ICE PELLETS
                        TOTAL MONTH:  M            5 = HAIL
                        GRTST 24HR    M  ON   M    6 = FREEZING RAIN OR DRIZZLE
                        GRTST DEPTH:  M  ON   M    7 = DUSTSTORM OR SANDSTORM:
                                                       VSBY 1/2 MILE OR LESS
                                                   8 = SMOKE OR HAZE
[NO. OF DAYS WITH]      [WEATHER - DAYS WITH]      9 = BLOWING SNOW
                                                   X = TORNADO
MAX 32 OR BELOW:   0    0.01 INCH OR MORE:   5
MAX 90 OR ABOVE:  11    0.10 INCH OR MORE:   2
MIN 32 OR BELOW:   2    0.50 INCH OR MORE:   0
MIN  0 OR BELOW:   0    1.00 INCH OR MORE:   0

[HDD (BASE 65) ]
TOTAL THIS MO.   121    CLEAR  (SCALE 0-3)  20
DPTR FM NORMAL   -56    PTCLDY (SCALE 4-7)   6
TOTAL FM JUL 1   149    CLOUDY (SCALE 8-10)  0
DPTR FM NORMAL  -103

[CDD (BASE 65) ]
TOTAL THIS MO.    58
DPTR FM NORMAL    47    [PRESSURE DATA]
TOTAL FM JAN 1   399    HIGHEST SLP M ON M
DPTR FM NORMAL   166    LOWEST  SLP 29.59 ON 18

[REMARKS]
