000
CXUS56 KEKA 271230
CF6ACV
PRELIMINARY LOCAL CLIMATOLOGICAL DATA (WS FORM: F-6)

                                          STATION:   ARCATA CA
                                          MONTH:     SEPTEMBER
                                          YEAR:      2022
                                          LATITUDE:   40 58 N
                                          LONGITUDE: 124  6 W

  TEMPERATURE IN F:       :PCPN:    SNOW:  WIND      :SUNSHINE: SKY     :PK WND
================================================================================
1   2   3   4   5  6A  6B    7    8   9   10  11  12  13   14  15   16   17  18
                                     12Z  AVG MX 2MIN
DY MAX MIN AVG DEP HDD CDD  WTR  SNW DPTH SPD SPD DIR MIN PSBL S-S WX    SPD DR
================================================================================

 1  62  53  58   0   7   0 0.00    M    M  4.2 16 310   M    M   9 1      21 310
 2  63  55  59   1   6   0 0.00    M    M  4.6 12 340   M    M  10 1      17 340
 3  65  50  58   1   7   0 0.00    M    M  6.2 21 310   M    M   5 28     28 310
 4  68  48  58   1   7   0 0.00    M    M  5.0 20 310   M    M   4 28     26 310
 5  65  54  60   3   5   0 0.00    M    M  3.6  8 300   M    M   5 28     12 300
 6  67  50  59   2   6   0 0.00    M    M  4.2 10 290   M    M   0 18     16 300
 7  73  52  63   6   2   0 0.00    M    M  3.9 13 310   M    M   0 18     16 300
 8  67  50  59   2   6   0 0.00    M    M  3.6 10 160   M    M   0 18     14 140
 9  74  48  61   4   4   0 0.00    M    M  2.9  9 180   M    M   0 18     11 180
10  66  51  59   2   6   0 0.00    M    M  5.9 14 340   M    M   1 1      19 320
11  64  55  60   3   5   0 0.00    M    M  2.0  7 310   M    M   2 18      9 320
12  64  47  56  -1   9   0    T    M    M  3.9 16 300   M    M   7 28     22 270
13  67  45  56  -1   9   0 0.00    M    M  2.1 10 300   M    M   5 2      16 290
14  62  47  55  -2  10   0 0.00    M    M  2.9  9 300   M    M   5 2      13 300
15  63  54  59   2   6   0 0.00    M    M  3.6 12 300   M    M   9 12     16 290
16  61  49  55  -2  10   0 0.00    M    M  5.0 15 300   M    M   6 1      21 290
17  64  52  58   1   7   0    T    M    M  3.6 10 230   M    M   7        15 220
18  68  54  61   4   4   0 0.43    M    M  3.3 10 120   M    M   7 1      17  70
19  68  49  59   2   6   0    T    M    M  7.0 17 320   M    M   3        22 330
20  68  54  61   4   4   0 0.00    M    M  4.0 12 310   M    M   5        18 180
21  66  50  58   2   7   0 0.00    M    M  2.8 10 270   M    M   5 1      15 240
22  65  49  57   1   8   0 0.00    M    M  4.7 17 310   M    M   1 1      22 300
23  59  52  56   0   9   0 0.00    M    M  2.9  8 280   M    M  10 2      11 270
24  65  46  56   0   9   0 0.00    M    M  1.9  8 300   M    M   5 12     13 240
25  67  45  56   0   9   0 0.00    M    0  2.3  7 250   M    M   6 12     13 100
26  58  52  55  -1  10   0    T    M    M  2.9  8 240   M    M  10 2      11 260
================================================================================
SM 1699 1311       178   0  0.43    M     99.0          M      127
================================================================================
AV 65.3 50.4                               3.8 FASTST   M    M   5    MAX(MPH)
                                 MISC ---->    21 310                 28 310
================================================================================
NOTES:
# LAST OF SEVERAL OCCURRENCES

COLUMN 17 PEAK WIND IN M.P.H.

PRELIMINARY LOCAL CLIMATOLOGICAL DATA (WS FORM: F-6) , PAGE 2

                                          STATION:   ARCATA CA
                                          MONTH:     SEPTEMBER
                                          YEAR:      2022
                                          LATITUDE:   40 58 N
                                          LONGITUDE: 124  6 W

[TEMPERATURE DATA]      [PRECIPITATION DATA]       SYMBOLS USED IN COLUMN 16

AVERAGE MONTHLY: 57.9   TOTAL FOR MONTH:   0.43    1 = FOG OR MIST
DPTR FM NORMAL:   1.0   DPTR FM NORMAL:   -0.23    2 = FOG REDUCING VISIBILITY
HIGHEST:    74 ON  9    GRTST 24HR  0.43 ON 17-18      TO 1/4 MILE OR LESS
LOWEST:     45 ON 25,13                             3 = THUNDER
                        SNOW, ICE PELLETS, HAIL    4 = ICE PELLETS
                        TOTAL MONTH:  M            5 = HAIL
                        GRTST 24HR    M  ON   M    6 = FREEZING RAIN OR DRIZZLE
                        GRTST DEPTH:  0            7 = DUSTSTORM OR SANDSTORM:
                                                       VSBY 1/2 MILE OR LESS
                                                   8 = SMOKE OR HAZE
[NO. OF DAYS WITH]      [WEATHER - DAYS WITH]      9 = BLOWING SNOW
                                                   X = TORNADO
MAX 32 OR BELOW:   0    0.01 INCH OR MORE:   1
MAX 90 OR ABOVE:   0    0.10 INCH OR MORE:   1
MIN 32 OR BELOW:   0    0.50 INCH OR MORE:   0
MIN  0 OR BELOW:   0    1.00 INCH OR MORE:   0

[HDD (BASE 65) ]
TOTAL THIS MO.   178    CLEAR  (SCALE 0-3)   8
DPTR FM NORMAL   -35    PTCLDY (SCALE 4-7)  13
TOTAL FM JUL 1   558    CLOUDY (SCALE 8-10)  5
DPTR FM NORMAL  -113

[CDD (BASE 65) ]
TOTAL THIS MO.     0
DPTR FM NORMAL     0    [PRESSURE DATA]
TOTAL FM JAN 1     0    HIGHEST SLP M ON M
DPTR FM NORMAL    -1    LOWEST  SLP 29.53 ON  9

[REMARKS]
