132
CXAK56 PAFC 211344
CF6AFC

PRELIMINARY LOCAL CLIMATOLOGICAL DATA (WS FORM: F-6)

                                          STATION:   BETHEL
                                          MONTH:     FEBRUARY
                                          YEAR:      2020
                                          LATITUDE:   60 46 N
                                          LONGITUDE: 161 48 W

  TEMPERATURE IN F:       :PCPN:    SNOW:  WIND      :SUNSHINE: SKY     :PK WND
================================================================================
1   2   3   4   5  6A  6B    7    8   9   10  11  12  13   14  15   16   17  18
                                     12Z  AVG MX 2MIN
DY MAX MIN AVG DEP HDD CDD  WTR  SNW DPTH SPD SPD DIR MIN PSBL S-S WX    SPD DR
================================================================================

 1  19 -28  -4 -12  69   0    T    M    M  8.8 22 160   M    M   4 8      26 150
 2  34  19  27  19  38   0 0.22    M    M 13.8 22 100   M    M  10 128    27 100
 3  36  31  34  25  31   0 0.11    M    M 10.3 16  70   M    M  10 1      21 110
 4  36  28  32  23  33   0 0.16    M    M  9.2 14 170   M    M  10 1      17 170
 5  32   9  21  12  44   0 0.20    M    M 10.2 17 200   M    M  10 1      20 230
 6  10  -3   4  -5  61   0    T    M    M 14.2 29  10   M    M  10 189    34  10
 7  -3 -20 -11 -21  76   0 0.02    M    M 21.3 30  20   M    M   4 18     35  10
 8  34  -9  13   3  52   0 0.34    M    M 18.1 29 150   M    M   9 18     34 150
 9   2 -20  -9 -19  74   0    T    M    M 10.9 16 200   M    M   4        19 210
10  -3 -15  -9 -19  74   0 0.00    M    M  6.2 15  40   M    M   4 18     19  40
11  -1 -10  -5 -15  70   0    T    M    M 21.0 33  20   M    M   5        42  20
12  -4 -17 -10 -21  75   0    T    M    M 19.7 37  30   M    M   0 8      43  20
13   3 -16  -6 -17  71   0 0.00    M    M 15.9 24  40   M    M   2        31  30
14   3  -5  -1 -12  66   0 0.00    M    M 15.0 22  40   M    M   9        25  40
15  13   3   8  -3  57   0 0.23    M    M 11.4 20  50   M    M  10 18     22  50
16  28  12  20   8  45   0 0.05    M    M 10.4 21  50   M    M   9 1      26  40
17  36  23  30  18  35   0 0.07    M    M 15.2 25 100   M    M   7 1      31 100
18  31  15  23  11  42   0 0.10    M    M 22.8 40 160   M    M  10 19     49 160
19  15   1   8  -4  57   0    T    M    M  7.7 15 360   M    M   9 1      19  10
20  19   4  12   0  53   0 0.04    M    M 18.6 26 310   M    M   8 1      32 300
================================================================================
SM  340    2      1123   0  1.54    M    280.7          M      144
================================================================================
AV 17.0  0.1                              14.0 FASTST   M    M   7    MAX(MPH)
                                 MISC ---->  # 40 160               # 49  160
================================================================================
NOTES:
# LAST OF SEVERAL OCCURRENCES

COLUMN 17 PEAK WIND IN M.P.H.

PRELIMINARY LOCAL CLIMATOLOGICAL DATA (WS FORM: F-6) , PAGE 2

                                          STATION:  BETHEL
                                          MONTH:    FEBRUARY
                                          YEAR:     2020
                                          LATITUDE:   60 46 N
                                          LONGITUDE: 161 48 W

[TEMPERATURE DATA]      [PRECIPITATION DATA]       SYMBOLS USED IN COLUMN 16

AVERAGE MONTHLY:  8.6   TOTAL FOR MONTH:   1.54    1 = FOG OR MIST
DPTR FM NORMAL:  -1.8   DPTR FM NORMAL:    1.03    2 = FOG REDUCING VISIBILITY
HIGHEST:    36 ON 17, 4 GRTST 24HR  0.34 ON  8- 8      TO 1/4 MILE OR LESS
LOWEST:    -28 ON  1                               3 = THUNDER
                        SNOW, ICE PELLETS, HAIL    4 = ICE PELLETS
                        TOTAL MONTH:    M          5 = HAIL
                        GRTST 24HR    M  ON   M    6 = FREEZING RAIN OR DRIZZLE
                        GRTST DEPTH:  M  ON   M    7 = DUSTSTORM OR SANDSTORM:
                                                       VSBY 1/2 MILE OR LESS
                                                   8 = SMOKE OR HAZE
[NO. OF DAYS WITH]      [WEATHER - DAYS WITH]      9 = BLOWING SNOW
                                                   X = TORNADO
MAX 32 OR BELOW:  15    0.01 INCH OR MORE:  11
MAX 90 OR ABOVE:   0    0.10 INCH OR MORE:   7
MIN 32 OR BELOW:  20    0.50 INCH OR MORE:   0
MIN  0 OR BELOW:  10    1.00 INCH OR MORE:   0

[HDD (BASE 65) ]
TOTAL THIS MO.  1123    CLEAR  (SCALE 0-3)   2
DPTR FM NORMAL    30    PTCLDY (SCALE 4-7)   6
TOTAL FM JUL 1  8144    CLOUDY (SCALE 8-10) 12
DPTR FM NORMAL  -176

[CDD (BASE 65) ]
TOTAL THIS MO.     0
DPTR FM NORMAL     0    [PRESSURE DATA]
TOTAL FM JAN 1     0    HIGHEST SLP M ON M
DPTR FM NORMAL     0    LOWEST  SLP 28.90 ON 20

[REMARKS]
