000
CXUS54 KFWD 280730
CF6AFW
PRELIMINARY LOCAL CLIMATOLOGICAL DATA (WS FORM: F-6)

                                          STATION:   FORT WORTH ALLIANCE
                                          MONTH:     SEPTEMBER
                                          YEAR:      2022
                                          LATITUDE:   32 58 N
                                          LONGITUDE:  97 19 W

  TEMPERATURE IN F:       :PCPN:    SNOW:  WIND      :SUNSHINE: SKY     :PK WND
================================================================================
1   2   3   4   5  6A  6B    7    8   9   10  11  12  13   14  15   16   17  18
                                     12Z  AVG MX 2MIN
DY MAX MIN AVG DEP HDD CDD  WTR  SNW DPTH SPD SPD DIR MIN PSBL S-S WX    SPD DR
================================================================================

 1  85  71  78  -5   0  13 0.76    M    M  4.6 25 260   M    M   9 13     35 260
 2  86  74  80  -3   0  15 0.42    M    M  8.8 21 170   M    M   8 1      27 180
 3  96  72  84   2   0  19 0.00    M    M  4.3 14  20   M    M   5        19  70
 4  94  71  83   1   0  18    T    M    M  5.0 24 270   M    M   5 3      38 270
 5  91  68  80  -2   0  15    T    M    M  5.1 25 200   M    M   5 3      34 200
 6  96  71  84   2   0  19 0.00    M    M  3.3 16 160   M    M   4        19 160
 7  95  72  84   3   0  19 0.00    M    M  6.5 17 350   M    M   2        24  60
 8  90  71  81   0   0  16 0.00    M    M  6.5 14 100   M    M   3        20  80
 9  90  72  81   0   0  16 0.00    M    M  6.2 10  60   M    M   2        17 110
10  90  63  77  -3   0  12 0.00    M    M  5.2  9  60   M    M   2        17  70
11  84  66  75  -5   0  10 0.00    M    M 11.3 17 340   M    M   5        28 340
12  84  63  74  -6   0   9 0.00    M    M  4.9  7 350   M    M   3         M   M
13  90  68  79   0   0  14 0.00    M    M  8.7 14 160   M    M   2        20 170
14  91  68  80   1   0  15 0.00    M    M  8.2 14 120   M    M   2        21 130
15  88  66  77  -2   0  12 0.00    M    M  7.4 17 150   M    M   2        26 120
16  91  70  81   3   0  16 0.00    M    M 10.4 18 150   M    M   2        24 150
17  93  75  84   6   0  19 0.00    M    M 12.5 18 170   M    M   3        25 160
18  94  76  85   7   0  20 0.00    M    M 10.3 16 170   M    M   1        22 160
19  94  73  84   7   0  19 0.00    M    M  6.8 17 150   M    M   2        22 150
20  95  75  85   8   0  20 0.00    M    M  7.9 18 150   M    M   1        22 140
21  95  75  85   8   0  20    M    M    M  6.7 12 180   M    M   2        16 150
22  97  70  84   8   0  19    M    M    M  4.1 12 100   M    M   1        16 290
23  96  69  83   7   0  18 0.00    M    M  7.0 18 170   M    M   2        25 170
24  95  77  86  10   0  21 0.00    M    M  8.8 17 150   M    M   1        23 140
25  98  71  85  10   0  20    T    M    M  6.6 20 350   M    M   4        26  10
26  87  61  74  -1   0   9 0.00    M    M  7.6 18  20   M    M   0        28  50
27  89  59  74  -1   0   9 0.00    M    M  5.6 13 140   M    M   1        23 110
================================================================================
SM 2474 1887         0 432  1.18    M    190.3          M       79
================================================================================
AV 91.6 69.9                               7.0 FASTST   M    M   3    MAX(MPH)
                                 MISC ---->  # 25 260                 38 270
================================================================================
NOTES:
# LAST OF SEVERAL OCCURRENCES

COLUMN 17 PEAK WIND IN M.P.H.

PRELIMINARY LOCAL CLIMATOLOGICAL DATA (WS FORM: F-6) , PAGE 2

                                          STATION:   FORT WORTH ALLIANCE
                                          MONTH:     SEPTEMBER
                                          YEAR:      2022
                                          LATITUDE:   32 58 N
                                          LONGITUDE:  97 19 W

[TEMPERATURE DATA]      [PRECIPITATION DATA]       SYMBOLS USED IN COLUMN 16

AVERAGE MONTHLY: 80.8   TOTAL FOR MONTH:   1.18    1 = FOG OR MIST
DPTR FM NORMAL:   1.8   DPTR FM NORMAL:   -1.70    2 = FOG REDUCING VISIBILITY
HIGHEST:    98 ON 25    GRTST 24HR  0.76 ON  1- 1      TO 1/4 MILE OR LESS
LOWEST:     59 ON 27                               3 = THUNDER
                        SNOW, ICE PELLETS, HAIL    4 = ICE PELLETS
                        TOTAL MONTH:  M            5 = HAIL
                        GRTST 24HR    M  ON   M    6 = FREEZING RAIN OR DRIZZLE
                        GRTST DEPTH:  M  ON   M    7 = DUSTSTORM OR SANDSTORM:
                                                       VSBY 1/2 MILE OR LESS
                                                   8 = SMOKE OR HAZE
[NO. OF DAYS WITH]      [WEATHER - DAYS WITH]      9 = BLOWING SNOW
                                                   X = TORNADO
MAX 32 OR BELOW:   0    0.01 INCH OR MORE:   2
MAX 90 OR ABOVE:  20    0.10 INCH OR MORE:   2
MIN 32 OR BELOW:   0    0.50 INCH OR MORE:   1
MIN  0 OR BELOW:   0    1.00 INCH OR MORE:   0

[HDD (BASE 65) ]
TOTAL THIS MO.     0    CLEAR  (SCALE 0-3)  17
DPTR FM NORMAL     0    PTCLDY (SCALE 4-7)   9
TOTAL FM JUL 1     0    CLOUDY (SCALE 8-10)  1
DPTR FM NORMAL     0

[CDD (BASE 65) ]
TOTAL THIS MO.   432
DPTR FM NORMAL    56    [PRESSURE DATA]
TOTAL FM JAN 1  3196    HIGHEST SLP M ON M
DPTR FM NORMAL   490    LOWEST  SLP 29.72 ON  8

[REMARKS]
