000
CXUS55 KCYS 281610
CF6AIA
PRELIMINARY LOCAL CLIMATOLOGICAL DATA (WS FORM: F-6)

                                          STATION:   ALLIANCE NEBRASKA AIRPORT
                                          MONTH:     SEPTEMBER
                                          YEAR:      2022
                                          LATITUDE:   42  2 N
                                          LONGITUDE: 102 48 W

  TEMPERATURE IN F:       :PCPN:    SNOW:  WIND      :SUNSHINE: SKY     :PK WND
================================================================================
1   2   3   4   5  6A  6B    7    8   9   10  11  12  13   14  15   16   17  18
                                     12Z  AVG MX 2MIN
DY MAX MIN AVG DEP HDD CDD  WTR  SNW DPTH SPD SPD DIR MIN PSBL S-S WX    SPD DR
================================================================================

 1  96  46  71   5   0   6 0.00    M    M  4.2 20 190   M    M   0        31 240
 2  91  50  71   5   0   6    T    M    M  9.0 22  50   M    M   0        29  30
 3  89  46  68   3   0   3 0.00    M    M  8.7 17 150   M    M   0        28 160
 4  97  54  76  11   0  11 0.00    M    M 13.0 24 160   M    M   0        32 160
 5 100  52  76  11   0  11 0.00    M    M  6.9 14 150   M    M   0        19 150
 6 101  47  74  10   0   9 0.00    M    M  9.2 21  90   M    M   0 18     35 110
 7 102  47  75  11   0  10 0.00    M    M  7.2 18 220   M    M   0        25 170
 8  95  53  74  10   0   9 0.02    M    M 13.0 32  20   M    M   0        43  40
 9  58  46  52 -11  13   0    T    M    M 11.1 23  20   M    M   7        30  20
10  64  42  53 -10  12   0 0.04    M    M  4.1 13 210   M    M   6 1      18 270
11  79  34  57  -5   8   0 0.00    M    M  5.3 16 190   M    M   0 12     22 180
12  92  31  62   0   3   0 0.00    M    M  4.9 14 300   M    M   0 8      20 270
13  90  40  65   3   0   0 0.00    M    M  8.6 16 110   M    M   0 8      23  70
14  88  53  71  10   0   6 0.09    M    M 12.1 33 180   M    M   1        49 190
15  79  53  66   5   0   1 0.29    M    M  6.2 28 260   M    M   5 138    36 260
16  82  46  64   4   1   0 0.21    M    M  6.2 41 260   M    M   1 138    53 260
17  79  44  62   2   3   0    T    M    M  7.0 31 300   M    M   1 3      41 300
18  82  51  67   8   0   2 0.05    M    M  9.5 24 270   M    M   3 13     30 270
19  93  57  75  16   0  10 0.00    M    M  9.4 21 290   M    M   3 128    28 270
20  86  47  67   9   0   2 0.00    M    M 10.7 21 340   M    M   0        30 360
21  66  50  58   0   7   0    T    M    M 11.3 22  20   M    M   3        28  20
22  54  46  50  -7  15   0 0.08    M    M 17.8 28 160   M    M  10 1      36 160
23  78  39  59   2   6   0 0.00    M    M 11.2 30 300   M    M   1 1      41 260
24  81  36  59   3   6   0 0.00    M    M 10.3 29 280   M    M   0        39 290
25  76  33  55  -1  10   0 0.00    M    M  7.7 20 320   M    M   0        26 330
26  84  32  58   3   7   0 0.00    M    M  5.9 17 330   M    M   0        25 320
27  78  36  57   2   8   0 0.00    M    M  6.2 12 150   M    M   0        16 120
================================================================================
SM 2260 1211        99  86  0.78    M    236.7          M       41
================================================================================
AV 83.7 44.9                               8.8 FASTST   M    M   2    MAX(MPH)
                                 MISC ---->    41 260                 53 260
================================================================================
NOTES:
# LAST OF SEVERAL OCCURRENCES

COLUMN 17 PEAK WIND IN M.P.H.

PRELIMINARY LOCAL CLIMATOLOGICAL DATA (WS FORM: F-6) , PAGE 2

                                          STATION:   ALLIANCE NEBRASKA AIRPORT
                                          MONTH:     SEPTEMBER
                                          YEAR:      2022
                                          LATITUDE:   42  2 N
                                          LONGITUDE: 102 48 W

[TEMPERATURE DATA]      [PRECIPITATION DATA]       SYMBOLS USED IN COLUMN 16

AVERAGE MONTHLY: 64.3   TOTAL FOR MONTH:   0.78    1 = FOG OR MIST
DPTR FM NORMAL:   3.4   DPTR FM NORMAL:   -0.36    2 = FOG REDUCING VISIBILITY
HIGHEST:   102 ON  7    GRTST 24HR  0.44 ON 15-16      TO 1/4 MILE OR LESS
LOWEST:     31 ON 12                               3 = THUNDER
                        SNOW, ICE PELLETS, HAIL    4 = ICE PELLETS
                        TOTAL MONTH:  M            5 = HAIL
                        GRTST 24HR    M  ON   M    6 = FREEZING RAIN OR DRIZZLE
                        GRTST DEPTH:  M  ON   M    7 = DUSTSTORM OR SANDSTORM:
                                                       VSBY 1/2 MILE OR LESS
                                                   8 = SMOKE OR HAZE
[NO. OF DAYS WITH]      [WEATHER - DAYS WITH]      9 = BLOWING SNOW
                                                   X = TORNADO
MAX 32 OR BELOW:   0    0.01 INCH OR MORE:   7
MAX 90 OR ABOVE:  10    0.10 INCH OR MORE:   2
MIN 32 OR BELOW:   2    0.50 INCH OR MORE:   0
MIN  0 OR BELOW:   0    1.00 INCH OR MORE:   0

[HDD (BASE 65) ]
TOTAL THIS MO.    99    CLEAR  (SCALE 0-3)  22
DPTR FM NORMAL   -58    PTCLDY (SCALE 4-7)   4
TOTAL FM JUL 1   101    CLOUDY (SCALE 8-10)  1
DPTR FM NORMAL   -93

[CDD (BASE 65) ]
TOTAL THIS MO.    86
DPTR FM NORMAL    44    [PRESSURE DATA]
TOTAL FM JAN 1   800    HIGHEST SLP M ON M
DPTR FM NORMAL   241    LOWEST  SLP 29.66 ON  8

[REMARKS]
