000
CXUS56 KSGX 271045
CF6AJO
PRELIMINARY LOCAL CLIMATOLOGICAL DATA (WS FORM: F-6)

                                          STATION:   CORONA AIRPORT CA
                                          MONTH:     SEPTEMBER
                                          YEAR:      2022
                                          LATITUDE:   33 53 N
                                          LONGITUDE: 117-36 E

  TEMPERATURE IN F:       :PCPN:    SNOW:  WIND      :SUNSHINE: SKY     :PK WND
================================================================================
1   2   3   4   5  6A  6B    7    8   9   10  11  12  13   14  15   16   17  18
                                     12Z  AVG MX 2MIN
DY MAX MIN AVG DEP HDD CDD  WTR  SNW DPTH SPD SPD DIR MIN PSBL S-S WX    SPD DR
================================================================================

 1 103  76  90   M   0  25 0.00    M    M  5.8 15 260   M    M   0 8      22 280
 2 102  68  85   M   0  20 0.00    M    M  5.1 14 270   M    M   0        20 270
 3 105  73  89   M   0  24 0.00    M    M  5.5 15 280   M    M   0        27 260
 4 106  74  90   M   0  25 0.00    M    M  4.8 16 280   M    M   0        24 270
 5 102  71  87   M   0  22 0.00    M    M  6.8 17 290   M    M   0        22 280
 6 102  69  86   M   0  21 0.00    M    M  6.7 17 270   M    M   0        24 270
 7 105  70  88   M   0  23 0.00    M    M  4.9 14 270   M    M   0        20 270
 8 101  72  87   M   0  22 0.00    M    M  5.0 12 250   M    M   0 3      20 250
 9  93  71  82   M   0  17 0.06    M    M  8.3 21 100   M    M   4        31 100
10  82  70  76   M   0  11    T    M    M  4.4  8 290   M    M   6 1       M   M
11  92  71  82   M   0  17 0.08    M    M  3.9 15 150   M    M   5 3      24 150
12  89  71  80   M   0  15 0.00    M    M  5.0 13 270   M    M   3        20 270
13  87  68  78   M   0  13 0.00    M    M  5.2 14 280   M    M   4        22 260
14  85  62  74   M   0   9 0.00    M    M  5.7 18 270   M    M   0 1      23 270
15  84  61  73   M   0   8 0.00    M    M  4.8 15 290   M    M   3        20 280
16  85  56  71   M   0   6 0.00    M    M  4.8 16 290   M    M   0 1       M   M
17  82  57  70   M   0   5 0.00    M    M  4.6 12 260   M    M   2 1      18 270
18  82  59  71   M   0   6 0.00    M    M  5.4 16 280   M    M   4        21 270
19  85  57  71   M   0   6 0.00    M    M  5.0 13 270   M    M   3        18 270
20  87  57  72   M   0   7 0.00    M    M  5.2 13 290   M    M   2        20 270
21  85  56  71   M   0   6 0.00    M    M  3.7 12 280   M    M   0        17 270
22  91  51  71   M   0   6 0.00    M    M  3.4 13 270   M    M   0        18 270
23  95  55  75   M   0  10 0.00    M    M  5.0 15 280   M    M   0        21 280
24  95  60  78   M   0  13 0.00    M    M  5.4 16 290   M    M   0        22 280
25  95  58  77   M   0  12 0.00    M    M  4.8 15 280   M    M   0        21 290
26  96  61  79   M   0  14 0.00    M    M  4.9 17 290   M    M   0        20 280
================================================================================
SM 2416 1674         0 363  0.14    M    133.8          M       36
================================================================================
AV 92.9 64.4                               5.1 FASTST   M    M   1    MAX(MPH)
                                 MISC ---->    21 100                 31 100
================================================================================
NOTES:
# LAST OF SEVERAL OCCURRENCES

COLUMN 17 PEAK WIND IN M.P.H.

PRELIMINARY LOCAL CLIMATOLOGICAL DATA (WS FORM: F-6) , PAGE 2

                                          STATION:   CORONA AIRPORT CA
                                          MONTH:     SEPTEMBER
                                          YEAR:      2022
                                          LATITUDE:   33 53 N
                                          LONGITUDE: 117-36 E

[TEMPERATURE DATA]      [PRECIPITATION DATA]       SYMBOLS USED IN COLUMN 16

AVERAGE MONTHLY: 78.7   TOTAL FOR MONTH:   0.14    1 = FOG OR MIST
DPTR FM NORMAL:   0.0   DPTR FM NORMAL:    0.14    2 = FOG REDUCING VISIBILITY
HIGHEST:   106 ON  4    GRTST 24HR  0.08 ON 11-11      TO 1/4 MILE OR LESS
LOWEST:     51 ON 22                               3 = THUNDER
                        SNOW, ICE PELLETS, HAIL    4 = ICE PELLETS
                        TOTAL MONTH:  M            5 = HAIL
                        GRTST 24HR    M  ON   M    6 = FREEZING RAIN OR DRIZZLE
                        GRTST DEPTH:  M  ON   M    7 = DUSTSTORM OR SANDSTORM:
                                                       VSBY 1/2 MILE OR LESS
                                                   8 = SMOKE OR HAZE
[NO. OF DAYS WITH]      [WEATHER - DAYS WITH]      9 = BLOWING SNOW
                                                   X = TORNADO
MAX 32 OR BELOW:   0    0.01 INCH OR MORE:   2
MAX 90 OR ABOVE:  15    0.10 INCH OR MORE:   0
MIN 32 OR BELOW:   0    0.50 INCH OR MORE:   0
MIN  0 OR BELOW:   0    1.00 INCH OR MORE:   0

[HDD (BASE 65) ]
TOTAL THIS MO.     0    CLEAR  (SCALE 0-3)  21
DPTR FM NORMAL     M    PTCLDY (SCALE 4-7)   5
TOTAL FM JUL 1     0    CLOUDY (SCALE 8-10)  0
DPTR FM NORMAL     M

[CDD (BASE 65) ]
TOTAL THIS MO.   363
DPTR FM NORMAL     M    [PRESSURE DATA]
TOTAL FM JAN 1  1571    HIGHEST SLP M ON M
DPTR FM NORMAL     M    LOWEST  SLP M ON M

[REMARKS]
