000
CXAK56 PAFC 271037
CF6AKN
PRELIMINARY LOCAL CLIMATOLOGICAL DATA (WS FORM: F-6)

                                          STATION:   KING SALMON
                                          MONTH:     SEPTEMBER
                                          YEAR:      2022
                                          LATITUDE:   58 41 N
                                          LONGITUDE: 156 39 W

  TEMPERATURE IN F:       :PCPN:    SNOW:  WIND      :SUNSHINE: SKY     :PK WND
================================================================================
1   2   3   4   5  6A  6B    7    8   9   10  11  12  13   14  15   16   17  18
                                     12Z  AVG MX 2MIN
DY MAX MIN AVG DEP HDD CDD  WTR  SNW DPTH SPD SPD DIR MIN PSBL S-S WX    SPD DR
================================================================================

 1  56  44  50  -3  15   0 0.18    M    M 11.3 20 210   M    M   9 1      27 210
 2  56  38  47  -6  18   0 0.02    M    M  5.0 14  40   M    M   9 12     17  30
 3  66  34  50  -3  15   0    T    M    M  7.7 21 330   M    M   3 18     27 330
 4  65  35  50  -2  15   0 0.00    M    M  5.4 18 280   M    M   5 1      22 280
 5  52  42  47  -5  18   0 0.02    M    M  9.0 15 210   M    M   9 18     18 200
 6  57  46  52   0  13   0 0.04    M    M  8.5 16 200   M    M   9 1      21 200
 7  58  47  53   1  12   0 0.41    M    M  9.8 22 150   M    M  10 1      26 150
 8  55  45  50  -1  15   0 0.15    M    M 17.3 32 180   M    M   9 18     40 180
 9  53  45  49  -2  16   0 0.23    M    M 16.0 31 250   M    M   9 1      39 260
10  54  37  46  -5  19   0 0.24    M    M 10.3 20 160   M    M   9 1      24 170
11  54  50  52   2  13   0    M    M    M 17.7 25 160   M    M   9 1      33 150
12  56  48  52   2  13   0 0.19    M    M 11.5 25 150   M    M  10 18     32 150
13  55  48  52   2  13   0 0.62    M    M  9.1 16 240   M    M  10 1      21 250
14  59  47  53   4  12   0 0.31    M    M  8.4 21 250   M    M   9 1      25 250
15  54  48  51   2  14   0 0.13    M    M 14.0 24 240   M    M   9 1      33 230
16  60  47  54   5  11   0 0.56    M    M 13.5 28 170   M    M   8 1      35 170
17  57  42  50   2  15   0 0.00    M    M 11.8 23 220   M    M   7 1      30 210
18  52  38  45  -3  20   0 0.21    M    M  5.4 12  60   M    M   8 18     15  90
19  57  39  48   0  17   0 0.59    M    M  7.2 17 250   M    M   8 1      23 270
20  56  39  48   1  17   0 0.02    M    M  5.4 17 350   M    M   8        25 340
21  50  30  40  -7  25   0 0.04    M    M  6.2 16 230   M    M   7 1      19 230
22  52  44  48   2  17   0 0.09    M    M  7.8 16 230   M    M  10 1      20 240
23  52  37  45  -1  20   0 0.01    M    M  9.5 21 220   M    M   5        27 220
24  53  37  45  -1  20   0 0.05    M    M  8.7 25 150   M    M   8 18     34 160
25  50  31  41  -4  24   0 0.08    M    M  6.4 16 160   M    M   7 1      21 150
26  48  34  41  -4  24   0 0.01    M    M  6.6 17 250   M    M   8 1      21 240
================================================================================
SM 1437 1072       431   0  4.20    M    249.5          M      212
================================================================================
AV 55.3 41.2                               9.6 FASTST   M    M   8    MAX(MPH)
                                 MISC ---->    32 180                 40 180
================================================================================
NOTES:
# LAST OF SEVERAL OCCURRENCES

COLUMN 17 PEAK WIND IN M.P.H.

PRELIMINARY LOCAL CLIMATOLOGICAL DATA (WS FORM: F-6) , PAGE 2

                                          STATION:   KING SALMON
                                          MONTH:     SEPTEMBER
                                          YEAR:      2022
                                          LATITUDE:   58 41 N
                                          LONGITUDE: 156 39 W

[TEMPERATURE DATA]      [PRECIPITATION DATA]       SYMBOLS USED IN COLUMN 16

AVERAGE MONTHLY: 48.3   TOTAL FOR MONTH:   4.20    1 = FOG OR MIST
DPTR FM NORMAL:  -1.1   DPTR FM NORMAL:    1.23    2 = FOG REDUCING VISIBILITY
HIGHEST:    66 ON  3    GRTST 24HR  0.89 ON 13-14      TO 1/4 MILE OR LESS
LOWEST:     30 ON 21                               3 = THUNDER
                        SNOW, ICE PELLETS, HAIL    4 = ICE PELLETS
                        TOTAL MONTH:  M            5 = HAIL
                        GRTST 24HR    M  ON   M    6 = FREEZING RAIN OR DRIZZLE
                        GRTST DEPTH:  M  ON   M    7 = DUSTSTORM OR SANDSTORM:
                                                       VSBY 1/2 MILE OR LESS
                                                   8 = SMOKE OR HAZE
[NO. OF DAYS WITH]      [WEATHER - DAYS WITH]      9 = BLOWING SNOW
                                                   X = TORNADO
MAX 32 OR BELOW:   0    0.01 INCH OR MORE:  22
MAX 90 OR ABOVE:   0    0.10 INCH OR MORE:  12
MIN 32 OR BELOW:   2    0.50 INCH OR MORE:   3
MIN  0 OR BELOW:   0    1.00 INCH OR MORE:   0

[HDD (BASE 65) ]
TOTAL THIS MO.   431    CLEAR  (SCALE 0-3)   0
DPTR FM NORMAL    25    PTCLDY (SCALE 4-7)   9
TOTAL FM JUL 1   991    CLOUDY (SCALE 8-10) 17
DPTR FM NORMAL    36

[CDD (BASE 65) ]
TOTAL THIS MO.     0
DPTR FM NORMAL     0    [PRESSURE DATA]
TOTAL FM JAN 1     0    HIGHEST SLP M ON M
DPTR FM NORMAL    -3    LOWEST  SLP 29.22 ON 22

[REMARKS]
