000
CXUS55 KBOU 260900
CF6AKO
PRELIMINARY LOCAL CLIMATOLOGICAL DATA (WS FORM: F-6)

                                          STATION:   AKRON CO
                                          MONTH:     SEPTEMBER
                                          YEAR:      2022
                                          LATITUDE:   40 10 N
                                          LONGITUDE: 103 13 W

  TEMPERATURE IN F:       :PCPN:    SNOW:  WIND      :SUNSHINE: SKY     :PK WND
================================================================================
1   2   3   4   5  6A  6B    7    8   9   10  11  12  13   14  15   16   17  18
                                     12Z  AVG MX 2MIN
DY MAX MIN AVG DEP HDD CDD  WTR  SNW DPTH SPD SPD DIR MIN PSBL S-S WX    SPD DR
================================================================================

 1  93  60  77   8   0  12 0.00    M    M  8.7 16 260   M    M   0        22 190
 2  96  65  81  12   0  16 0.00    M    M 10.7 25  70   M    M   0        33  70
 3  88  56  72   3   0   7 0.00    M    M  8.7 20 120   M    M   0        26 120
 4  94  57  76   7   0  11 0.00    M    M 10.6 18 170   M    M   0        28 190
 5  97  64  81  13   0  16 0.00    M    M 12.9 18 180   M    M   0        26 210
 6 103  69  86  18   0  21 0.00    M    M 11.6 18 150   M    M   0        27 210
 7 100  57  79  11   0  14 0.00    M    M 11.5 20 150   M    M   0        29 160
 8 102  60  81  14   0  16 0.00    M    M 13.2 35  20   M    M   0 8      47  20
 9  63  50  57 -10   8   0    T    M    M 15.4 30  50   M    M   7 1      40  50
10  53  42  48 -19  17   0 0.03    M    M  8.9 17  70   M    M   8 1      22  70
11  78  39  59  -7   6   0 0.00    M    M  6.5 13 230   M    M   0        16 260
12  91  48  70   4   0   5 0.00    M    M  8.0 16 260   M    M   0        21 300
13  91  51  71   5   0   6 0.00    M    M 10.9 22 170   M    M   0        32 170
14  87  59  73   8   0   8 0.13    M    M 14.8 28 200   M    M   3 13     40 180
15  81  55  68   3   0   3 0.05    M    M  8.4 24  10   M    M   3 13     33  20
16  85  50  68   4   0   3    T    M    M  8.4 23 320   M    M   2 3      33 290
17  82  54  68   4   0   3 0.00    M    M 10.8 20 120   M    M   1        31 110
18  83  48  66   3   0   1 0.00    M    M  8.2 18 100   M    M   3 1      25 130
19  92  50  71   8   0   6 0.00    M    M  8.0 17 270   M    M   1 12     21 270
20  94  57  76  14   0  11 0.00    M    M 10.5 20  90   M    M   0        26  90
21  66  46  56  -6   9   0 0.25    M    M 11.7 25  40   M    M   8 18     35  50
22  51  44  48 -14  17   0 0.20    M    M 13.7 24 140   M    M   9 1      34 150
23  80  46  63   2   2   0 0.00    M    M  9.3 18  10   M    M   1 18     27 280
24  82  45  64   3   1   0 0.00    M    M  9.7 22 330   M    M   0        37 320
25  74  43  59  -1   6   0 0.00    M    M  6.3 12 190   M    M   0        18  10
================================================================================
SM 2106 1315        66 159  0.66    M    257.4          M       46
================================================================================
AV 84.2 52.6                              10.3 FASTST   M    M   2    MAX(MPH)
                                 MISC ---->    35  20                 47  20
================================================================================
NOTES:
# LAST OF SEVERAL OCCURRENCES

COLUMN 17 PEAK WIND IN M.P.H.

PRELIMINARY LOCAL CLIMATOLOGICAL DATA (WS FORM: F-6) , PAGE 2

                                          STATION:   AKRON CO
                                          MONTH:     SEPTEMBER
                                          YEAR:      2022
                                          LATITUDE:   40 10 N
                                          LONGITUDE: 103 13 W

[TEMPERATURE DATA]      [PRECIPITATION DATA]       SYMBOLS USED IN COLUMN 16

AVERAGE MONTHLY: 68.4   TOTAL FOR MONTH:   0.66    1 = FOG OR MIST
DPTR FM NORMAL:   3.2   DPTR FM NORMAL:   -0.38    2 = FOG REDUCING VISIBILITY
HIGHEST:   103 ON  6    GRTST 24HR  0.45 ON 21-22      TO 1/4 MILE OR LESS
LOWEST:     39 ON 11                               3 = THUNDER
                        SNOW, ICE PELLETS, HAIL    4 = ICE PELLETS
                        TOTAL MONTH:  M            5 = HAIL
                        GRTST 24HR    M  ON   M    6 = FREEZING RAIN OR DRIZZLE
                        GRTST DEPTH:  M  ON   M    7 = DUSTSTORM OR SANDSTORM:
                                                       VSBY 1/2 MILE OR LESS
                                                   8 = SMOKE OR HAZE
[NO. OF DAYS WITH]      [WEATHER - DAYS WITH]      9 = BLOWING SNOW
                                                   X = TORNADO
MAX 32 OR BELOW:   0    0.01 INCH OR MORE:   5
MAX 90 OR ABOVE:  11    0.10 INCH OR MORE:   3
MIN 32 OR BELOW:   0    0.50 INCH OR MORE:   0
MIN  0 OR BELOW:   0    1.00 INCH OR MORE:   0

[HDD (BASE 65) ]
TOTAL THIS MO.    66    CLEAR  (SCALE 0-3)  21
DPTR FM NORMAL   -16    PTCLDY (SCALE 4-7)   3
TOTAL FM JUL 1    66    CLOUDY (SCALE 8-10)  1
DPTR FM NORMAL   -34

[CDD (BASE 65) ]
TOTAL THIS MO.   159
DPTR FM NORMAL    70    [PRESSURE DATA]
TOTAL FM JAN 1  1144    HIGHEST SLP M ON M
DPTR FM NORMAL   335    LOWEST  SLP 29.56 ON  8

[REMARKS]
