000
CXUS54 KBMX 281010
CF6ANB
PRELIMINARY LOCAL CLIMATOLOGICAL DATA (WS FORM: F-6)

                                          STATION:   ANNISTON
                                          MONTH:     SEPTEMBER
                                          YEAR:      2022
                                          LATITUDE:   33 35 N
                                          LONGITUDE:  85 51 W

  TEMPERATURE IN F:       :PCPN:    SNOW:  WIND      :SUNSHINE: SKY     :PK WND
================================================================================
1   2   3   4   5  6A  6B    7    8   9   10  11  12  13   14  15   16   17  18
                                     12Z  AVG MX 2MIN
DY MAX MIN AVG DEP HDD CDD  WTR  SNW DPTH SPD SPD DIR MIN PSBL S-S WX    SPD DR
================================================================================

 1  91  63  77  -1   0  12 0.00  0.0    0  3.6  8 110   M    M   0        12 100
 2  89  72  81   3   0  16 0.00  0.0    0  5.5 10 140   M    M   1        14  70
 3  89  72  81   3   0  16 0.00  0.0    0  5.3 12 160   M    M   4 3      16 150
 4  83  72  78   0   0  13 0.85  0.0    0  4.3 15 250   M    M   9 1      17 250
 5  83  72  78   1   0  13 0.49  0.0    0  2.9 17 290   M    M   6 1      24 300
 6  88  71  80   3   0  15 0.02  0.0    0  2.4 10 260   M    M   4 1      13  10
 7  86  69  78   1   0  13 0.03  0.0    0  4.2 20 360   M    M   2        26  20
 8  86  67  77   0   0  12    T  0.0    0  5.0 13 130   M    M   2        18 130
 9  80  69  75  -1   0  10 0.19  0.0    0  6.9 18  70   M    M   7 1      23  70
10  81  68  75  -1   0  10 0.01  0.0    0  5.4 10 100   M    M   9 1      13 110
11  87  70  79   3   0  14 0.24  0.0    0  2.8 16 270   M    M   6 13     24 280
12  82  57  70  -6   0   5 0.01  0.0    0  3.7 10 240   M    M   5 1      13  10
13  82  52  67  -9   0   2 0.00  0.0    0  2.0 14  10   M    M   2 12     20  10
14  84  56  70  -5   0   5 0.00  0.0    0  2.5 13  10   M    M   0        18  50
15  85  61  73  -2   0   8 0.00  0.0    0  3.2  9 100   M    M   2        12 120
16  83  60  72  -3   0   7 0.00  0.0    0  4.5 10  80   M    M   2        15  80
17  85  61  73  -1   0   8 0.00  0.0    0  4.3 10  70   M    M   2        15 100
18  86  63  75   1   0  10 0.00  0.0    0  3.9 10  60   M    M   1        14  70
19  88  61  75   1   0  10 0.00  0.0    0  3.4 13  10   M    M   0        16 360
20  94  64  79   5   0  14 0.00  0.0    0  2.6 13  10   M    M   1 1      17  10
21  93  66  80   7   0  15 0.00  0.0    0  2.5  8 140   M    M   2 12     11 110
22  95  65  80   7   0  15 0.00  0.0    0  6.0 15  10   M    M   1 1      22  20
23  81  58  70  -3   0   5 0.00  0.0    0  4.8 12  90   M    M   0        17  50
24  84  52  68  -4   0   3 0.00  0.0    0  2.3  8 100   M    M   0        11 360
25  82  61  72   0   0   7    T  0.0    0  2.4 13 250   M    M   2 1      18 250
26  84  53  69  -3   0   4 0.00  0.0    0  5.2 15 360   M    M   2 12     22 360
27  76  44  60 -11   5   0 0.00  0.0    0  4.5 17  10   M    M   0        25  40
================================================================================
SM 2307 1699         5 262  1.84  0.0    106.1          M       72
================================================================================
AV 85.4 62.9                               3.9 FASTST   M    M   3    MAX(MPH)
                                 MISC ---->    20 360                 26  20
================================================================================
NOTES:
# LAST OF SEVERAL OCCURRENCES

COLUMN 17 PEAK WIND IN M.P.H.

PRELIMINARY LOCAL CLIMATOLOGICAL DATA (WS FORM: F-6) , PAGE 2

                                          STATION:   ANNISTON
                                          MONTH:     SEPTEMBER
                                          YEAR:      2022
                                          LATITUDE:   33 35 N
                                          LONGITUDE:  85 51 W

[TEMPERATURE DATA]      [PRECIPITATION DATA]       SYMBOLS USED IN COLUMN 16

AVERAGE MONTHLY: 74.2   TOTAL FOR MONTH:   1.84    1 = FOG OR MIST
DPTR FM NORMAL:  -0.9   DPTR FM NORMAL:   -0.94    2 = FOG REDUCING VISIBILITY
HIGHEST:    95 ON 22    GRTST 24HR  1.21 ON  4- 5      TO 1/4 MILE OR LESS
LOWEST:     44 ON 27                               3 = THUNDER
                        SNOW, ICE PELLETS, HAIL    4 = ICE PELLETS
                        TOTAL MONTH:   0.0 INCH    5 = HAIL
                        GRTST 24HR  0.0            6 = FREEZING RAIN OR DRIZZLE
                        GRTST DEPTH:  0            7 = DUSTSTORM OR SANDSTORM:
                                                       VSBY 1/2 MILE OR LESS
                                                   8 = SMOKE OR HAZE
[NO. OF DAYS WITH]      [WEATHER - DAYS WITH]      9 = BLOWING SNOW
                                                   X = TORNADO
MAX 32 OR BELOW:   0    0.01 INCH OR MORE:   8
MAX 90 OR ABOVE:   4    0.10 INCH OR MORE:   4
MIN 32 OR BELOW:   0    0.50 INCH OR MORE:   1
MIN  0 OR BELOW:   0    1.00 INCH OR MORE:   0

[HDD (BASE 65) ]
TOTAL THIS MO.     5    CLEAR  (SCALE 0-3)  19
DPTR FM NORMAL     4    PTCLDY (SCALE 4-7)   6
TOTAL FM JUL 1     5    CLOUDY (SCALE 8-10)  2
DPTR FM NORMAL     4

[CDD (BASE 65) ]
TOTAL THIS MO.   262
DPTR FM NORMAL   -14    [PRESSURE DATA]
TOTAL FM JAN 1  1990    HIGHEST SLP M ON M
DPTR FM NORMAL   134    LOWEST  SLP 29.73 ON  8

[REMARKS]
