000
CXUS51 KCTP 260800
CF6AOO
PRELIMINARY LOCAL CLIMATOLOGICAL DATA (WS FORM: F-6)

                                          STATION:   ALTOONA
                                          MONTH:     SEPTEMBER
                                          YEAR:      2022
                                          LATITUDE:   40 17 N
                                          LONGITUDE:  78 19 W

  TEMPERATURE IN F:       :PCPN:    SNOW:  WIND      :SUNSHINE: SKY     :PK WND
================================================================================
1   2   3   4   5  6A  6B    7    8   9   10  11  12  13   14  15   16   17  18
                                     12Z  AVG MX 2MIN
DY MAX MIN AVG DEP HDD CDD  WTR  SNW DPTH SPD SPD DIR MIN PSBL S-S WX    SPD DR
================================================================================

 1  81  56  69   1   0   4 0.00    M    M  6.8 14 300   M    M   1        20 330
 2  80  52  66  -2   0   1 0.00    M    M  2.6 10 170   M    M   1 1      13 160
 3  83  65  74   6   0   9 0.00    M    M  3.8  9 170   M    M   2        14 180
 4  87  63  75   8   0  10 0.11    M    M  2.5 13 300   M    M   5 123    18 310
 5  73  67  70   3   0   5 0.62    M    M  2.2 10 200   M    M  10 1      17 200
 6  81  66  74   7   0   9 0.10    M    M  2.0 12  10   M    M   8 13     16  10
 7  76  65  71   4   0   6 0.37    M    M  3.1  9  30   M    M  10 138    13 110
 8  76  59  68   2   0   3 0.02    M    M  2.1  8 360   M    M   6 1      12  20
 9  80  56  68   2   0   3 0.00    M    M  2.9  9 150   M    M   5 12     14 160
10  72  53  63  -3   2   0 0.02    M    M  2.7  9 160   M    M   2        16 180
11  72  64  68   3   0   3 0.47    M    M  2.3  7 160   M    M  10 1      10 130
12  79  62  71   6   0   6 0.15    M    M  2.9 17 280   M    M   9 123    24 280
13  74  54  64  -1   1   0 0.01    M    M  5.2 16 260   M    M   4 1      23 270
14  73  51  62  -2   3   0 0.00    M    M  5.8 15 330   M    M   3        19 320
15  75  51  63  -1   2   0 0.00    M    M  3.5 10  20   M    M   3 1      15  10
16  78  47  63  -1   2   0 0.00    M    M  1.8 10 310   M    M   1 1      14 310
17  78  51  65   2   0   0 0.00    M    M  3.9 12 170   M    M   5 12     19 160
18  83  56  70   7   0   5 0.00    M    M  4.0 13 260   M    M   3 12     18 290
19  75  58  67   4   0   2 0.14    M    M  5.3 12 270   M    M   4 1      16 210
20  78  55  67   5   0   2 0.00    M    M  5.5 16 300   M    M   2 1      22 280
21  81  53  67   5   0   2    T    M    M  5.0 10 200   M    M   2 1      17 230
22  75  50  63   1   2   0 0.15    M    M 12.4 25 300   M    M   7 1      37 320
23  62  42  52  -9  13   0 0.00    M    M  9.6 17 320   M    M   2        27 300
24  69  42  56  -5   9   0 0.00    M    M  2.5  9 200   M    M   3        13 230
25  74  49  62   2   3   0 0.07    M    M  7.8 21 260   M    M   7 1      31 240
================================================================================
SM 1915 1387        37  70  2.23    M    108.2          M      115
================================================================================
AV 76.6 55.5                               4.3 FASTST   M    M   5    MAX(MPH)
                                 MISC ---->    25 300                 37 320
================================================================================
NOTES:
# LAST OF SEVERAL OCCURRENCES

COLUMN 17 PEAK WIND IN M.P.H.

PRELIMINARY LOCAL CLIMATOLOGICAL DATA (WS FORM: F-6) , PAGE 2

                                          STATION:   ALTOONA
                                          MONTH:     SEPTEMBER
                                          YEAR:      2022
                                          LATITUDE:   40 17 N
                                          LONGITUDE:  78 19 W

[TEMPERATURE DATA]      [PRECIPITATION DATA]       SYMBOLS USED IN COLUMN 16

AVERAGE MONTHLY: 66.0   TOTAL FOR MONTH:   2.23    1 = FOG OR MIST
DPTR FM NORMAL:   1.5   DPTR FM NORMAL:   -1.10    2 = FOG REDUCING VISIBILITY
HIGHEST:    87 ON  4    GRTST 24HR  0.68 ON  4- 5      TO 1/4 MILE OR LESS
LOWEST:     42 ON 24,23                             3 = THUNDER
                        SNOW, ICE PELLETS, HAIL    4 = ICE PELLETS
                        TOTAL MONTH:  M            5 = HAIL
                        GRTST 24HR    M  ON   M    6 = FREEZING RAIN OR DRIZZLE
                        GRTST DEPTH:  M  ON   M    7 = DUSTSTORM OR SANDSTORM:
                                                       VSBY 1/2 MILE OR LESS
                                                   8 = SMOKE OR HAZE
[NO. OF DAYS WITH]      [WEATHER - DAYS WITH]      9 = BLOWING SNOW
                                                   X = TORNADO
MAX 32 OR BELOW:   0    0.01 INCH OR MORE:  12
MAX 90 OR ABOVE:   0    0.10 INCH OR MORE:   8
MIN 32 OR BELOW:   0    0.50 INCH OR MORE:   1
MIN  0 OR BELOW:   0    1.00 INCH OR MORE:   0

[HDD (BASE 65) ]
TOTAL THIS MO.    37    CLEAR  (SCALE 0-3)  12
DPTR FM NORMAL   -38    PTCLDY (SCALE 4-7)   9
TOTAL FM JUL 1    41    CLOUDY (SCALE 8-10)  4
DPTR FM NORMAL   -50

[CDD (BASE 65) ]
TOTAL THIS MO.    70
DPTR FM NORMAL     7    [PRESSURE DATA]
TOTAL FM JAN 1   767    HIGHEST SLP M ON M
DPTR FM NORMAL    91    LOWEST  SLP 29.59 ON 25

[REMARKS]
