000
CXUS55 KBOU 280900
CF6APA
PRELIMINARY LOCAL CLIMATOLOGICAL DATA (WS FORM: F-6)

                                          STATION:   CENTENNIAL CO
                                          MONTH:     SEPTEMBER
                                          YEAR:      2022
                                          LATITUDE:   39 33 N
                                          LONGITUDE: 104 51 W

  TEMPERATURE IN F:       :PCPN:    SNOW:  WIND      :SUNSHINE: SKY     :PK WND
================================================================================
1   2   3   4   5  6A  6B    7    8   9   10  11  12  13   14  15   16   17  18
                                     12Z  AVG MX 2MIN
DY MAX MIN AVG DEP HDD CDD  WTR  SNW DPTH SPD SPD DIR MIN PSBL S-S WX    SPD DR
================================================================================

 1  89  56  73   5   0   8 0.00    M    M  5.7 17 360   M    M   2        23 200
 2  90  58  74   6   0   9 0.38    M    M  8.1 32  90   M    M   4 3      47 300
 3  85  60  73   6   0   8 0.00    M    M 10.1 22 210   M    M   2        30 220
 4  91  56  74   7   0   9 0.00    M    M  6.0 17 170   M    M   1        24 180
 5  93  61  77  10   0  12 0.00    M    M  8.3 16 170   M    M   1        23 170
 6  95  60  78  12   0  13 0.00    M    M  5.1 14 170   M    M   1        18 180
 7  94  60  77  11   0  12 0.00    M    M  8.6 21 170   M    M   2        29 170
 8  95  67  81  15   0  16    T    M    M  7.9 29 350   M    M   4        39 360
 9  69  51  60  -6   5   0    T    M    M  8.9 31 350   M    M   8 1      40 350
10  51  45  48 -17  17   0 0.31    M    M  6.0 14  30   M    M   9 1      20  20
11  75  39  57  -8   8   0 0.00    M    M  3.5  9 220   M    M   3 12     13 350
12  85  47  66   2   0   1 0.00    M    M  3.9 10  20   M    M   2        15  70
13  86  49  68   4   0   3 0.00    M    M  8.9 23 170   M    M   5        31 160
14  79  54  67   3   0   2 0.24    M    M  8.0 32 230   M    M   7 13     45 230
15  75  52  64   1   1   0    T    M    M  5.3 16 130   M    M   6        23 110
16  80  49  65   2   0   0 0.00    M    M  6.6 22 350   M    M   3        29  10
17  81  48  65   2   0   0    T    M    M  8.5 24 190   M    M   4        36 200
18  84  49  67   5   0   2 0.00    M    M  7.5 20  90   M    M   1        28  90
19  87  51  69   7   0   4 0.00    M    M  4.5 15 360   M    M   3        23 120
20  89  55  72  11   0   7 0.00    M    M  5.8 18 110   M    M   5        26 100
21  66  48  57  -4   8   0 0.09    M    M  6.4 12 110   M    M   9 1      16  10
22  65  48  57  -3   8   0 0.04    M    M  4.4 15 330   M    M   8 12     18 330
23  79  46  63   3   2   0 0.00    M    M  6.6 18 320   M    M   2 1      27 310
24  80  45  63   3   2   0 0.00    M    M  5.4 14 360   M    M   1        19  10
25  75  43  59   0   6   0 0.00    M    M  6.0 16 350   M    M   1        24 350
26  80  45  63   4   2   0 0.00    M    M  5.3 13  20   M    M   1        19  50
27  75  47  61   3   4   0 0.00    M    M  5.4 24 200   M    M   5        32 200
================================================================================
SM 2193 1389        63 106  1.06    M    176.7          M      100
================================================================================
AV 81.2 51.4                               6.5 FASTST   M    M   4    MAX(MPH)
                                 MISC ---->  # 32  90                 47 300
================================================================================
NOTES:
# LAST OF SEVERAL OCCURRENCES

COLUMN 17 PEAK WIND IN M.P.H.

PRELIMINARY LOCAL CLIMATOLOGICAL DATA (WS FORM: F-6) , PAGE 2

                                          STATION:   CENTENNIAL CO
                                          MONTH:     SEPTEMBER
                                          YEAR:      2022
                                          LATITUDE:   39 33 N
                                          LONGITUDE: 104 51 W

[TEMPERATURE DATA]      [PRECIPITATION DATA]       SYMBOLS USED IN COLUMN 16

AVERAGE MONTHLY: 66.3   TOTAL FOR MONTH:   1.06    1 = FOG OR MIST
DPTR FM NORMAL:   2.9   DPTR FM NORMAL:   -0.12    2 = FOG REDUCING VISIBILITY
HIGHEST:    95 ON  8, 6  GRTST 24HR  0.38 ON  2- 2      TO 1/4 MILE OR LESS
LOWEST:     39 ON 11                               3 = THUNDER
                        SNOW, ICE PELLETS, HAIL    4 = ICE PELLETS
                        TOTAL MONTH:  M            5 = HAIL
                        GRTST 24HR    M  ON   M    6 = FREEZING RAIN OR DRIZZLE
                        GRTST DEPTH:  M  ON   M    7 = DUSTSTORM OR SANDSTORM:
                                                       VSBY 1/2 MILE OR LESS
                                                   8 = SMOKE OR HAZE
[NO. OF DAYS WITH]      [WEATHER - DAYS WITH]      9 = BLOWING SNOW
                                                   X = TORNADO
MAX 32 OR BELOW:   0    0.01 INCH OR MORE:   5
MAX 90 OR ABOVE:   6    0.10 INCH OR MORE:   3
MIN 32 OR BELOW:   0    0.50 INCH OR MORE:   0
MIN  0 OR BELOW:   0    1.00 INCH OR MORE:   0

[HDD (BASE 65) ]
TOTAL THIS MO.    63    CLEAR  (SCALE 0-3)  14
DPTR FM NORMAL   -39    PTCLDY (SCALE 4-7)  11
TOTAL FM JUL 1    64    CLOUDY (SCALE 8-10)  2
DPTR FM NORMAL   -56

[CDD (BASE 65) ]
TOTAL THIS MO.   106
DPTR FM NORMAL    44    [PRESSURE DATA]
TOTAL FM JAN 1   873    HIGHEST SLP M ON M
DPTR FM NORMAL   239    LOWEST  SLP 29.65 ON  8

[REMARKS]
