000
CXUS53 KAPX 280730
CF6APX
PRELIMINARY LOCAL CLIMATOLOGICAL DATA (WS FORM: F-6)

                                          STATION:   GAYLORD  WFO
                                          MONTH:     SEPTEMBER
                                          YEAR:      2022
                                          LATITUDE:   45  4 N
                                          LONGITUDE:  84 43 W

  TEMPERATURE IN F:       :PCPN:    SNOW:  WIND      :SUNSHINE: SKY     :PK WND
================================================================================
1   2   3   4   5  6A  6B    7    8   9   10  11  12  13   14  15   16   17  18
                                     12Z  AVG MX 2MIN
DY MAX MIN AVG DEP HDD CDD  WTR  SNW DPTH SPD SPD DIR MIN PSBL S-S WX    SPD DR
================================================================================

 1  81  47  64   0   1   0 0.00  0.0    0    M  M   M   M    M   M         M   M
 2  86  63  75  12   0  10    T  0.0    0    M  M   M   M    M   M         M   M
 3  72  57  65   2   0   0 0.03  0.0    0    M  M   M   M    M   M         M   M
 4  68  48  58  -5   7   0 0.00  0.0    0    M  M   M   M    M   M         M   M
 5  73  48  61  -1   4   0 0.00  0.0    0    M  M   M   M    M   M         M   M
 6  77  48  63   1   2   0 0.00  0.0    0    M  M   M   M    M   M         M   M
 7  78  49  64   2   1   0 0.00  0.0    0    M  M   M   M    M   M         M   M
 8  82  54  68   6   0   3 0.00  0.0    0    M  M   M   M    M   M 1       M   M
 9  83  59  71  10   0   6 0.00  0.0    0    M  M   M   M    M   M         M   M
10  84  59  72  11   0   7 0.00  0.0    0    M  M   M   M    M   M         M   M
11  64  57  61   0   4   0 0.45  0.0    0    M  M   M   M    M   M 1       M   M
12  64  58  61   1   4   0 1.10  0.0    0    M  M   M   M    M   M 1       M   M
13  72  57  65   5   0   0 0.08  0.0    0    M  M   M   M    M   M         M   M
14  65  47  56  -4   9   0 0.00  0.0    0    M  M   M   M    M   M         M   M
15  69  45  57  -2   8   0 0.00  0.0    0    M  M   M   M    M   M         M   M
16  81  58  70  11   0   5 0.00  0.0    0    M  M   M   M    M   M         M   M
17  80  61  71  13   0   6 0.06  0.0    0    M  M   M   M    M   M         M   M
18  80  64  72  14   0   7 0.01  0.0    0    M  M   M   M    M   M         M   M
19  71  58  65   7   0   0    T  0.0    0    M  M   M   M    M   M         M   M
20  77  56  67  10   0   2 0.00  0.0    0    M  M   M   M    M   M         M   M
21  72  50  61   4   4   0    T  0.0    0    M  M   M   M    M   M         M   M
22  53  37  45 -11  20   0 0.21  0.0    0    M  M   M   M    M   M         M   M
23  61  34  48  -8  17   0 0.00  0.0    0    M  M   M   M    M   M         M   M
24  51  46  49  -7  16   0 0.03  0.0    0    M  M   M   M    M   M         M   M
25  53  48  51  -4  14   0 0.43  0.0    0    M  M   M   M    M   M         M   M
26  56  46  51  -4  14   0 0.52  0.0    0    M  M   M   M    M   M         M   M
27  51  42  47  -7  18   0 0.24  0.0    0    M  M   M   M    M   M         M   M
================================================================================
SM 1904 1396       143  46  3.16  0.0        M          M        M
================================================================================
AV 70.5 51.7                                 M FASTST   M    M   M    MAX(MPH)
                                 MISC ---->     M   M                  M   M
================================================================================
NOTES:
# LAST OF SEVERAL OCCURRENCES

COLUMN 17 PEAK WIND IN M.P.H.

PRELIMINARY LOCAL CLIMATOLOGICAL DATA (WS FORM: F-6) , PAGE 2

                                          STATION:   GAYLORD  WFO
                                          MONTH:     SEPTEMBER
                                          YEAR:      2022
                                          LATITUDE:   45  4 N
                                          LONGITUDE:  84 43 W

[TEMPERATURE DATA]      [PRECIPITATION DATA]       SYMBOLS USED IN COLUMN 16

AVERAGE MONTHLY: 61.1   TOTAL FOR MONTH:   3.16    1 = FOG OR MIST
DPTR FM NORMAL:   1.8   DPTR FM NORMAL:   -0.09    2 = FOG REDUCING VISIBILITY
HIGHEST:    86 ON  2    GRTST 24HR  1.10 ON 12-12      TO 1/4 MILE OR LESS
LOWEST:     34 ON 23                               3 = THUNDER
                        SNOW, ICE PELLETS, HAIL    4 = ICE PELLETS
                        TOTAL MONTH:   0.0 INCH    5 = HAIL
                        GRTST 24HR  0.0            6 = FREEZING RAIN OR DRIZZLE
                        GRTST DEPTH:  0            7 = DUSTSTORM OR SANDSTORM:
                                                       VSBY 1/2 MILE OR LESS
                                                   8 = SMOKE OR HAZE
[NO. OF DAYS WITH]      [WEATHER - DAYS WITH]      9 = BLOWING SNOW
                                                   X = TORNADO
MAX 32 OR BELOW:   0    0.01 INCH OR MORE:  11
MAX 90 OR ABOVE:   0    0.10 INCH OR MORE:   6
MIN 32 OR BELOW:   0    0.50 INCH OR MORE:   2
MIN  0 OR BELOW:   0    1.00 INCH OR MORE:   1

[HDD (BASE 65) ]
TOTAL THIS MO.   143    CLEAR  (SCALE 0-3)   0
DPTR FM NORMAL   -42    PTCLDY (SCALE 4-7)   0
TOTAL FM JUL 1   189    CLOUDY (SCALE 8-10) 27
DPTR FM NORMAL  -105

[CDD (BASE 65) ]
TOTAL THIS MO.    46
DPTR FM NORMAL    13    [PRESSURE DATA]
TOTAL FM JAN 1   350    HIGHEST SLP M ON M
DPTR FM NORMAL    29    LOWEST  SLP M ON M

[REMARKS]
