000
CXUS54 KEWX 281010
CF6AQO
PRELIMINARY LOCAL CLIMATOLOGICAL DATA (WS FORM: F-6)

                                          STATION:   LLANO MUNICIPAL AIRPORT
                                          MONTH:     SEPTEMBER
                                          YEAR:      2022
                                          LATITUDE:   30 47 N
                                          LONGITUDE:  98 40 W

  TEMPERATURE IN F:       :PCPN:    SNOW:  WIND      :SUNSHINE: SKY     :PK WND
================================================================================
1   2   3   4   5  6A  6B    7    8   9   10  11  12  13   14  15   16   17  18
                                     12Z  AVG MX 2MIN
DY MAX MIN AVG DEP HDD CDD  WTR  SNW DPTH SPD SPD DIR MIN PSBL S-S WX    SPD DR
================================================================================

 1  88  72  80   M   0  15 0.00    M    M  2.5 10  70   M    M   6        22  70
 2  88  73  81   M   0  16 0.00    M    M  3.4  7 170   M    M   5 13     17 170
 3  88  70  79   M   0  14 0.00    M    M  2.2  8  30   M    M   4 1       M   M
 4  93  68  81   M   0  16 0.00    M    M  5.0 22  90   M    M   4 13     30  90
 5  91  66  79   M   0  14 0.00    M    M  1.8  7 310   M    M   3        13  99
 6  93  70  82   M   0  17 0.00    M    M  2.9  9  90   M    M   1        18  90
 7  93  72  83   M   0  18 0.00    M    M  2.9  8  40   M    M   4        12   0
 8  91  68  80   M   0  15 0.00    M    M  2.3 10  50   M    M   4        13  50
 9  93  68  81   M   0  16 0.00    M    M  2.5  7  99   M    M   4        12   0
10  91  68  80   M   0  15 0.00    M    M  2.2  7  60   M    M   6        13 100
11  88  70  79   M   0  14 0.00    M    M  5.8 10  20   M    M   4        21  20
12  88  64  76   M   0  11 0.00    M    M  1.3  5 350   M    M   1         M   M
13  93  66  80   M   0  15 0.00    M    M  2.8 14 110   M    M   4        21 110
14  91  66  79   M   0  14 0.00    M    M  3.5  9 130   M    M   5        18 130
15  90  59  75   M   0  10 0.00    M    M  4.5  9 110   M    M   4        16 130
16  93  70  82   M   0  17 0.00    M    M  3.8 10 200   M    M   6        15   0
17  95  72  84   M   0  19 0.00    M    M  5.3 14 200   M    M   5        20 200
18  97  68  83   M   0  18 0.00    M    M  4.4  9 150   M    M   3        18 170
19  95  68  82   M   0  17 0.00    M    M  2.5  7 120   M    M   3 8      16  99
20  97  70  84   M   0  19 0.00  0.0    M  3.9 10 130   M    M   3        16 130
21  95  66  81   M   0  16 0.00  0.0    M  1.9  7  99   M    M   2        16   0
22  97  63  80   M   0  15 0.00    M    M  3.0  8  60   M    M   1        15  60
23  97  61  79   M   0  14 0.00    M    M  3.5  8 220   M    M   5 8      21 220
24  95  64  80   M   0  15 0.00    M    M  4.2 15 210   M    M   5 8      22 210
25  95  68  82   M   0  17 0.00    M    M  2.5  7 200   M    M   4 8      17 340
26  91  61  76   M   0  11 0.00    M    M  7.7 13 360   M    M   2 3      21  40
27  91  48  70   M   0   5 0.00    M    M  2.6  7 120   M    M   3        16  99
================================================================================
SM 2497 1799         0 403  0.00  0.0     90.7          M      101
================================================================================
AV 92.5 66.6                               3.4 FASTST   M    M   4    MAX(MPH)
                                 MISC ---->    22  90                 30  90
================================================================================
NOTES:
# LAST OF SEVERAL OCCURRENCES

COLUMN 17 PEAK WIND IN M.P.H.

PRELIMINARY LOCAL CLIMATOLOGICAL DATA (WS FORM: F-6) , PAGE 2

                                          STATION:   LLANO MUNICIPAL AIRPORT
                                          MONTH:     SEPTEMBER
                                          YEAR:      2022
                                          LATITUDE:   30 47 N
                                          LONGITUDE:  98 40 W

[TEMPERATURE DATA]      [PRECIPITATION DATA]       SYMBOLS USED IN COLUMN 16

AVERAGE MONTHLY: 79.6   TOTAL FOR MONTH:   0.00    1 = FOG OR MIST
DPTR FM NORMAL:   0.0   DPTR FM NORMAL:    0.00    2 = FOG REDUCING VISIBILITY
HIGHEST:    97 ON 23,22  GRTST 24HR  0.00 ON  1- 1      TO 1/4 MILE OR LESS
LOWEST:     48 ON 27                               3 = THUNDER
                        SNOW, ICE PELLETS, HAIL    4 = ICE PELLETS
                        TOTAL MONTH:   0.0 INCH    5 = HAIL
                        GRTST 24HR  0.0            6 = FREEZING RAIN OR DRIZZLE
                        GRTST DEPTH:  M  ON   M    7 = DUSTSTORM OR SANDSTORM:
                                                       VSBY 1/2 MILE OR LESS
                                                   8 = SMOKE OR HAZE
[NO. OF DAYS WITH]      [WEATHER - DAYS WITH]      9 = BLOWING SNOW
                                                   X = TORNADO
MAX 32 OR BELOW:   0    0.01 INCH OR MORE:   0
MAX 90 OR ABOVE:  22    0.10 INCH OR MORE:   0
MIN 32 OR BELOW:   0    0.50 INCH OR MORE:   0
MIN  0 OR BELOW:   0    1.00 INCH OR MORE:   0

[HDD (BASE 65) ]
TOTAL THIS MO.     0    CLEAR  (SCALE 0-3)   9
DPTR FM NORMAL     M    PTCLDY (SCALE 4-7)  18
TOTAL FM JUL 1     0    CLOUDY (SCALE 8-10)  0
DPTR FM NORMAL     M

[CDD (BASE 65) ]
TOTAL THIS MO.   403
DPTR FM NORMAL     M    [PRESSURE DATA]
TOTAL FM JAN 1  3174    HIGHEST SLP M ON M
DPTR FM NORMAL     M    LOWEST  SLP M ON M

[REMARKS]
