000
CXUS51 KALY 280710
CF6AQW
PRELIMINARY LOCAL CLIMATOLOGICAL DATA (WS FORM: F-6)

                                          STATION:   NORTH ADAMS MA   ASOS
                                          MONTH:     SEPTEMBER
                                          YEAR:      2022
                                          LATITUDE:   42 42 N
                                          LONGITUDE:  73 10 W

  TEMPERATURE IN F:       :PCPN:    SNOW:  WIND      :SUNSHINE: SKY     :PK WND
================================================================================
1   2   3   4   5  6A  6B    7    8   9   10  11  12  13   14  15   16   17  18
                                     12Z  AVG MX 2MIN
DY MAX MIN AVG DEP HDD CDD  WTR  SNW DPTH SPD SPD DIR MIN PSBL S-S WX    SPD DR
================================================================================

 1  70  49  60  -5   5   0 0.01    M    M  7.5 22 280   M    M   5 1      32 260
 2  80  43  62  -3   3   0 0.00    M    M  1.0  8 100   M    M   0        11  70
 3  83  49  66   2   0   1 0.00    M    M  2.7 12 110   M    M   1        14 100
 4  85  61  73   9   0   8    T    M    M  3.0 13 170   M    M   5        16 170
 5  72  60  66   2   0   1 1.23    M    M  4.4 13  90   M    M  10 1      16 100
 6  64  62  63  -1   2   0 1.00    M    M  6.7 13 100   M    M  10 1      16 110
 7  69  53  61  -2   4   0 0.00    M    M  4.0 12 110   M    M   8 12     16 110
 8  78  53  66   3   0   1    T    M    M  1.3  8 330   M    M   7 12     12 320
 9  81  51  66   3   0   1 0.00    M    M  1.2  7 330   M    M   2 1      10 340
10  83  54  69   7   0   4 0.00    M    M  1.2  7 340   M    M   3 12      9 310
11  75  59  67   5   0   2 0.02    M    M  1.2  9 240   M    M   6 1      11 240
12  79  62  71   9   0   6 0.06    M    M  0.5  7 210   M    M   7 1      11 260
13  77  57  67   5   0   2 1.69    M    M  6.4 16 130   M    M   9 13     22 130
14  75  60  68   7   0   3    T    M    M  9.9 20 280   M    M   8        28 270
15  65  44  55  -6  10   0 0.00    M    M  5.7 14 280   M    M   3 1      20 350
16  67  41  54  -6  11   0 0.00    M    M  2.5 12 350   M    M   2 12     20 350
17  72  43  58  -2   7   0 0.00    M    M  2.1 10 240   M    M   4 12     12 240
18  79  55  67   7   0   2 0.32    M    M  3.5 17 280   M    M   6 13     23 280
19  82  60  71  12   0   6 0.42    M    M  3.2 16 290   M    M   8 123    26 280
20  69  57  63   4   2   0 0.14    M    M  3.7 12 270   M    M  10 1      16 260
21  74  56  65   6   0   0 0.00    M    M  3.5 13 110   M    M   5        16 110
22  66  51  59   1   6   0 1.73    M    M  7.9 23 260   M    M   9 13     30 260
23  55  44  50  -8  15   0 0.00    M    M 10.0 20 270   M    M   6        26 270
24  64  37  51  -7  14   0 0.00    M    M  6.5 16 250   M    M   0        21 250
25  66  45  56  -1   9   0 0.07    M    M  4.2 17 110   M    M   7 1      25 130
26  70  47  59   2   6   0 0.25    M    M  3.1 25 260   M    M   6 123    34 270
27  66  44  55  -1  10   0 0.16    M    M  3.8 14 250   M    M   5 1      19 260
================================================================================
SM 1966 1397       104  37  7.10    M    110.7          M      152
================================================================================
AV 72.8 51.7                               4.1 FASTST   M    M   6    MAX(MPH)
                                 MISC ---->    25 260                 34 270
================================================================================
NOTES:
# LAST OF SEVERAL OCCURRENCES

COLUMN 17 PEAK WIND IN M.P.H.

PRELIMINARY LOCAL CLIMATOLOGICAL DATA (WS FORM: F-6) , PAGE 2

                                          STATION:   NORTH ADAMS MA   ASOS
                                          MONTH:     SEPTEMBER
                                          YEAR:      2022
                                          LATITUDE:   42 42 N
                                          LONGITUDE:  73 10 W

[TEMPERATURE DATA]      [PRECIPITATION DATA]       SYMBOLS USED IN COLUMN 16

AVERAGE MONTHLY: 62.3   TOTAL FOR MONTH:   7.10    1 = FOG OR MIST
DPTR FM NORMAL:   1.3   DPTR FM NORMAL:    3.31    2 = FOG REDUCING VISIBILITY
HIGHEST:    85 ON  4    GRTST 24HR  2.09 ON  5- 6      TO 1/4 MILE OR LESS
LOWEST:     37 ON 24                               3 = THUNDER
                        SNOW, ICE PELLETS, HAIL    4 = ICE PELLETS
                        TOTAL MONTH:  M            5 = HAIL
                        GRTST 24HR    M  ON   M    6 = FREEZING RAIN OR DRIZZLE
                        GRTST DEPTH:  M  ON   M    7 = DUSTSTORM OR SANDSTORM:
                                                       VSBY 1/2 MILE OR LESS
                                                   8 = SMOKE OR HAZE
[NO. OF DAYS WITH]      [WEATHER - DAYS WITH]      9 = BLOWING SNOW
                                                   X = TORNADO
MAX 32 OR BELOW:   0    0.01 INCH OR MORE:  13
MAX 90 OR ABOVE:   0    0.10 INCH OR MORE:   9
MIN 32 OR BELOW:   0    0.50 INCH OR MORE:   4
MIN  0 OR BELOW:   0    1.00 INCH OR MORE:   4

[HDD (BASE 65) ]
TOTAL THIS MO.   104    CLEAR  (SCALE 0-3)   6
DPTR FM NORMAL   -37    PTCLDY (SCALE 4-7)  15
TOTAL FM JUL 1   109    CLOUDY (SCALE 8-10)  6
DPTR FM NORMAL   -81

[CDD (BASE 65) ]
TOTAL THIS MO.    37
DPTR FM NORMAL     2    [PRESSURE DATA]
TOTAL FM JAN 1   669    HIGHEST SLP M ON M
DPTR FM NORMAL   284    LOWEST  SLP 29.53 ON 22

[REMARKS]
