000
CXUS54 KLZK 271230
CF6ARG
PRELIMINARY LOCAL CLIMATOLOGICAL DATA (WS FORM: F-6)

                                          STATION:   WALNUT RIDGE AIRPORT
                                          MONTH:     SEPTEMBER
                                          YEAR:      2022
                                          LATITUDE:   36  7 N
                                          LONGITUDE:  90 55 W

  TEMPERATURE IN F:       :PCPN:    SNOW:  WIND      :SUNSHINE: SKY     :PK WND
================================================================================
1   2   3   4   5  6A  6B    7    8   9   10  11  12  13   14  15   16   17  18
                                     12Z  AVG MX 2MIN
DY MAX MIN AVG DEP HDD CDD  WTR  SNW DPTH SPD SPD DIR MIN PSBL S-S WX    SPD DR
================================================================================

 1  85  64  75   M   0  10    T  0.0    M  2.8  7  90   M    M   0         M   M
 2  81  68  75   M   0  10 0.00  0.0    M  3.6  7  80   M    M   2 1       M   M
 3  84  71  78   M   0  13 0.23  0.0    M  4.6  9 360   M    M   7 13      M   M
 4  85  69  77   M   0  12 0.00  0.0    M  4.1  8 360   M    M   7         M   M
 5  86  67  77   M   0  12 0.00  0.0    M  3.0  6  99   M    M   5 1       M   M
 6  87  69  78   M   0  13    T  0.0    M  5.4  8  40   M    M   4         M   M
 7  86  67  77   M   0  12 0.00  0.0    M  6.9 12  40   M    M   3 18      M   M
 8  84  64  74   M   0   9 0.00  0.0    M  6.3 10  30   M    M   0 8       M   M
 9  85  60  73   M   0   8 0.07  0.0    M  5.3  9  10   M    M   2         M   M
10  84  68  76   M   0  11 0.00  0.0    M  5.5 12 110   M    M   3         M   M
11  78  58  68   M   0   3 0.00  0.0    M  6.5 16 330   M    M   6 128     M   M
12  80  54  67   M   0   2 0.00  0.0    M  6.7 13 300   M    M   0        16 320
13  86  54  70   M   0   5 0.00  0.0    M  4.8  9 310   M    M   0         M   M
14  87  58  73   M   0   8 0.00  0.0    M  4.3  7  90   M    M   0         M   M
15  84  58  71   M   0   6 0.00  0.0    M  4.6  7 110   M    M   0         M   M
16  87  60  74   M   0   9    T  0.0    M  4.6  9 190   M    M   3         M   M
17  88  61  75   M   0  10    T  0.0    M  6.3 13 190   M    M   1        16 190
18  91  65  78   M   0  13    T  0.0    M  8.0 12 200   M    M   0         M   M
19  96  67  82   M   0  17 0.00  0.0    M  6.2 10 240   M    M   0 8       M   M
20  98  68  83   M   0  18 0.00  0.0    M  4.8 14 240   M    M   0 8       M   M
21  98  68  83   M   0  18 0.00  0.0    M  6.0 12 360   M    M   0 8      18 210
22  74  56  65   M   0   0 0.00  0.0    M  9.5 17  10   M    M   2 8      24  10
23  79  55  67   M   0   2 0.00  0.0    0  6.0  9  50   M    M   3 8       M   M
24  90  63  77   M   0  12    T  0.0    0  7.0 33  20   M    M   3 8      44  20
25  85  58  72   M   0   7    T  0.0    0  9.1 20 360   M    M   1        24 360
26  78  50  64   M   1   0 0.00  0.0    0  8.1 15 310   M    M   0        21 310
================================================================================
SM 2226 1620         1 240  0.30  0.0    150.0          M       52
================================================================================
AV 85.6 62.3                               5.8 FASTST   M    M   2    MAX(MPH)
                                 MISC ---->    33  20                 44  20
================================================================================
NOTES:
# LAST OF SEVERAL OCCURRENCES

COLUMN 17 PEAK WIND IN M.P.H.

PRELIMINARY LOCAL CLIMATOLOGICAL DATA (WS FORM: F-6) , PAGE 2

                                          STATION:   WALNUT RIDGE AIRPORT
                                          MONTH:     SEPTEMBER
                                          YEAR:      2022
                                          LATITUDE:   36  7 N
                                          LONGITUDE:  90 55 W

[TEMPERATURE DATA]      [PRECIPITATION DATA]       SYMBOLS USED IN COLUMN 16

AVERAGE MONTHLY: 74.0   TOTAL FOR MONTH:   0.30    1 = FOG OR MIST
DPTR FM NORMAL:   0.0   DPTR FM NORMAL:    0.30    2 = FOG REDUCING VISIBILITY
HIGHEST:    98 ON 21,20  GRTST 24HR  0.24 ON  2- 3      TO 1/4 MILE OR LESS
LOWEST:     50 ON 26                               3 = THUNDER
                        SNOW, ICE PELLETS, HAIL    4 = ICE PELLETS
                        TOTAL MONTH:   0.0 INCH    5 = HAIL
                        GRTST 24HR  0.0            6 = FREEZING RAIN OR DRIZZLE
                        GRTST DEPTH:  0            7 = DUSTSTORM OR SANDSTORM:
                                                       VSBY 1/2 MILE OR LESS
                                                   8 = SMOKE OR HAZE
[NO. OF DAYS WITH]      [WEATHER - DAYS WITH]      9 = BLOWING SNOW
                                                   X = TORNADO
MAX 32 OR BELOW:   0    0.01 INCH OR MORE:   2
MAX 90 OR ABOVE:   5    0.10 INCH OR MORE:   1
MIN 32 OR BELOW:   0    0.50 INCH OR MORE:   0
MIN  0 OR BELOW:   0    1.00 INCH OR MORE:   0

[HDD (BASE 65) ]
TOTAL THIS MO.     1    CLEAR  (SCALE 0-3)  20
DPTR FM NORMAL     M    PTCLDY (SCALE 4-7)   6
TOTAL FM JUL 1     1    CLOUDY (SCALE 8-10)  0
DPTR FM NORMAL     M

[CDD (BASE 65) ]
TOTAL THIS MO.   240
DPTR FM NORMAL     M    [PRESSURE DATA]
TOTAL FM JAN 1  1788    HIGHEST SLP M ON M
DPTR FM NORMAL     M    LOWEST  SLP M ON M

[REMARKS]
