000
CXUS51 KBUF 220805
CF6ART
PRELIMINARY LOCAL CLIMATOLOGICAL DATA (WS FORM: F-6)

                                          STATION:   WATERTOWN NY
                                          MONTH:     SEPTEMBER
                                          YEAR:      2023
                                          LATITUDE:   43 59 N
                                          LONGITUDE:  76  2 W

  TEMPERATURE IN F:       :PCPN:    SNOW:  WIND      :SUNSHINE: SKY     :PK WND
================================================================================
1   2   3   4   5  6A  6B    7    8   9   10  11  12  13   14  15   16   17  18
                                     12Z  AVG MX 2MIN
DY MAX MIN AVG DEP HDD CDD  WTR  SNW DPTH SPD SPD DIR MIN PSBL S-S WX    SPD DR
================================================================================

 1  72  46  59  -6   6   0 0.00    M    M  3.9 14 260   M    M   0        17 260
 2  76  54  65   1   0   0    T    M    M  7.9 20 210   M    M   1        31 230
 3  79  66  73   9   0   8 0.00    M    M  7.4 16 260   M    M   3        22 270
 4  83  68  76  12   0  11 0.00    M    M  5.1 13 260   M    M   0        18 230
 5  85  67  76  12   0  11 0.00    M    M  4.7 13 220   M    M   0        16 220
 6  85  64  75  12   0  10 0.12    M    M  4.2 15 260   M    M   1 13     29 250
 7  81  69  75  12   0  10 0.25    M    M  5.0 17 160   M    M   3 13     30 150
 8  72  64  68   5   0   3 0.19    M    M  7.8 17 220   M    M   9 1      24 230
 9  72  59  66   4   0   1 0.69    M    M  6.7 14  30   M    M   8 1      18  30
10  68  62  65   3   0   0 0.03    M    M  4.8 10  40   M    M  10 1      13  40
11  76  51  64   2   1   0 0.00    M    M  6.6 15  40   M    M   5 12     23  20
12  76  49  63   2   2   0 0.04    M    M  3.6 13 220   M    M   4 12     19 220
13  69  51  60  -1   5   0 0.23    M    M  7.4 20 250   M    M   8 1      30 260
14  63  45  54  -7  11   0 0.00    M    M  4.6 16 290   M    M   4        21 290
15  71  41  56  -4   9   0 0.00    M    M  4.5 13  20   M    M   0        17  80
16  72  41  57  -3   8   0 0.00    M    M  5.0 14 250   M    M   0        19 260
17  70  47  59  -1   6   0 0.00    M    M  2.8 14 280   M    M   1 1      17 270
18  72  50  61   2   4   0 0.00    M    M  3.3 13 260   M    M   3 1      19 260
19  67  46  57  -2   8   0 0.04    M    M  7.6 17 260   M    M   8 1      24 260
20  64  38  51  -7  14   0 0.00    M    M  2.8 14 270   M    M   0 1      21 220
21  70  38  54  -4  11   0 0.00    M    M  2.0  9 260   M    M   0 8      17 320
================================================================================
SM 1543 1116        85  54  1.59    M    107.7          M       68
================================================================================
AV 73.5 53.1                               5.1 FASTST   M    M   3    MAX(MPH)
                                 MISC ---->  # 20 210                 31 230
================================================================================
NOTES:
# LAST OF SEVERAL OCCURRENCES

COLUMN 17 PEAK WIND IN M.P.H.

PRELIMINARY LOCAL CLIMATOLOGICAL DATA (WS FORM: F-6) , PAGE 2

                                          STATION:   WATERTOWN NY
                                          MONTH:     SEPTEMBER
                                          YEAR:      2023
                                          LATITUDE:   43 59 N
                                          LONGITUDE:  76  2 W

[TEMPERATURE DATA]      [PRECIPITATION DATA]       SYMBOLS USED IN COLUMN 16

AVERAGE MONTHLY: 63.3   TOTAL FOR MONTH:   1.59    1 = FOG OR MIST
DPTR FM NORMAL:   1.7   DPTR FM NORMAL:   -0.76    2 = FOG REDUCING VISIBILITY
HIGHEST:    85 ON  6, 5  GRTST 24HR  0.72 ON  9-10      TO 1/4 MILE OR LESS
LOWEST:     38 ON 21,20                             3 = THUNDER
                        SNOW, ICE PELLETS, HAIL    4 = ICE PELLETS
                        TOTAL MONTH:  M            5 = HAIL
                        GRTST 24HR    M  ON   M    6 = FREEZING RAIN OR DRIZZLE
                        GRTST DEPTH:  M  ON   M    7 = DUSTSTORM OR SANDSTORM:
                                                       VSBY 1/2 MILE OR LESS
                                                   8 = SMOKE OR HAZE
[NO. OF DAYS WITH]      [WEATHER - DAYS WITH]      9 = BLOWING SNOW
                                                   X = TORNADO
MAX 32 OR BELOW:   0    0.01 INCH OR MORE:   8
MAX 90 OR ABOVE:   0    0.10 INCH OR MORE:   5
MIN 32 OR BELOW:   0    0.50 INCH OR MORE:   1
MIN  0 OR BELOW:   0    1.00 INCH OR MORE:   0

[HDD (BASE 65) ]
TOTAL THIS MO.    85    CLEAR  (SCALE 0-3)  13
DPTR FM NORMAL   -20    PTCLDY (SCALE 4-7)   6
TOTAL FM JUL 1   121    CLOUDY (SCALE 8-10)  2
DPTR FM NORMAL   -46

[CDD (BASE 65) ]
TOTAL THIS MO.    54
DPTR FM NORMAL    20    [PRESSURE DATA]
TOTAL FM JAN 1   403    HIGHEST SLP M ON M
DPTR FM NORMAL    28    LOWEST  SLP 29.71 ON  7

[REMARKS]
