000
CXUS51 KBUF 280805
CF6ART
PRELIMINARY LOCAL CLIMATOLOGICAL DATA (WS FORM: F-6)

                                          STATION:   WATERTOWN NY
                                          MONTH:     SEPTEMBER
                                          YEAR:      2022
                                          LATITUDE:   43 59 N
                                          LONGITUDE:  76  2 W

  TEMPERATURE IN F:       :PCPN:    SNOW:  WIND      :SUNSHINE: SKY     :PK WND
================================================================================
1   2   3   4   5  6A  6B    7    8   9   10  11  12  13   14  15   16   17  18
                                     12Z  AVG MX 2MIN
DY MAX MIN AVG DEP HDD CDD  WTR  SNW DPTH SPD SPD DIR MIN PSBL S-S WX    SPD DR
================================================================================

 1  66  52  59  -6   6   0 0.00    M    M  6.7 17 320   M    M   2        26 270
 2  78  50  64   0   1   0 0.00    M    M  4.0 13 270   M    M   0        20 220
 3  82  62  72   8   0   7 0.00    M    M  5.9 14 210   M    M   0        20 180
 4  69  58  64   0   1   0 0.00    M    M 11.6 17  50   M    M   9 1      25  20
 5  65  58  62  -2   3   0 0.02    M    M  9.4 15  50   M    M   9 1      21  50
 6  72  60  66   3   0   1 0.00    M    M 10.5 18  40   M    M  10        23  30
 7  74  62  68   5   0   3    T    M    M  2.8  7  20   M    M  10         9  20
 8  79  55  67   4   0   2 0.00    M    M  2.6 10 270   M    M   4 12     14 280
 9  77  52  65   3   0   0 0.00    M    M  3.2 12 270   M    M   3 12     14 260
10  81  57  69   7   0   4 0.00    M    M  4.0 14 260   M    M   0        18 260
11  72  61  67   5   0   2    T    M    M  3.6 12 210   M    M   6        17 190
12  78  64  71  10   0   6 0.01    M    M  0.9  7  60   M    M  10        11  10
13  69  62  66   5   0   1 0.11    M    M  5.0 17 260   M    M   7 1      26 270
14  74  50  62   1   3   0 0.09    M    M  8.9 22 280   M    M   7 1      30 290
15  64  38  51  -9  14   0 0.00    M    M  4.6 13 280   M    M   0        18 320
16  65  44  55  -5  10   0    T    M    M  1.7  7  30   M    M   5        10 340
17  74  50  62   2   3   0 0.00    M    M  2.8  9 270   M    M   3        12 270
18  72  65  69  10   0   4 0.11    M    M  6.3 13 220   M    M   8 1      20 200
19  73  58  66   7   0   1 0.78    M    M  5.9 25 230   M    M   8 1      43 230
20  66  58  62   4   3   0 0.05    M    M  6.7 14 320   M    M   9 1      18 360
21  79  47  63   5   2   0    T    M    M  5.9 16 210   M    M   3 1      27 220
22  74  47  61   3   4   0 0.21    M    M 11.5 23 320   M    M   8 1      30 230
23  56  35  46 -11  19   0 0.00    M    M  6.4 18 290   M    M   5        24 290
24  63  33  48  -9  17   0 0.00    M    M  4.5 15 260   M    M   1        22 230
25  62  52  57   0   8   0 0.59    M    M  2.5  8 140   M    M  10 1      11 130
26  63  53  58   2   7   0 0.50    M    M  8.2 23 220   M    M   9 1      37 210
27  64  53  59   3   6   0 0.18    M    M  7.2 18 250   M    M   9 1      34 260
================================================================================
SM 1911 1436       107  31  2.65    M    153.3          M      155
================================================================================
AV 70.8 53.2                               5.7 FASTST   M    M   6    MAX(MPH)
                                 MISC ---->    25 230                 43 230
================================================================================
NOTES:
# LAST OF SEVERAL OCCURRENCES

COLUMN 17 PEAK WIND IN M.P.H.

PRELIMINARY LOCAL CLIMATOLOGICAL DATA (WS FORM: F-6) , PAGE 2

                                          STATION:   WATERTOWN NY
                                          MONTH:     SEPTEMBER
                                          YEAR:      2022
                                          LATITUDE:   43 59 N
                                          LONGITUDE:  76  2 W

[TEMPERATURE DATA]      [PRECIPITATION DATA]       SYMBOLS USED IN COLUMN 16

AVERAGE MONTHLY: 62.0   TOTAL FOR MONTH:   2.65    1 = FOG OR MIST
DPTR FM NORMAL:   1.5   DPTR FM NORMAL:   -0.51    2 = FOG REDUCING VISIBILITY
HIGHEST:    82 ON  3    GRTST 24HR  0.84 ON 25-26      TO 1/4 MILE OR LESS
LOWEST:     33 ON 24                               3 = THUNDER
                        SNOW, ICE PELLETS, HAIL    4 = ICE PELLETS
                        TOTAL MONTH:  M            5 = HAIL
                        GRTST 24HR    M  ON   M    6 = FREEZING RAIN OR DRIZZLE
                        GRTST DEPTH:  M  ON   M    7 = DUSTSTORM OR SANDSTORM:
                                                       VSBY 1/2 MILE OR LESS
                                                   8 = SMOKE OR HAZE
[NO. OF DAYS WITH]      [WEATHER - DAYS WITH]      9 = BLOWING SNOW
                                                   X = TORNADO
MAX 32 OR BELOW:   0    0.01 INCH OR MORE:  11
MAX 90 OR ABOVE:   0    0.10 INCH OR MORE:   7
MIN 32 OR BELOW:   0    0.50 INCH OR MORE:   3
MIN  0 OR BELOW:   0    1.00 INCH OR MORE:   0

[HDD (BASE 65) ]
TOTAL THIS MO.   107    CLEAR  (SCALE 0-3)   8
DPTR FM NORMAL   -51    PTCLDY (SCALE 4-7)   9
TOTAL FM JUL 1   123    CLOUDY (SCALE 8-10) 10
DPTR FM NORMAL   -97

[CDD (BASE 65) ]
TOTAL THIS MO.    31
DPTR FM NORMAL    -8    [PRESSURE DATA]
TOTAL FM JAN 1   479    HIGHEST SLP M ON M
DPTR FM NORMAL    99    LOWEST  SLP 29.49 ON 25

[REMARKS]
