000
CXUS53 KARX 260900
CF6ARX
PRELIMINARY LOCAL CLIMATOLOGICAL DATA (WS FORM: F-6)

                                          STATION:   LA CROSSE WEATHER OFFICE WI
                                          MONTH:     SEPTEMBER
                                          YEAR:      2022
                                          LATITUDE:   43 49 N
                                          LONGITUDE:  91 12 W

  TEMPERATURE IN F:       :PCPN:    SNOW:  WIND      :SUNSHINE: SKY     :PK WND
================================================================================
1   2   3   4   5  6A  6B    7    8   9   10  11  12  13   14  15   16   17  18
                                     12Z  AVG MX 2MIN
DY MAX MIN AVG DEP HDD CDD  WTR  SNW DPTH SPD SPD DIR MIN PSBL S-S WX    SPD DR
================================================================================

 1  83  64  74   7   0   9 0.00  0.0    0    M  M   M   M    M   M        13   M
 2  81  67  74   8   0   9 0.43  0.0    0    M  M   M   M    M   M 3      22   M
 3  74  59  67   1   0   2 0.00  0.0    0    M  M   M   M    M   M        26   M
 4  72  49  61  -5   4   0 0.00  0.0    0    M  M   M   M    M   M        14   M
 5  73  52  63  -2   2   0 0.00  0.0    0    M  M   M   M    M   M 1      14   M
 6  78  58  68   3   0   3 0.00  0.0    0    M  M   M   M    M   M        14   M
 7  81  62  72   7   0   7 0.00  0.0    0    M  M   M   M    M   M        12   M
 8  78  63  71   7   0   6 0.00  0.0    0    M  M   M   M    M   M        26   M
 9  79  59  69   5   0   4    T  0.0    0    M  M   M   M    M   M        21   M
10  59  54  57  -7   8   0 0.90  0.0    0    M  M   M   M    M   M 3      15   M
11  60  52  56  -7   9   0 0.00  0.0    0    M  M   M   M    M   M 1      15   M
12  70  52  61  -2   4   0 0.02  0.0    0    M  M   M   M    M   M        18   M
13  74  51  63   0   2   0 0.00  0.0    0    M  M   M   M    M   M        18   M
14  75  54  65   3   0   0 0.00  0.0    0    M  M   M   M    M   M        21   M
15  79  58  69   7   0   4 0.00  0.0    0    M  M   M   M    M   M        22   M
16  79  63  71  10   0   6 0.00  0.0    0    M  M   M   M    M   M        22   M
17  75  64  70   9   0   5    T  0.0    0    M  M   M   M    M   M        22   M
18  75  61  68   7   0   3    T  0.0    0    M  M   M   M    M   M        21   M
19  77  55  66   6   0   1 0.02  0.0    0    M  M   M   M    M   M        20   M
20  85  66  76  16   0  11    T  0.0    0    M  M   M   M    M   M        23   M
21  73  50  62   3   3   0 0.00  0.0    0    M  M   M   M    M   M        28   M
22  61  45  53  -6  12   0 0.00  0.0    0    M  M   M   M    M   M        28   M
23  58  47  53  -5  12   0 0.07  0.0    0    M  M   M   M    M   M        12   M
24  63  48  56  -2   9   0 0.08  0.0    0    M  M   M   M    M   M 1      21   M
25  67  52  60   2   5   0    T  0.0    M    M  M   M   M    M   M        30   M
================================================================================
SM 1829 1405        70  70  1.52  0.0        M          M        M
================================================================================
AV 73.2 56.2                                 M FASTST   M    M   M    MAX(MPH)
                                 MISC ---->     M   M                 30 9999
================================================================================
NOTES:
# LAST OF SEVERAL OCCURRENCES

COLUMN 17 PEAK WIND IN M.P.H.

PRELIMINARY LOCAL CLIMATOLOGICAL DATA (WS FORM: F-6) , PAGE 2

                                          STATION:   LA CROSSE WEATHER OFFICE WI
                                          MONTH:     SEPTEMBER
                                          YEAR:      2022
                                          LATITUDE:   43 49 N
                                          LONGITUDE:  91 12 W

[TEMPERATURE DATA]      [PRECIPITATION DATA]       SYMBOLS USED IN COLUMN 16

AVERAGE MONTHLY: 64.7   TOTAL FOR MONTH:   1.52    1 = FOG OR MIST
DPTR FM NORMAL:   2.3   DPTR FM NORMAL:   -1.89    2 = FOG REDUCING VISIBILITY
HIGHEST:    85 ON 20    GRTST 24HR  0.90 ON 10-10      TO 1/4 MILE OR LESS
LOWEST:     45 ON 22                               3 = THUNDER
                        SNOW, ICE PELLETS, HAIL    4 = ICE PELLETS
                        TOTAL MONTH:   0.0 INCH    5 = HAIL
                        GRTST 24HR  0.0            6 = FREEZING RAIN OR DRIZZLE
                        GRTST DEPTH:  0            7 = DUSTSTORM OR SANDSTORM:
                                                       VSBY 1/2 MILE OR LESS
                                                   8 = SMOKE OR HAZE
[NO. OF DAYS WITH]      [WEATHER - DAYS WITH]      9 = BLOWING SNOW
                                                   X = TORNADO
MAX 32 OR BELOW:   0    0.01 INCH OR MORE:   6
MAX 90 OR ABOVE:   0    0.10 INCH OR MORE:   2
MIN 32 OR BELOW:   0    0.50 INCH OR MORE:   1
MIN  0 OR BELOW:   0    1.00 INCH OR MORE:   0

[HDD (BASE 65) ]
TOTAL THIS MO.    70    CLEAR  (SCALE 0-3)   0
DPTR FM NORMAL   -46    PTCLDY (SCALE 4-7)   0
TOTAL FM JUL 1    76    CLOUDY (SCALE 8-10) 25
DPTR FM NORMAL   -74

[CDD (BASE 65) ]
TOTAL THIS MO.    70
DPTR FM NORMAL    19    [PRESSURE DATA]
TOTAL FM JAN 1   593    HIGHEST SLP M ON M
DPTR FM NORMAL    59    LOWEST  SLP M ON M

[REMARKS]
