000
CXUS54 KLIX 280810
CF6ASD
PRELIMINARY LOCAL CLIMATOLOGICAL DATA (WS FORM: F-6)

                                          STATION:   SLIDELL
                                          MONTH:     SEPTEMBER
                                          YEAR:      2022
                                          LATITUDE:   30 20 N
                                          LONGITUDE:  89 49 W

  TEMPERATURE IN F:       :PCPN:    SNOW:  WIND      :SUNSHINE: SKY     :PK WND
================================================================================
1   2   3   4   5  6A  6B    7    8   9   10  11  12  13   14  15   16   17  18
                                     12Z  AVG MX 2MIN
DY MAX MIN AVG DEP HDD CDD  WTR  SNW DPTH SPD SPD DIR MIN PSBL S-S WX    SPD DR
================================================================================

 1  94  73  84   4   0  19 0.00    M    M  2.0 10  20   M    M   1        15  10
 2  93  71  82   2   0  17 0.00    M    M  2.0 12 170   M    M   1        13 170
 3  86  74  80   0   0  15 1.19    M    M  2.3 10 110   M    M   4 1      14 270
 4  86  75  81   1   0  16 0.24    M    M  1.3 10 220   M    M   2 1      14 220
 5  88  75  82   2   0  17 0.00    M    M  1.7  9 200   M    M   3 1      13 200
 6  86  74  80   0   0  15 0.00    M    M  1.7  7 350   M    M   1        10 350
 7  90  69  80   1   0  15 0.41    M    M  3.4 23  30   M    M   3 1      33  60
 8  89  69  79   0   0  14 0.07    M    M  3.2 17 350   M    M   3        24 360
 9  87  71  79   0   0  14 0.32    M    M  3.4 14 330   M    M   2 1      17 330
10  88  69  79   0   0  14 0.00    M    M  2.2 12  50   M    M   2 1      17 100
11  91  69  80   1   0  15 0.12    M    M  1.4 10 170   M    M   3 1      13 310
12  89  72  81   3   0  16 0.00    M    M  4.0 12  30   M    M   2 1      15  20
13  86  62  74  -4   0   9 0.00  0.0    M  3.6 13  20   M    M   0        17 360
14  89  57  73  -5   0   8 0.00  0.0    M  3.2 12  70   M    M   0        19  40
15  91  61  76  -2   0  11 0.00  0.0    M  3.5 10 200   M    M   0        13  30
16  91  64  78   1   0  13 0.00    M    M  3.4 13 130   M    M   1        16 140
17  91  68  80   3   0  15 0.00    M    M  5.0 14 130   M    M   2        18 140
18  92  72  82   5   0  17 0.00    M    M  3.2 10 150   M    M   2 3      16 150
19  93  71  82   5   0  17 0.00  0.0    M  2.6 12  20   M    M   2 1      17  40
20  94  67  81   5   0  16 0.00  0.0    M  2.4 12  30   M    M   0        14  30
21  97  71  84   8   0  19 0.08    M    M  3.6 23  30   M    M   2 1      31  20
22  96  71  84   8   0  19 0.00  0.0    M  2.3 12 360   M    M   1 12     16  10
23  93  73  83   7   0  18 0.00  0.0    M  3.1 12  20   M    M   0        19 280
24  94  66  80   5   0  15 0.00  0.0    M  2.6 10  10   M    M   0        14  20
25  94  67  81   6   0  16 0.00    M    M  2.0 12  10   M    M   0        15 360
26  94  67  81   6   0  16 0.00    M    M  5.2 14 360   M    M   1        19  10
27  84  55  70  -4   0   5 0.00    M    M  7.5 21  10   M    M   0        28 360
================================================================================
SM 2446 1853         0 401  2.43  0.0     81.8          M       38
================================================================================
AV 90.6 68.6                               3.0 FASTST   M    M   1    MAX(MPH)
                                 MISC ---->  # 23  30                 33  60
================================================================================
NOTES:
# LAST OF SEVERAL OCCURRENCES

COLUMN 17 PEAK WIND IN M.P.H.

PRELIMINARY LOCAL CLIMATOLOGICAL DATA (WS FORM: F-6) , PAGE 2

                                          STATION:   SLIDELL
                                          MONTH:     SEPTEMBER
                                          YEAR:      2022
                                          LATITUDE:   30 20 N
                                          LONGITUDE:  89 49 W

[TEMPERATURE DATA]      [PRECIPITATION DATA]       SYMBOLS USED IN COLUMN 16

AVERAGE MONTHLY: 79.6   TOTAL FOR MONTH:   2.43    1 = FOG OR MIST
DPTR FM NORMAL:   1.9   DPTR FM NORMAL:   -1.15    2 = FOG REDUCING VISIBILITY
HIGHEST:    97 ON 21    GRTST 24HR  1.42 ON  3- 4      TO 1/4 MILE OR LESS
LOWEST:     55 ON 27                               3 = THUNDER
                        SNOW, ICE PELLETS, HAIL    4 = ICE PELLETS
                        TOTAL MONTH:   0.0 INCH    5 = HAIL
                        GRTST 24HR  0.0            6 = FREEZING RAIN OR DRIZZLE
                        GRTST DEPTH:  M  ON   M    7 = DUSTSTORM OR SANDSTORM:
                                                       VSBY 1/2 MILE OR LESS
                                                   8 = SMOKE OR HAZE
[NO. OF DAYS WITH]      [WEATHER - DAYS WITH]      9 = BLOWING SNOW
                                                   X = TORNADO
MAX 32 OR BELOW:   0    0.01 INCH OR MORE:   7
MAX 90 OR ABOVE:  16    0.10 INCH OR MORE:   5
MIN 32 OR BELOW:   0    0.50 INCH OR MORE:   1
MIN  0 OR BELOW:   0    1.00 INCH OR MORE:   1

[HDD (BASE 65) ]
TOTAL THIS MO.     0    CLEAR  (SCALE 0-3)  25
DPTR FM NORMAL     0    PTCLDY (SCALE 4-7)   2
TOTAL FM JUL 1     0    CLOUDY (SCALE 8-10)  0
DPTR FM NORMAL     0

[CDD (BASE 65) ]
TOTAL THIS MO.   401
DPTR FM NORMAL    57    [PRESSURE DATA]
TOTAL FM JAN 1  2801    HIGHEST SLP M ON M
DPTR FM NORMAL   559    LOWEST  SLP 29.72 ON  8

[REMARKS]
