000
CXAK56 PAJK 271310
CF6ASI
PRELIMINARY LOCAL CLIMATOLOGICAL DATA (WS FORM: F-6)

                                          STATION:   SITKA
                                          MONTH:     SEPTEMBER
                                          YEAR:      2022
                                          LATITUDE:   57  4 N
                                          LONGITUDE: 135 21 W

  TEMPERATURE IN F:       :PCPN:    SNOW:  WIND      :SUNSHINE: SKY     :PK WND
================================================================================
1   2   3   4   5  6A  6B    7    8   9   10  11  12  13   14  15   16   17  18
                                     12Z  AVG MX 2MIN
DY MAX MIN AVG DEP HDD CDD  WTR  SNW DPTH SPD SPD DIR MIN PSBL S-S WX    SPD DR
================================================================================

 1  61  53  57   1   8   0 0.06    M    M  6.9 15 110   M    M   7        21 120
 2  64  59  62   6   3   0 0.44    M    M 15.1 26 130   M    M  10 1      34 130
 3  63  55  59   3   6   0 0.52    M    M  7.2 24 100   M    M   7 1      32 100
 4  62  52  57   2   8   0 0.28    M    M  5.5 13 220   M    M   6 1      16 220
 5  61  51  56   1   9   0 0.37    M    M  4.9 12 200   M    M   7 18     16 190
 6  59  51  55   0  10   0 0.32    M    M  5.2 18 100   M    M   9 1      30  60
 7  63  51  57   2   8   0 0.05    M    M  5.5 15 310   M    M   9 18     17 310
 8  62  55  59   4   6   0 0.26    M    M  5.8 13 200   M    M  10 18     17 190
 9  61  50  56   2   9   0 0.26    M    M  7.6 20 220   M    M   9 18     26 180
10  62  47  55   1  10   0    M    M    M  4.5 16 310   M    M   5 1      18 300
11  61  47  54   0  11   0 0.00    M    M  8.0 18 310   M    M   5         M   M
12  62  46  54   0  11   0 0.00    M    M  6.4 12 360   M    M   6         M   M
13  60  52  56   2   9   0 0.01    M    M  5.7 15 200   M    M   9        21 200
14  60  52  56   2   9   0 1.39    M    M  6.5 14 210   M    M   9 1      20 180
15  60  50  55   2  10   0 0.18    M    M  5.9 10 210   M    M   6 1      14 210
16  63  47  55   2  10   0    T    M    M  7.2 15 120   M    M   5        19 100
17  61  45  53   0  12   0 0.03    M    M  4.0 14 240   M    M   3 1      16 250
18  60  48  54   1  11   0 0.06    M    M  5.5 16 300   M    M   8 1      20 310
19  61  46  54   1  11   0 0.00    M    M  2.4  7  90   M    M   1         8 110
20  60  53  57   5   8   0    M    M    M  3.1  6 120   M    M   8 1       M   M
21  59  54  57   5   8   0 1.28    M    M  5.6 16 260   M    M   8 1      22 200
22  57  50  54   2  11   0 0.71    M    M  8.0 15 180   M    M   8 1      23 180
23  57  50  54   2  11   0 1.23    M    M 12.6 33 170   M    M   9 1      41 160
24  59  51  55   3  10   0 0.40    M    M 10.0 15 100   M    M  10 1      20 190
25  63  54  59   8   6   0 0.33    M    M  6.2 20 180   M    M  10 1      29 170
26  67  54  61  10   4   0 2.14    M    M 14.9 31 170   M    M  10 1      43 170
================================================================================
SM 1588 1323       229   0 10.32    M    180.2          M      194
================================================================================
AV 61.1 50.9                               6.9 FASTST   M    M   7    MAX(MPH)
                                 MISC ---->    33 170                 43 170
================================================================================
NOTES:
# LAST OF SEVERAL OCCURRENCES

COLUMN 17 PEAK WIND IN M.P.H.

PRELIMINARY LOCAL CLIMATOLOGICAL DATA (WS FORM: F-6) , PAGE 2

                                          STATION:   SITKA
                                          MONTH:     SEPTEMBER
                                          YEAR:      2022
                                          LATITUDE:   57  4 N
                                          LONGITUDE: 135 21 W

[TEMPERATURE DATA]      [PRECIPITATION DATA]       SYMBOLS USED IN COLUMN 16

AVERAGE MONTHLY: 56.0   TOTAL FOR MONTH:  10.32    1 = FOG OR MIST
DPTR FM NORMAL:   2.4   DPTR FM NORMAL:    0.28    2 = FOG REDUCING VISIBILITY
HIGHEST:    67 ON 26    GRTST 24HR  2.14 ON 26-26      TO 1/4 MILE OR LESS
LOWEST:     45 ON 17                               3 = THUNDER
                        SNOW, ICE PELLETS, HAIL    4 = ICE PELLETS
                        TOTAL MONTH:  M            5 = HAIL
                        GRTST 24HR    M  ON   M    6 = FREEZING RAIN OR DRIZZLE
                        GRTST DEPTH:  M  ON   M    7 = DUSTSTORM OR SANDSTORM:
                                                       VSBY 1/2 MILE OR LESS
                                                   8 = SMOKE OR HAZE
[NO. OF DAYS WITH]      [WEATHER - DAYS WITH]      9 = BLOWING SNOW
                                                   X = TORNADO
MAX 32 OR BELOW:   0    0.01 INCH OR MORE:  20
MAX 90 OR ABOVE:   0    0.10 INCH OR MORE:  15
MIN 32 OR BELOW:   0    0.50 INCH OR MORE:   6
MIN  0 OR BELOW:   0    1.00 INCH OR MORE:   4

[HDD (BASE 65) ]
TOTAL THIS MO.   229    CLEAR  (SCALE 0-3)   1
DPTR FM NORMAL   -67    PTCLDY (SCALE 4-7)  12
TOTAL FM JUL 1   620    CLOUDY (SCALE 8-10) 13
DPTR FM NORMAL  -180

[CDD (BASE 65) ]
TOTAL THIS MO.     0
DPTR FM NORMAL     0    [PRESSURE DATA]
TOTAL FM JAN 1     0    HIGHEST SLP M ON M
DPTR FM NORMAL    -1    LOWEST  SLP 29.37 ON  2

[REMARKS]
