000
CXUS52 KFFC 281010
CF6ATL
PRELIMINARY LOCAL CLIMATOLOGICAL DATA (WS FORM: F-6)

                                          STATION:   ATLANTA
                                          MONTH:     SEPTEMBER
                                          YEAR:      2022
                                          LATITUDE:   33 39 N
                                          LONGITUDE:  84 26 W

  TEMPERATURE IN F:       :PCPN:    SNOW:  WIND      :SUNSHINE: SKY     :PK WND
================================================================================
1   2   3   4   5  6A  6B    7    8   9   10  11  12  13   14  15   16   17  18
                                     12Z  AVG MX 2MIN
DY MAX MIN AVG DEP HDD CDD  WTR  SNW DPTH SPD SPD DIR MIN PSBL S-S WX    SPD DR
================================================================================

 1  91  69  80   2   0  15 0.00  0.0    M  5.7 14 150   M    M   3        21 140
 2  86  73  80   2   0  15 0.09  0.0    0  7.4 22  50   M    M   7 1      27  50
 3  88  72  80   2   0  15 0.00  0.0    0  7.5 17  80   M    M   8        22 100
 4  83  73  78   0   0  13 0.26  0.0    0  6.9 13 130   M    M   9 13     19 110
 5  86  72  79   1   0  14 0.10  0.0    0  6.1 20 310   M    M   8 13     28 300
 6  86  71  79   2   0  14    T  0.0    M  6.0 13 310   M    M   7        17 290
 7  87  71  79   2   0  14 0.00  0.0    M  8.6 16 300   M    M   6        21 290
 8  85  72  79   2   0  14 0.00  0.0    M  9.0 17  80   M    M   7        25  60
 9  79  68  74  -3   0   9 0.03  0.0    M 13.9 24  90   M    M   9 1      32  90
10  73  67  70  -6   0   5 0.12  0.0    M 10.1 17  80   M    M  10 1      23  80
11  82  71  77   1   0  12 0.01  0.0    M  5.7 14 190   M    M   9 1      18 190
12  85  65  75  -1   0  10    T  0.0    0  8.4 16 320   M    M   6 1      25 330
13  81  57  69  -7   0   4 0.00  0.0    0  8.3 17 330   M    M   2        23 360
14  85  62  74  -2   0   9 0.00  0.0    M  5.7 13  20   M    M   2        19  40
15  83  66  75   0   0  10 0.00  0.0    M  7.5 15  50   M    M   2        20  60
16  83  64  74  -1   0   9 0.00  0.0    0  5.8 15  80   M    M   4        20 110
17  84  65  75   0   0  10 0.00  0.0    0  5.9 14  80   M    M   3        19  80
18  86  65  76   2   0  11 0.00  0.0    0  6.2 13  50   M    M   2        19  40
19  87  67  77   3   0  12 0.00  0.0    M  5.6 15 330   M    M   3        20  30
20  92  69  81   7   0  16 0.38  0.0    0  4.4 25 340   M    M   4 13     32 330
21  93  71  82   8   0  17 0.00  0.0    M  3.5  9 320   M    M   1        14 250
22  94  68  81   8   0  16    T  0.0    0 10.9 22 340   M    M   2        29 330
23  80  62  71  -2   0   6 0.00  0.0    M  6.4 16  80   M    M   1        23  80
24  81  55  68  -5   0   3 0.00  0.0    0  2.8  8 180   M    M   1        13 200
25  83  63  73   1   0   8    T  0.0    0  6.3 16 290   M    M   5        20 290
26  82  62  72   0   0   7 0.00  0.0    0  8.9 20 300   M    M   2        26 310
27  76  55  66  -6   0   1 0.00  0.0    0 10.3 21 310   M    M   1        29 340
================================================================================
SM 2281 1795         0 289  0.99  0.0    193.8          M      124
================================================================================
AV 84.5 66.5                               7.2 FASTST   M    M   5    MAX(MPH)
                                 MISC ---->    25 340               # 32  90
================================================================================
NOTES:
# LAST OF SEVERAL OCCURRENCES

COLUMN 17 PEAK WIND IN M.P.H.

PRELIMINARY LOCAL CLIMATOLOGICAL DATA (WS FORM: F-6) , PAGE 2

                                          STATION:   ATLANTA
                                          MONTH:     SEPTEMBER
                                          YEAR:      2022
                                          LATITUDE:   33 39 N
                                          LONGITUDE:  84 26 W

[TEMPERATURE DATA]      [PRECIPITATION DATA]       SYMBOLS USED IN COLUMN 16

AVERAGE MONTHLY: 75.5   TOTAL FOR MONTH:   0.99    1 = FOG OR MIST
DPTR FM NORMAL:   0.1   DPTR FM NORMAL:   -2.41    2 = FOG REDUCING VISIBILITY
HIGHEST:    94 ON 22    GRTST 24HR  0.38 ON 20-20      TO 1/4 MILE OR LESS
LOWEST:     55 ON 27,24                             3 = THUNDER
                        SNOW, ICE PELLETS, HAIL    4 = ICE PELLETS
                        TOTAL MONTH:   0.0 INCH    5 = HAIL
                        GRTST 24HR  0.0            6 = FREEZING RAIN OR DRIZZLE
                        GRTST DEPTH:  0            7 = DUSTSTORM OR SANDSTORM:
                                                       VSBY 1/2 MILE OR LESS
                                                   8 = SMOKE OR HAZE
[NO. OF DAYS WITH]      [WEATHER - DAYS WITH]      9 = BLOWING SNOW
                                                   X = TORNADO
MAX 32 OR BELOW:   0    0.01 INCH OR MORE:   7
MAX 90 OR ABOVE:   4    0.10 INCH OR MORE:   4
MIN 32 OR BELOW:   0    0.50 INCH OR MORE:   0
MIN  0 OR BELOW:   0    1.00 INCH OR MORE:   0

[HDD (BASE 65) ]
TOTAL THIS MO.     0    CLEAR  (SCALE 0-3)  11
DPTR FM NORMAL     0    PTCLDY (SCALE 4-7)  11
TOTAL FM JUL 1     0    CLOUDY (SCALE 8-10)  5
DPTR FM NORMAL     0

[CDD (BASE 65) ]
TOTAL THIS MO.   289
DPTR FM NORMAL     7    [PRESSURE DATA]
TOTAL FM JAN 1  2133    HIGHEST SLP M ON M
DPTR FM NORMAL   203    LOWEST  SLP 29.76 ON  8

[REMARKS]
