000
CXUS53 KABR 281100
CF6ATY
PRELIMINARY LOCAL CLIMATOLOGICAL DATA (WS FORM: F-6)

                                          STATION:   WATERTOWN SD
                                          MONTH:     SEPTEMBER
                                          YEAR:      2022
                                          LATITUDE:   44 55 N
                                          LONGITUDE:  97  9 W

  TEMPERATURE IN F:       :PCPN:    SNOW:  WIND      :SUNSHINE: SKY     :PK WND
================================================================================
1   2   3   4   5  6A  6B    7    8   9   10  11  12  13   14  15   16   17  18
                                     12Z  AVG MX 2MIN
DY MAX MIN AVG DEP HDD CDD  WTR  SNW DPTH SPD SPD DIR MIN PSBL S-S WX    SPD DR
================================================================================

 1  91  56  74   9   0   9 0.00  0.0    0  6.7 15 200   M    M   0 1      20 200
 2  85  50  68   3   0   3 0.00  0.0    0  9.4 23 330   M    M   0        30 340
 3  75  45  60  -5   5   0 0.00  0.0    0  5.6 13  20   M    M   0        17  20
 4  78  47  63  -1   2   0 0.00  0.0    0  7.1 16 150   M    M   0        23 160
 5  81  56  69   5   0   4 0.00  0.0    0 13.9 24 160   M    M   2        33 160
 6  90  60  75  11   0  10 0.00  0.0    0  6.1 15 150   M    M   0        20 160
 7  88  61  75  11   0  10 0.00  0.0    0  8.1 16 170   M    M   0 1      23 160
 8  91  58  75  12   0  10 0.14  0.0    0 14.3 24  10   M    M   1 3      34 350
 9  69  51  60  -3   5   0 0.14  0.0    0  7.7 24 300   M    M   7 1      32 290
10  71  44  58  -4   7   0 0.00  0.0    0  4.1 16 320   M    M   0 1      22 290
11  74  40  57  -5   8   0 0.00  0.0    0  3.6 13 320   M    M   0 1      19 310
12  79  43  61  -1   4   0 0.00  0.0    0  4.8 12 140   M    M   0        17 160
13  82  50  66   5   0   1 0.00  0.0    0  6.7 14  60   M    M   0        19  60
14  88  60  74  13   0   9 0.00  0.0    0 10.9 22 160   M    M   0        32 150
15  85  65  75  14   0  10 0.09  0.0    0 12.0 28 200   M    M   5 13     36 210
16  72  59  66   6   0   1 0.00  0.0    0  7.3 17 230   M    M   7 1      22 220
17  83  58  71  11   0   6 0.46  0.0    0  8.7 21 300   M    M   2 1      28 300
18  73  51  62   3   3   0 0.00  0.0    0  4.4 10 200   M    M   2 12     13 210
19  83  53  68   9   0   3 0.00  0.0    0  9.8 21 160   M    M   0        29 170
20  85  55  70  12   0   5 0.00  0.0    0  9.8 23 360   M    M   2 12     31 360
21  66  42  54  -4  11   0    T  0.0    0 13.5 25 320   M    M   1        34 300
22  64  37  51  -7  14   0 0.00  0.0    0  6.5 14 170   M    M   1        18 160
23  62  50  56  -1   9   0 0.19  0.0    0 13.5 29 170   M    M   9 13     39 180
24  64  46  55  -2  10   0    T  0.0    0 10.0 22 300   M    M   4 1      29 260
25  68  46  57   1   8   0 0.00  0.0    0 15.4 30 320   M    M   0        41 320
26  69  45  57   1   8   0 0.00  0.0    0  5.3 14 320   M    M   3        20 320
27  64  37  51  -4  14   0 0.00  0.0    0  6.3 15  40   M    M   0        21  50
================================================================================
SM 2080 1365       108  81  1.02  0.0    231.5          M       46
================================================================================
AV 77.0 50.6                               8.6 FASTST   M    M   2    MAX(MPH)
                                 MISC ---->    30 320                 41 320
================================================================================
NOTES:
# LAST OF SEVERAL OCCURRENCES

COLUMN 17 PEAK WIND IN M.P.H.

PRELIMINARY LOCAL CLIMATOLOGICAL DATA (WS FORM: F-6) , PAGE 2

                                          STATION:   WATERTOWN SD
                                          MONTH:     SEPTEMBER
                                          YEAR:      2022
                                          LATITUDE:   44 55 N
                                          LONGITUDE:  97  9 W

[TEMPERATURE DATA]      [PRECIPITATION DATA]       SYMBOLS USED IN COLUMN 16

AVERAGE MONTHLY: 63.8   TOTAL FOR MONTH:   1.02    1 = FOG OR MIST
DPTR FM NORMAL:   3.1   DPTR FM NORMAL:   -1.20    2 = FOG REDUCING VISIBILITY
HIGHEST:    91 ON  8, 1  GRTST 24HR  0.46 ON 17-17      TO 1/4 MILE OR LESS
LOWEST:     37 ON 27,22                             3 = THUNDER
                        SNOW, ICE PELLETS, HAIL    4 = ICE PELLETS
                        TOTAL MONTH:   0.0 INCH    5 = HAIL
                        GRTST 24HR  0.0            6 = FREEZING RAIN OR DRIZZLE
                        GRTST DEPTH:  0            7 = DUSTSTORM OR SANDSTORM:
                                                       VSBY 1/2 MILE OR LESS
                                                   8 = SMOKE OR HAZE
[NO. OF DAYS WITH]      [WEATHER - DAYS WITH]      9 = BLOWING SNOW
                                                   X = TORNADO
MAX 32 OR BELOW:   0    0.01 INCH OR MORE:   5
MAX 90 OR ABOVE:   3    0.10 INCH OR MORE:   4
MIN 32 OR BELOW:   0    0.50 INCH OR MORE:   0
MIN  0 OR BELOW:   0    1.00 INCH OR MORE:   0

[HDD (BASE 65) ]
TOTAL THIS MO.   108    CLEAR  (SCALE 0-3)  21
DPTR FM NORMAL   -53    PTCLDY (SCALE 4-7)   5
TOTAL FM JUL 1   116    CLOUDY (SCALE 8-10)  1
DPTR FM NORMAL   -96

[CDD (BASE 65) ]
TOTAL THIS MO.    81
DPTR FM NORMAL    36    [PRESSURE DATA]
TOTAL FM JAN 1   693    HIGHEST SLP M ON M
DPTR FM NORMAL   177    LOWEST  SLP 29.60 ON  8

[REMARKS]
