000
CXUS53 KGID 280830
CF6AUH
PRELIMINARY LOCAL CLIMATOLOGICAL DATA (WS FORM: F-6)

                                          STATION:   AURORA NE
                                          MONTH:     SEPTEMBER
                                          YEAR:      2022
                                          LATITUDE:   40 54 N
                                          LONGITUDE:  97 59 W

  TEMPERATURE IN F:       :PCPN:    SNOW:  WIND      :SUNSHINE: SKY     :PK WND
================================================================================
1   2   3   4   5  6A  6B    7    8   9   10  11  12  13   14  15   16   17  18
                                     12Z  AVG MX 2MIN
DY MAX MIN AVG DEP HDD CDD  WTR  SNW DPTH SPD SPD DIR MIN PSBL S-S WX    SPD DR
================================================================================

 1  91  65  78   M   0  13 0.00    M    M  5.8 13 170   M    M   1        18 170
 2  91  64  78   M   0  13 0.00    M    M  6.1 12 200   M    M   0 3      20  10
 3  81  53  67   M   0   2 0.00    M    M  8.5 16  20   M    M   0        18  30
 4  80  47  64   M   1   0 0.00    M    M  4.3  8 100   M    M   0         M   M
 5  84  56  70   M   0   5 0.00    M    M  6.5 12 160   M    M   4 12     16 190
 6  90  63  77   M   0  12 0.00    M    M  6.4 14 190   M    M   0        20 190
 7  89  62  76   M   0  11 0.00    M    M  7.3 13 130   M    M   0        17 130
 8  92  65  79   M   0  14 0.00    M    M 12.6 17 180   M    M   0        24 180
 9  73  56  65   M   0   0 0.29    M    M 11.9 20  10   M    M   4 3      29  10
10  66  48  57   M   8   0 1.07    M    M  6.9 17 360   M    M   5        24  10
11  76  45  61   M   4   0 0.00    M    M  3.2  7 280   M    M   1         M   M
12  84  50  67   M   0   2 0.00    M    M  4.4  8 220   M    M   0         M   M
13  90  53  72   M   0   7 0.00    M    M  6.8 13 170   M    M   0        18 150
14  89  61  75   M   0  10 0.00    M    M 10.4 16 170   M    M   0        23 170
15  89  64  77   M   0  12 0.00    M    M 12.4 18 170   M    M   2        29 170
16  85  64  75   M   0  10 0.00    M    M  6.6 14 150   M    M   1        20 170
17  83  64  74   M   0   9    T    M    M  5.6 14 160   M    M   3        25 140
18  84  61  73   M   0   8 0.00    M    M  7.4 12  50   M    M   4 1      18  40
19  96  59  78   M   0  13 0.00    M    M  8.1 16 200   M    M   2 12     20 180
20 100  70  85   M   0  20 0.00    M    M  8.7 16 210   M    M   1        18 230
21  72  53  63   M   2   0 0.14    M    M 10.5 18  20   M    M   4        29  20
22  57  51  54   M  11   0    T    M    M  4.9 12 160   M    M   6        16 160
23  76  52  64   M   1   0 0.00    M    M  8.7 13 200   M    M   5        20 200
24  88  49  69   M   0   4 0.00    M    M  6.6 17 320   M    M   1        23 330
25  79  46  63   M   2   0 0.00    M    M  9.5 21 310   M    M   1        28 340
26  78  39  59   M   6   0 0.00    M    M  4.1  8 340   M    M   0         M   M
27  81  47  64   M   1   0 0.00    M    M  5.8 12  50   M    M   0        18  50
================================================================================
SM 2244 1507        36 165  1.50    M    200.0          M       45
================================================================================
AV 83.1 55.8                               7.4 FASTST   M    M   2    MAX(MPH)
                                 MISC ---->    21 310               # 29  10
================================================================================
NOTES:
# LAST OF SEVERAL OCCURRENCES

COLUMN 17 PEAK WIND IN M.P.H.

PRELIMINARY LOCAL CLIMATOLOGICAL DATA (WS FORM: F-6) , PAGE 2

                                          STATION:   AURORA NE
                                          MONTH:     SEPTEMBER
                                          YEAR:      2022
                                          LATITUDE:   40 54 N
                                          LONGITUDE:  97 59 W

[TEMPERATURE DATA]      [PRECIPITATION DATA]       SYMBOLS USED IN COLUMN 16

AVERAGE MONTHLY: 69.5   TOTAL FOR MONTH:   1.50    1 = FOG OR MIST
DPTR FM NORMAL:   0.0   DPTR FM NORMAL:   -1.16    2 = FOG REDUCING VISIBILITY
HIGHEST:   100 ON 20    GRTST 24HR  1.07 ON 10-10      TO 1/4 MILE OR LESS
LOWEST:     39 ON 26                               3 = THUNDER
                        SNOW, ICE PELLETS, HAIL    4 = ICE PELLETS
                        TOTAL MONTH:  M            5 = HAIL
                        GRTST 24HR    M  ON   M    6 = FREEZING RAIN OR DRIZZLE
                        GRTST DEPTH:  M  ON   M    7 = DUSTSTORM OR SANDSTORM:
                                                       VSBY 1/2 MILE OR LESS
                                                   8 = SMOKE OR HAZE
[NO. OF DAYS WITH]      [WEATHER - DAYS WITH]      9 = BLOWING SNOW
                                                   X = TORNADO
MAX 32 OR BELOW:   0    0.01 INCH OR MORE:   3
MAX 90 OR ABOVE:   7    0.10 INCH OR MORE:   3
MIN 32 OR BELOW:   0    0.50 INCH OR MORE:   1
MIN  0 OR BELOW:   0    1.00 INCH OR MORE:   1

[HDD (BASE 65) ]
TOTAL THIS MO.    36    CLEAR  (SCALE 0-3)  20
DPTR FM NORMAL     M    PTCLDY (SCALE 4-7)   7
TOTAL FM JUL 1    37    CLOUDY (SCALE 8-10)  0
DPTR FM NORMAL     M

[CDD (BASE 65) ]
TOTAL THIS MO.   165
DPTR FM NORMAL     M    [PRESSURE DATA]
TOTAL FM JAN 1  1222    HIGHEST SLP M ON M
DPTR FM NORMAL     M    LOWEST  SLP M ON M

[REMARKS]
