000
CXUS54 KEWX 261010
CF6AUS
PRELIMINARY LOCAL CLIMATOLOGICAL DATA (WS FORM: F-6)

                                          STATION:   AUSTIN BERGSTROM
                                          MONTH:     SEPTEMBER
                                          YEAR:      2022
                                          LATITUDE:   30 13 N
                                          LONGITUDE:  97 40 W

  TEMPERATURE IN F:       :PCPN:    SNOW:  WIND      :SUNSHINE: SKY     :PK WND
================================================================================
1   2   3   4   5  6A  6B    7    8   9   10  11  12  13   14  15   16   17  18
                                     12Z  AVG MX 2MIN
DY MAX MIN AVG DEP HDD CDD  WTR  SNW DPTH SPD SPD DIR MIN PSBL S-S WX    SPD DR
================================================================================

 1  93  72  83   1   0  18 0.00  0.0    0  4.2 20  70   M    M   7 1      26  70
 2  94  71  83   1   0  18 0.00  0.0    0  3.7 16 140   M    M   7        21 140
 3  92  73  83   1   0  18 0.04  0.0    0  4.0 23  20   M    M   9 13     29  20
 4  86  71  79  -3   0  14    T  0.0    0  4.2 25  30   M    M   7        33 360
 5  92  65  79  -3   0  14 0.00  0.0    0  5.1 17 180   M    M   3        22 180
 6  93  67  80  -1   0  15 0.00  0.0    0  4.6 14 140   M    M   2        23 150
 7  95  71  83   2   0  18 0.10  0.0    0  3.8 29  10   M    M   4 3      37  10
 8  93  69  81   0   0  16 0.00  0.0    0  5.1 13  30   M    M   2        20  60
 9  94  67  81   0   0  16 0.00  0.0    0  3.5 12 100   M    M   4        20  80
10  94  69  82   2   0  17 0.00  0.0    0  3.5 10  70   M    M   4        18  80
11  91  68  80   0   0  15 0.00  0.0    0  7.0 18  20   M    M   3        29  30
12  91  66  79  -1   0  14 0.00  0.0    0  4.4 12  60   M    M   2        22  70
13  94  65  80   0   0  15 0.00  0.0    0  2.8 14 150   M    M   3        22  90
14  91  63  77  -3   0  12 0.00  0.0    0  3.1 14  50   M    M   4        20  30
15  92  59  76  -3   0  11 0.00  0.0    0  4.1 15 130   M    M   5        20 140
16  95  70  83   4   0  18 0.00  0.0    0  5.9 20 130   M    M   5        25 130
17  97  71  84   5   0  19 0.00  0.0    0  7.5 21 150   M    M   5 1      31 110
18  97  71  84   6   0  19 0.00  0.0    0  5.0 15 100   M    M   4 1      20  90
19  97  69  83   5   0  18 0.00  0.0    0  5.7 15 130   M    M   4 8      26 150
20  97  70  84   6   0  19 0.00  0.0    0  4.2 15 140   M    M   4        20 180
21  96  65  81   3   0  16 0.00  0.0    0  3.5 13 130   M    M   1 1      18 130
22  98  63  81   3   0  16 0.00  0.0    0  2.5 12  30   M    M   1        17  40
23  97  65  81   4   0  16 0.00  0.0    0  4.6 13 130   M    M   3        17 170
24  95  63  79   2   0  14 0.00  0.0    0  5.7 16 140   M    M   3        23 150
25  96  68  82   5   0  17 0.00  0.0    0  2.4 10  80   M    M   2        16  80
================================================================================
SM 2350 1691         0 403  0.14  0.0    110.1          M       98
================================================================================
AV 94.0 67.6                               4.4 FASTST   M    M   4    MAX(MPH)
                                 MISC ---->    29  10                 37  10
================================================================================
NOTES:
# LAST OF SEVERAL OCCURRENCES

COLUMN 17 PEAK WIND IN M.P.H.

PRELIMINARY LOCAL CLIMATOLOGICAL DATA (WS FORM: F-6) , PAGE 2

                                          STATION:   AUSTIN BERGSTROM
                                          MONTH:     SEPTEMBER
                                          YEAR:      2022
                                          LATITUDE:   30 13 N
                                          LONGITUDE:  97 40 W

[TEMPERATURE DATA]      [PRECIPITATION DATA]       SYMBOLS USED IN COLUMN 16

AVERAGE MONTHLY: 80.8   TOTAL FOR MONTH:   0.14    1 = FOG OR MIST
DPTR FM NORMAL:   1.1   DPTR FM NORMAL:   -2.44    2 = FOG REDUCING VISIBILITY
HIGHEST:    98 ON 22    GRTST 24HR  0.41 ON 31- 1      TO 1/4 MILE OR LESS
LOWEST:     59 ON 15                               3 = THUNDER
                        SNOW, ICE PELLETS, HAIL    4 = ICE PELLETS
                        TOTAL MONTH:   0.0 INCH    5 = HAIL
                        GRTST 24HR  0.0            6 = FREEZING RAIN OR DRIZZLE
                        GRTST DEPTH:  0            7 = DUSTSTORM OR SANDSTORM:
                                                       VSBY 1/2 MILE OR LESS
                                                   8 = SMOKE OR HAZE
[NO. OF DAYS WITH]      [WEATHER - DAYS WITH]      9 = BLOWING SNOW
                                                   X = TORNADO
MAX 32 OR BELOW:   0    0.01 INCH OR MORE:   2
MAX 90 OR ABOVE:  24    0.10 INCH OR MORE:   1
MIN 32 OR BELOW:   0    0.50 INCH OR MORE:   0
MIN  0 OR BELOW:   0    1.00 INCH OR MORE:   0

[HDD (BASE 65) ]
TOTAL THIS MO.     0    CLEAR  (SCALE 0-3)  10
DPTR FM NORMAL     0    PTCLDY (SCALE 4-7)  14
TOTAL FM JUL 1     0    CLOUDY (SCALE 8-10)  1
DPTR FM NORMAL     0

[CDD (BASE 65) ]
TOTAL THIS MO.   403
DPTR FM NORMAL    35    [PRESSURE DATA]
TOTAL FM JAN 1  3106    HIGHEST SLP M ON M
DPTR FM NORMAL   422    LOWEST  SLP 29.67 ON  9

[REMARKS]
