000
CXUS56 KLOX 271155
CF6AVX
PRELIMINARY LOCAL CLIMATOLOGICAL DATA (WS FORM: F-6)

                                          STATION:   AVALON
                                          MONTH:     SEPTEMBER
                                          YEAR:      2022
                                          LATITUDE:   33 24 N
                                          LONGITUDE: 118 25 W

  TEMPERATURE IN F:       :PCPN:    SNOW:  WIND      :SUNSHINE: SKY     :PK WND
================================================================================
1   2   3   4   5  6A  6B    7    8   9   10  11  12  13   14  15   16   17  18
                                     12Z  AVG MX 2MIN
DY MAX MIN AVG DEP HDD CDD  WTR  SNW DPTH SPD SPD DIR MIN PSBL S-S WX    SPD DR
================================================================================

 1 105  78  92  20   0  27 0.00    M    M  5.7 16 310   M    M   0        23 320
 2  96  71  84  12   0  19 0.00    M    M  4.5 15 140   M    M   0        19 130
 3  98  77  88  16   0  23 0.00    M    M  6.2 14 240   M    M   0        17 240
 4 100  77  89  17   0  24 0.02    M    M  8.1 16 150   M    M   1        21 150
 5  92  77  85  13   0  20 0.00    M    M  5.2 14 250   M    M   0        16 260
 6  92  78  85  13   0  20 0.00    M    M  4.3 12 260   M    M   0        13 260
 7  93  75  84  12   0  19 0.00    M    M  4.3 10 360   M    M   0        13 320
 8  93  79  86  14   0  21 0.00    M    M  8.1 18 320   M    M   0        23 160
 9  89  66  78   6   0  13 0.67    M    M 17.9 35 100   M    M   5 12     47 100
10  73  65  69  -3   0   4 0.05    M    M 15.0 30 150   M    M   5 12     41 160
11  76  69  73   1   0   8 0.00    M    M  4.9 13 250   M    M   6        17 260
12  76  67  72   1   0   7 0.00    M    M  7.7 15 250   M    M   2        19 250
13  75  63  69  -2   0   4 0.00    M    M  6.8 12 240   M    M   1 18      M   M
14  71  61  66  -5   0   1 0.00    M    M  6.3 16 260   M    M   3 1      19 250
15  72  60  66  -5   0   1 0.00    M    M  6.5 16 250   M    M   2 1      19 250
16  72  59  66  -5   0   1 0.00    M    M  7.1 14 250   M    M   3 128    17 260
17  69  58  64  -7   1   0 0.00    M    M  4.1 10 260   M    M   6 12     15 250
18  68  58  63  -7   2   0 0.00    M    M  7.8 15 240   M    M   5        19 250
19  68  58  63  -7   2   0 0.00    M    M  6.7 15 260   M    M   3 18     19 280
20  71  59  65  -5   0   0 0.00    M    M  7.6 17 260   M    M   5 12     22 240
21  71  59  65  -5   0   0 0.00    M    M  9.9 18 260   M    M   1 12     21 250
22  74  61  68  -2   0   3 0.00    M    M  5.2 12 250   M    M   0        14 250
23  78  67  73   4   0   8 0.00    M    M  4.4 10 240   M    M   0        13 250
24  80  70  75   6   0  10 0.00    M    M  6.5 14 270   M    M   0        18 260
25  82  69  76   7   0  11 0.00    M    M  9.5 17 260   M    M   0        24 260
26  85  73  79  10   0  14 0.00    M    M  7.4 15 270   M    M   0        20 280
================================================================================
SM 2119 1754         5 258  0.74    M    187.7          M       48
================================================================================
AV 81.5 67.5                               7.2 FASTST   M    M   2    MAX(MPH)
                                 MISC ---->    35 100                 47 100
================================================================================
NOTES:
# LAST OF SEVERAL OCCURRENCES

COLUMN 17 PEAK WIND IN M.P.H.

PRELIMINARY LOCAL CLIMATOLOGICAL DATA (WS FORM: F-6) , PAGE 2

                                          STATION:   AVALON
                                          MONTH:     SEPTEMBER
                                          YEAR:      2022
                                          LATITUDE:   33 24 N
                                          LONGITUDE: 118 25 W

[TEMPERATURE DATA]      [PRECIPITATION DATA]       SYMBOLS USED IN COLUMN 16

AVERAGE MONTHLY: 74.5   TOTAL FOR MONTH:   0.74    1 = FOG OR MIST
DPTR FM NORMAL:   3.6   DPTR FM NORMAL:    0.65    2 = FOG REDUCING VISIBILITY
HIGHEST:   105 ON  1    GRTST 24HR  0.72 ON  9-10      TO 1/4 MILE OR LESS
LOWEST:     58 ON 19,18                             3 = THUNDER
                        SNOW, ICE PELLETS, HAIL    4 = ICE PELLETS
                        TOTAL MONTH:  M            5 = HAIL
                        GRTST 24HR    M  ON   M    6 = FREEZING RAIN OR DRIZZLE
                        GRTST DEPTH:  M  ON   M    7 = DUSTSTORM OR SANDSTORM:
                                                       VSBY 1/2 MILE OR LESS
                                                   8 = SMOKE OR HAZE
[NO. OF DAYS WITH]      [WEATHER - DAYS WITH]      9 = BLOWING SNOW
                                                   X = TORNADO
MAX 32 OR BELOW:   0    0.01 INCH OR MORE:   3
MAX 90 OR ABOVE:   8    0.10 INCH OR MORE:   1
MIN 32 OR BELOW:   0    0.50 INCH OR MORE:   1
MIN  0 OR BELOW:   0    1.00 INCH OR MORE:   0

[HDD (BASE 65) ]
TOTAL THIS MO.     5    CLEAR  (SCALE 0-3)  20
DPTR FM NORMAL   -24    PTCLDY (SCALE 4-7)   6
TOTAL FM JUL 1    26    CLOUDY (SCALE 8-10)  0
DPTR FM NORMAL   -67

[CDD (BASE 65) ]
TOTAL THIS MO.   258
DPTR FM NORMAL    80    [PRESSURE DATA]
TOTAL FM JAN 1   951    HIGHEST SLP M ON M
DPTR FM NORMAL   299    LOWEST  SLP 29.48 ON  9

[REMARKS]
