000
CXUS51 KOKX 280910
CF6BDR
PRELIMINARY LOCAL CLIMATOLOGICAL DATA (WS FORM: F-6)

                                          STATION:   BRIDGEPORT CT
                                          MONTH:     SEPTEMBER
                                          YEAR:      2022
                                          LATITUDE:   41 10 N
                                          LONGITUDE:  73  8 W

  TEMPERATURE IN F:       :PCPN:    SNOW:  WIND      :SUNSHINE: SKY     :PK WND
================================================================================
1   2   3   4   5  6A  6B    7    8   9   10  11  12  13   14  15   16   17  18
                                     12Z  AVG MX 2MIN
DY MAX MIN AVG DEP HDD CDD  WTR  SNW DPTH SPD SPD DIR MIN PSBL S-S WX    SPD DR
================================================================================

 1  86  64  75   3   0  10 0.00  0.0    0  9.1 21 300   M    M   0        30 300
 2  75  59  67  -5   0   2 0.00  0.0    0  6.9 13 170   M    M   0        18  30
 3  77  60  69  -3   0   4 0.00  0.0    0  6.8 12 180   M    M   1        16 190
 4  84  71  78   7   0  13    T  0.0    0  6.9 14  10   M    M   2 3      16 360
 5  83  71  77   6   0  12 0.04  0.0    0  6.4 12 160   M    M   6        18 100
 6  74  65  70  -1   0   5 2.56  0.0    0 12.0 25  70   M    M  10 1      32  60
 7  76  64  70   0   0   5 0.00  0.0    0 11.4 16  20   M    M  10        21  40
 8  77  62  70   0   0   5 0.00  0.0    0  7.6 15  30   M    M   0        18  50
 9  75  57  66  -4   0   1 0.00  0.0    0  6.5 12 220   M    M   0        14 160
10  82  60  71   1   0   6 0.00  0.0    0  5.5 15 220   M    M   0        18 220
11  76  67  72   3   0   7 0.03  0.0    0  4.4 10 220   M    M   6 1      13 220
12  76  66  71   2   0   6 0.43  0.0    0  6.2 13  30   M    M   7 1      15  20
13  82  66  74   5   0   9 1.12  0.0    0  8.3 16 360   M    M   5 13     22 270
14  80  60  70   2   0   5 0.00  0.0    0  6.6 15 330   M    M   1        21 290
15  73  56  65  -3   0   0 0.00  0.0    0  9.3 18 350   M    M   0        25 340
16  75  50  63  -5   2   0 0.00  0.0    0  5.4 14 220   M    M   0        17 220
17  70  58  64  -3   1   0 0.00  0.0    0  7.3 14 210   M    M   4        17 210
18  82  64  73   6   0   8 0.00  0.0    0 10.2 18 230   M    M   0        24 230
19  84  66  75   8   0  10 0.12  0.0    0  7.2 28 260   M    M   5 3      51 240
20  77  63  70   4   0   5 0.00  0.0    0  5.9 14 300   M    M   4        18 300
21  76  60  68   2   0   3 0.00  0.0    0  8.3 16 220   M    M   2        20 150
22  74  55  65  -1   0   0 0.47  0.0    0 10.1 29 340   M    M   5 13     39 310
23  63  48  56  -9   9   0 0.00  0.0    0 15.8 28 350   M    M   0        36 340
24  70  46  58  -7   7   0 0.00  0.0    0  6.7 21 310   M    M   0        26 290
25  73  54  64   0   1   0 0.30  0.0    0  8.5 22 210   M    M   5 13     28 220
26  74  59  67   3   0   2    T  0.0    0 12.8 26 210   M    M   2 3      34 190
27  71  56  64   0   1   0    T  0.0    0  7.1 17 300   M    M   2        22 250
================================================================================
SM 2065 1627        21 118  5.07  0.0    219.2          M       77
================================================================================
AV 76.5 60.3                               8.1 FASTST   M    M   3    MAX(MPH)
                                 MISC ---->    29 340                 51 240
================================================================================
NOTES:
# LAST OF SEVERAL OCCURRENCES

COLUMN 17 PEAK WIND IN M.P.H.

PRELIMINARY LOCAL CLIMATOLOGICAL DATA (WS FORM: F-6) , PAGE 2

                                          STATION:   BRIDGEPORT CT
                                          MONTH:     SEPTEMBER
                                          YEAR:      2022
                                          LATITUDE:   41 10 N
                                          LONGITUDE:  73  8 W

[TEMPERATURE DATA]      [PRECIPITATION DATA]       SYMBOLS USED IN COLUMN 16

AVERAGE MONTHLY: 68.4   TOTAL FOR MONTH:   5.07    1 = FOG OR MIST
DPTR FM NORMAL:   0.2   DPTR FM NORMAL:    1.54    2 = FOG REDUCING VISIBILITY
HIGHEST:    86 ON  1    GRTST 24HR  2.60 ON  5- 6      TO 1/4 MILE OR LESS
LOWEST:     46 ON 24                               3 = THUNDER
                        SNOW, ICE PELLETS, HAIL    4 = ICE PELLETS
                        TOTAL MONTH:   0.0 INCH    5 = HAIL
                        GRTST 24HR  0.0            6 = FREEZING RAIN OR DRIZZLE
                        GRTST DEPTH:  0            7 = DUSTSTORM OR SANDSTORM:
                                                       VSBY 1/2 MILE OR LESS
                                                   8 = SMOKE OR HAZE
[NO. OF DAYS WITH]      [WEATHER - DAYS WITH]      9 = BLOWING SNOW
                                                   X = TORNADO
MAX 32 OR BELOW:   0    0.01 INCH OR MORE:   8
MAX 90 OR ABOVE:   0    0.10 INCH OR MORE:   6
MIN 32 OR BELOW:   0    0.50 INCH OR MORE:   2
MIN  0 OR BELOW:   0    1.00 INCH OR MORE:   2

[HDD (BASE 65) ]
TOTAL THIS MO.    21    CLEAR  (SCALE 0-3)  16
DPTR FM NORMAL   -11    PTCLDY (SCALE 4-7)   9
TOTAL FM JUL 1    21    CLOUDY (SCALE 8-10)  2
DPTR FM NORMAL   -12

[CDD (BASE 65) ]
TOTAL THIS MO.   118
DPTR FM NORMAL     1    [PRESSURE DATA]
TOTAL FM JAN 1  1070    HIGHEST SLP M ON M
DPTR FM NORMAL   136    LOWEST  SLP 29.53 ON 22

[REMARKS]
