000
CXAK56 PAFC 271037
CF6BET
PRELIMINARY LOCAL CLIMATOLOGICAL DATA (WS FORM: F-6)

                                          STATION:   BETHEL
                                          MONTH:     SEPTEMBER
                                          YEAR:      2022
                                          LATITUDE:   60 46 N
                                          LONGITUDE: 161 48 W

  TEMPERATURE IN F:       :PCPN:    SNOW:  WIND      :SUNSHINE: SKY     :PK WND
================================================================================
1   2   3   4   5  6A  6B    7    8   9   10  11  12  13   14  15   16   17  18
                                     12Z  AVG MX 2MIN
DY MAX MIN AVG DEP HDD CDD  WTR  SNW DPTH SPD SPD DIR MIN PSBL S-S WX    SPD DR
================================================================================

 1  51  46  49  -2  16   0 0.22    M    M 10.9 21 160   M    M  10 1      25 160
 2  58  46  52   1  13   0    T    M    M  8.7 16 340   M    M   7        20 350
 3  58  46  52   1  13   0 0.00    M    M 11.7 20 290   M    M   8 1      24 310
 4  49  43  46  -4  19   0    T    M    M  6.0 10 210   M    M   8 1      14 250
 5  54  45  50   0  15   0 0.01    M    M  9.2 17 210   M    M  10 1      21 210
 6  52  45  49  -1  16   0 0.25    M    M 10.3 20 200   M    M   9 1      26 200
 7  53  44  49  -1  16   0 0.42    M    M  6.7 10  30   M    M  10 1      14  30
 8  50  47  49   0  16   0 0.70    M    M 11.4 21 360   M    M  10 1      27 280
 9  50  46  48  -1  17   0 0.40    M    M 16.9 25 250   M    M  10 1      33 270
10  54  37  46  -2  19   0 0.22    M    M  9.0 17 160   M    M   9 1      22 110
11  55  47  51   3  14   0 0.28    M    M 14.8 26 160   M    M  10 1      33 150
12  54  47  51   3  14   0 0.35    M    M 10.6 24 160   M    M   9 1      31 150
13  56  47  52   5  13   0 0.20    M    M  9.1 15 360   M    M  10 1      18 290
14  52  47  50   3  15   0 0.17    M    M 13.4 26 150   M    M  10 1      33 160
15  53  47  50   4  15   0 0.28    M    M 18.2 29 190   M    M  10 1      37 190
16  54  47  51   5  14   0 0.64    M    M 26.8 46 180   M    M  10 1      57 190
17  51  45  48   2  17   0    T    M    M 29.8 45 200   M    M  10 1      56 190
18  52  40  46   1  19   0    T    M    M  7.4 20 200   M    M   9 1      25 200
19  49  43  46   1  19   0 0.50    M    M  3.5  8 300   M    M  10 18     11 310
20  50  37  44   0  21   0    T    M    M  6.6 12 300   M    M   7        17 300
21  44  37  41  -3  24   0 0.10    M    M 11.7 22 140   M    M   9 1      28 140
22  48  40  44   0  21   0 0.04    M    M  7.8 13 250   M    M   9 1      15 230
23  49  39  44   1  21   0 0.04    M    M  9.8 21 170   M    M   6        23 170
24  53  33  43   0  22   0 0.00    M    M  6.3 15  10   M    M   3        18 360
25  50  31  41  -1  24   0    T    M    M  6.2 14 160   M    M   6 12     17 150
26  49  38  44   2  21   0 0.01    M    M  1.7 10 230   M    M   9        12 230
================================================================================
SM 1348 1110       454   0  4.83    M    284.5          M      228
================================================================================
AV 51.8 42.7                              10.9 FASTST   M    M   9    MAX(MPH)
                                 MISC ---->    46 180                 57 190
================================================================================
NOTES:
# LAST OF SEVERAL OCCURRENCES

COLUMN 17 PEAK WIND IN M.P.H.

PRELIMINARY LOCAL CLIMATOLOGICAL DATA (WS FORM: F-6) , PAGE 2

                                          STATION:   BETHEL
                                          MONTH:     SEPTEMBER
                                          YEAR:      2022
                                          LATITUDE:   60 46 N
                                          LONGITUDE: 161 48 W

[TEMPERATURE DATA]      [PRECIPITATION DATA]       SYMBOLS USED IN COLUMN 16

AVERAGE MONTHLY: 47.3   TOTAL FOR MONTH:   4.83    1 = FOG OR MIST
DPTR FM NORMAL:   0.4   DPTR FM NORMAL:    2.29    2 = FOG REDUCING VISIBILITY
HIGHEST:    58 ON  3, 2  GRTST 24HR  0.97 ON  8- 9      TO 1/4 MILE OR LESS
LOWEST:     31 ON 25                               3 = THUNDER
                        SNOW, ICE PELLETS, HAIL    4 = ICE PELLETS
                        TOTAL MONTH:  M            5 = HAIL
                        GRTST 24HR    M  ON   M    6 = FREEZING RAIN OR DRIZZLE
                        GRTST DEPTH:  M  ON   M    7 = DUSTSTORM OR SANDSTORM:
                                                       VSBY 1/2 MILE OR LESS
                                                   8 = SMOKE OR HAZE
[NO. OF DAYS WITH]      [WEATHER - DAYS WITH]      9 = BLOWING SNOW
                                                   X = TORNADO
MAX 32 OR BELOW:   0    0.01 INCH OR MORE:  18
MAX 90 OR ABOVE:   0    0.10 INCH OR MORE:  14
MIN 32 OR BELOW:   1    0.50 INCH OR MORE:   3
MIN  0 OR BELOW:   0    1.00 INCH OR MORE:   0

[HDD (BASE 65) ]
TOTAL THIS MO.   454    CLEAR  (SCALE 0-3)   1
DPTR FM NORMAL   -17    PTCLDY (SCALE 4-7)   5
TOTAL FM JUL 1  1127    CLOUDY (SCALE 8-10) 20
DPTR FM NORMAL    38

[CDD (BASE 65) ]
TOTAL THIS MO.     0
DPTR FM NORMAL     0    [PRESSURE DATA]
TOTAL FM JAN 1     8    HIGHEST SLP M ON M
DPTR FM NORMAL     2    LOWEST  SLP 29.20 ON 22

[REMARKS]
