000
CXUS51 KCTP 280800
CF6BFD
PRELIMINARY LOCAL CLIMATOLOGICAL DATA (WS FORM: F-6)

                                          STATION:   BRADFORD
                                          MONTH:     SEPTEMBER
                                          YEAR:      2022
                                          LATITUDE:   41 47 N
                                          LONGITUDE:  78 38 W

  TEMPERATURE IN F:       :PCPN:    SNOW:  WIND      :SUNSHINE: SKY     :PK WND
================================================================================
1   2   3   4   5  6A  6B    7    8   9   10  11  12  13   14  15   16   17  18
                                     12Z  AVG MX 2MIN
DY MAX MIN AVG DEP HDD CDD  WTR  SNW DPTH SPD SPD DIR MIN PSBL S-S WX    SPD DR
================================================================================

 1  75  47  61  -2   4   0    T    M    M  6.9 17 320   M    M   2        23 280
 2  78  42  60  -3   5   0 0.00    M    M  3.9 13 150   M    M   0        17 150
 3  80  59  70   7   0   5    T    M    M  3.7 10 200   M    M   3 13     16 200
 4  76  65  71   9   0   6 0.23    M    M  2.1  9 130   M    M   9 12     13 120
 5  73  66  70   8   0   5 0.88    M    M  2.8  8 100   M    M  10 1      10 100
 6  71  62  67   5   0   2 0.22    M    M  6.4 10  30   M    M  10 1      14  10
 7  73  60  67   5   0   2 0.26    M    M  4.8 10 350   M    M   9 1      14 350
 8  75  54  65   3   0   0 0.00    M    M  3.1  9  30   M    M   5 12     13  50
 9  79  50  65   4   0   0 0.00    M    M  2.8 10 130   M    M   3 12     13 220
10  75  51  63   2   2   0 0.00    M    M  4.8 13 140   M    M   2 12     16 140
11  68  60  64   4   1   0 0.70    M    M  5.0 12 140   M    M   9 1      17 150
12  77  61  69   9   0   4 0.30    M    M  5.0 16 300   M    M   9 1      20 300
13  67  55  61   1   4   0 0.03    M    M  3.4 16 280   M    M   8 12     25 280
14  75  56  66   6   0   1 0.00    M    M  8.4 16 280   M    M   7 1      23 300
15  68  46  57  -2   8   0 0.00    M    M  3.0 10 330   M    M   3 12     14 360
16  75  41  58  -1   7   0 0.00    M    M  2.3 10 320   M    M   2 1      15 350
17  77  49  63   4   2   0 0.00    M    M  2.8 12 210   M    M   2 12     16 200
18  78  61  70  12   0   5 0.00    M    M  4.2 15 290   M    M   4 18     20 290
19  70  55  63   5   2   0 0.47    M    M  5.1 17 300   M    M   6 13     22 300
20  73  47  60   2   5   0 0.00    M    M  5.2 17 330   M    M   3 1      22 330
21  77  49  63   6   2   0 0.00    M    M  5.2 13 240   M    M   3        19 230
22  71  45  58   1   7   0 0.35    M    M 11.9 26 310   M    M   9 13     38 300
23  56  37  47  -9  18   0    T    M    M  8.8 20 330   M    M   3        27 310
24  64  37  51  -5  14   0    T    M    M  1.5 10 200   M    M   4        14 200
25  62  53  58   2   7   0 0.62    M    M  7.0 21 290   M    M   9 13     29 300
26  61  49  55   0  10   0 0.21    M    M  8.2 22 300   M    M   8 8      34 220
27  54  48  51  -4  14   0 0.09    M    M  7.2 14 270   M    M  10 18     19 250
================================================================================
SM 1928 1405       112  30  4.36    M    135.5          M      152
================================================================================
AV 71.4 52.0                               5.0 FASTST   M    M   6    MAX(MPH)
                                 MISC ---->    26 310                 38 300
================================================================================
NOTES:
# LAST OF SEVERAL OCCURRENCES

COLUMN 17 PEAK WIND IN M.P.H.

PRELIMINARY LOCAL CLIMATOLOGICAL DATA (WS FORM: F-6) , PAGE 2

                                          STATION:   BRADFORD
                                          MONTH:     SEPTEMBER
                                          YEAR:      2022
                                          LATITUDE:   41 47 N
                                          LONGITUDE:  78 38 W

[TEMPERATURE DATA]      [PRECIPITATION DATA]       SYMBOLS USED IN COLUMN 16

AVERAGE MONTHLY: 61.7   TOTAL FOR MONTH:   4.36    1 = FOG OR MIST
DPTR FM NORMAL:   2.3   DPTR FM NORMAL:    1.08    2 = FOG REDUCING VISIBILITY
HIGHEST:    80 ON  3    GRTST 24HR  1.01 ON  4- 5      TO 1/4 MILE OR LESS
LOWEST:     37 ON 24,23                             3 = THUNDER
                        SNOW, ICE PELLETS, HAIL    4 = ICE PELLETS
                        TOTAL MONTH:  M            5 = HAIL
                        GRTST 24HR    M  ON   M    6 = FREEZING RAIN OR DRIZZLE
                        GRTST DEPTH:  M  ON   M    7 = DUSTSTORM OR SANDSTORM:
                                                       VSBY 1/2 MILE OR LESS
                                                   8 = SMOKE OR HAZE
[NO. OF DAYS WITH]      [WEATHER - DAYS WITH]      9 = BLOWING SNOW
                                                   X = TORNADO
MAX 32 OR BELOW:   0    0.01 INCH OR MORE:  12
MAX 90 OR ABOVE:   0    0.10 INCH OR MORE:  10
MIN 32 OR BELOW:   0    0.50 INCH OR MORE:   3
MIN  0 OR BELOW:   0    1.00 INCH OR MORE:   0

[HDD (BASE 65) ]
TOTAL THIS MO.   112    CLEAR  (SCALE 0-3)  10
DPTR FM NORMAL   -64    PTCLDY (SCALE 4-7)   6
TOTAL FM JUL 1   141    CLOUDY (SCALE 8-10) 11
DPTR FM NORMAL  -138

[CDD (BASE 65) ]
TOTAL THIS MO.    30
DPTR FM NORMAL     7    [PRESSURE DATA]
TOTAL FM JAN 1   388    HIGHEST SLP M ON M
DPTR FM NORMAL   112    LOWEST  SLP 29.56 ON 25

[REMARKS]
