000
CXUS55 KCYS 281610
CF6BFF
PRELIMINARY LOCAL CLIMATOLOGICAL DATA (WS FORM: F-6)

                                          STATION:   SCOTTSBLUFF NE AIRPORT
                                          MONTH:     SEPTEMBER
                                          YEAR:      2022
                                          LATITUDE:   41 52 N
                                          LONGITUDE: 103 36 W

  TEMPERATURE IN F:       :PCPN:    SNOW:  WIND      :SUNSHINE: SKY     :PK WND
================================================================================
1   2   3   4   5  6A  6B    7    8   9   10  11  12  13   14  15   16   17  18
                                     12Z  AVG MX 2MIN
DY MAX MIN AVG DEP HDD CDD  WTR  SNW DPTH SPD SPD DIR MIN PSBL S-S WX    SPD DR
================================================================================

 1  99  54  77   8   0  12 0.00  0.0    0  4.1 13  30   M    M   0        16  30
 2  94  58  76   7   0  11 0.00  0.0    0  9.2 17  50   M    M   0        24  60
 3  92  55  74   5   0   9 0.00  0.0    0  9.9 20 110   M    M   0        29 120
 4 101  58  80  12   0  15 0.00  0.0    0 10.0 15 100   M    M   0        20  90
 5 100  56  78  10   0  13 0.00  0.0    0  5.4 13  90   M    M   0        15  90
 6 100  55  78  10   0  13 0.00  0.0    0  7.9 14  90   M    M   0        18 100
 7 103  57  80  13   0  15 0.00  0.0    0  7.1 14 100   M    M   0 8      18  80
 8 100  56  78  11   0  13 0.01  0.0    0 11.9 46  30   M    M   1 8      62  20
 9  62  52  57  -9   8   0 0.00  0.0    0  8.8 21  30   M    M   9        27  30
10  64  44  54 -12  11   0    T  0.0    0  4.1  9 170   M    M   6        13 170
11  81  40  61  -5   4   0 0.00  0.0    0  4.1  8  70   M    M   0 18     12 340
12  93  39  66   1   0   1 0.00  0.0    0  7.5 14  20   M    M   0 8      18  30
13  91  46  69   4   0   4 0.00  0.0    0  9.6 18 100   M    M   0 8      25 110
14  89  54  72   8   0   7 0.00  0.0    0  5.4 17 300   M    M   1 8      22 300
15  84  56  70   6   0   5 0.01  0.0    0  7.4 15 260   M    M   4        22 250
16  80  48  64   0   1   0 0.09  0.0    0  5.8 32 270   M    M   1 138    49 270
17  81  45  63   0   2   0    T  0.0    0  5.3 25 290   M    M   2        38 300
18  85  53  69   6   0   4 0.07  0.0    0  8.0 16 130   M    M   2 13     22 130
19  94  56  75  13   0  10 0.00  0.0    0  6.3 15 320   M    M   2 128    20 320
20  88  49  69   7   0   4 0.00  0.0    0  7.4 16  20   M    M   0        23  30
21  68  53  61   0   4   0 0.02  0.0    0  9.8 18  60   M    M   6        27  50
22  57  48  53  -8  12   0 0.52  0.0    0 14.2 25 140   M    M   9 1      32 130
23  81  45  63   3   2   0 0.00  0.0    0  8.7 26 310   M    M   0        37 300
24  83  42  63   3   2   0 0.00  0.0    0  7.8 21 350   M    M   0        33 300
25  78  41  60   1   5   0 0.00  0.0    0  6.6 15 270   M    M   0 8      22 280
26  87  40  64   5   1   0 0.00  0.0    0  6.5 18 330   M    M   0        30 300
27  80  43  62   4   3   0 0.00  0.0    0  7.0 13 120   M    M   0        17 140
================================================================================
SM 2315 1343        55 136  0.72  0.0    205.8          M       43
================================================================================
AV 85.7 49.7                               7.6 FASTST   M    M   2    MAX(MPH)
                                 MISC ---->    46  30                 62  20
================================================================================
NOTES:
# LAST OF SEVERAL OCCURRENCES

COLUMN 17 PEAK WIND IN M.P.H.

PRELIMINARY LOCAL CLIMATOLOGICAL DATA (WS FORM: F-6) , PAGE 2

                                          STATION:   SCOTTSBLUFF NE AIRPORT
                                          MONTH:     SEPTEMBER
                                          YEAR:      2022
                                          LATITUDE:   41 52 N
                                          LONGITUDE: 103 36 W

[TEMPERATURE DATA]      [PRECIPITATION DATA]       SYMBOLS USED IN COLUMN 16

AVERAGE MONTHLY: 67.7   TOTAL FOR MONTH:   0.72    1 = FOG OR MIST
DPTR FM NORMAL:   3.6   DPTR FM NORMAL:   -0.36    2 = FOG REDUCING VISIBILITY
HIGHEST:   103 ON  7    GRTST 24HR  0.54 ON 21-22      TO 1/4 MILE OR LESS
LOWEST:     39 ON 12                               3 = THUNDER
                        SNOW, ICE PELLETS, HAIL    4 = ICE PELLETS
                        TOTAL MONTH:   0.0 INCH    5 = HAIL
                        GRTST 24HR  0.0            6 = FREEZING RAIN OR DRIZZLE
                        GRTST DEPTH:  0            7 = DUSTSTORM OR SANDSTORM:
                                                       VSBY 1/2 MILE OR LESS
                                                   8 = SMOKE OR HAZE
[NO. OF DAYS WITH]      [WEATHER - DAYS WITH]      9 = BLOWING SNOW
                                                   X = TORNADO
MAX 32 OR BELOW:   0    0.01 INCH OR MORE:   6
MAX 90 OR ABOVE:  11    0.10 INCH OR MORE:   1
MIN 32 OR BELOW:   0    0.50 INCH OR MORE:   1
MIN  0 OR BELOW:   0    1.00 INCH OR MORE:   0

[HDD (BASE 65) ]
TOTAL THIS MO.    55    CLEAR  (SCALE 0-3)  22
DPTR FM NORMAL   -46    PTCLDY (SCALE 4-7)   3
TOTAL FM JUL 1    55    CLOUDY (SCALE 8-10)  2
DPTR FM NORMAL   -62

[CDD (BASE 65) ]
TOTAL THIS MO.   136
DPTR FM NORMAL    57    [PRESSURE DATA]
TOTAL FM JAN 1  1184    HIGHEST SLP M ON M
DPTR FM NORMAL   335    LOWEST  SLP 29.62 ON  8

[REMARKS]
