000
CXUS54 KMOB 280914
CF6BFM
PRELIMINARY LOCAL CLIMATOLOGICAL DATA (WS FORM: F-6)

                                          STATION:   BROOKLEY APRT
                                          MONTH:     SEPTEMBER
                                          YEAR:      2022
                                          LATITUDE:   30 37 N
                                          LONGITUDE:  88  4 W

  TEMPERATURE IN F:       :PCPN:    SNOW:  WIND      :SUNSHINE: SKY     :PK WND
================================================================================
1   2   3   4   5  6A  6B    7    8   9   10  11  12  13   14  15   16   17  18
                                     12Z  AVG MX 2MIN
DY MAX MIN AVG DEP HDD CDD  WTR  SNW DPTH SPD SPD DIR MIN PSBL S-S WX    SPD DR
================================================================================

 1  94  73  84   1   0  19 0.00  0.0    0  4.0 10 110   M    M   1        15 110
 2  92  77  85   2   0  20 0.00  0.0    0  4.9 13 150   M    M   2        18 170
 3  88  76  82   0   0  17 0.00  0.0    0  3.4 15 170   M    M   2        24 160
 4  90  75  83   1   0  18 0.01  0.0    0  3.5 13 160   M    M   2        20 150
 5  90  73  82   0   0  17    T  0.0    0  2.9 13 160   M    M   3        17 140
 6  92  73  83   1   0  18 0.00  0.0    0  3.4  9 340   M    M   2        14 340
 7  90  73  82   0   0  17 0.00  0.0    0  4.8 16 340   M    M   3 3      22 330
 8  90  69  80  -2   0  15 0.00  0.0    0  5.5 12  90   M    M   4 38     15 100
 9  85  72  79  -3   0  14 0.03  0.0    0  6.8 14  80   M    M   3        19  60
10  89  76  83   1   0  18    T  0.0    0  6.1 14 140   M    M   4 3      18 120
11  91  75  83   2   0  18    T  0.0    0  4.4 12 170   M    M   4        21 150
12  91  73  82   1   0  17 0.00  0.0    0  6.9 15 320   M    M   4        20 330
13  87  63  75  -6   0  10 0.00  0.0    0  7.4 13 340   M    M   0        18  20
14  89  59  74  -7   0   9 0.00  0.0    0  6.6 12 350   M    M   0        16  10
15  92  64  78  -3   0  13 0.00  0.0    0  5.5 10  50   M    M   0        15  80
16  91  69  80   0   0  15 0.00  0.0    0  6.3 13  80   M    M   1        17  70
17  91  73  82   2   0  17 0.00  0.0    0  6.6 13 140   M    M   2        19 160
18  92  73  83   3   0  18 0.17  0.0    0  4.2 13  20   M    M   3        17  20
19  92  69  81   1   0  16 0.00  0.0    0  6.1 14  30   M    M   1        19  10
20  94  68  81   1   0  16 0.00  0.0    0  5.1 10  10   M    M   0        15 330
21  96  75  86   7   0  21 0.00  0.0    0  5.6 16 150   M    M   2 1      25 140
22  95  72  84   5   0  19 0.00  0.0    0  4.7  9 150   M    M   0 1      14  80
23  93  69  81   2   0  16 0.00  0.0    0  9.1 15  40   M    M   0        21  40
24  94  63  79   0   0  14 0.00  0.0    0  4.1  9 130   M    M   0        12  40
25  90  69  80   2   0  15 0.00  0.0    0  4.6 10 140   M    M   1        14 150
26  92  72  82   4   0  17    T  0.0    0  7.4 16 340   M    M   1        24  10
27  84  63  74  -4   0   9 0.00  0.0    0 12.4 21 360   M    M   0        31  20
================================================================================
SM 2454 1906         0 433  0.21  0.0    152.3          M       45
================================================================================
AV 90.9 70.6                               5.6 FASTST   M    M   2    MAX(MPH)
                                 MISC ---->    21 360                 31  20
================================================================================
NOTES:
# LAST OF SEVERAL OCCURRENCES

COLUMN 17 PEAK WIND IN M.P.H.

PRELIMINARY LOCAL CLIMATOLOGICAL DATA (WS FORM: F-6) , PAGE 2

                                          STATION:   BROOKLEY APRT
                                          MONTH:     SEPTEMBER
                                          YEAR:      2022
                                          LATITUDE:   30 37 N
                                          LONGITUDE:  88  4 W

[TEMPERATURE DATA]      [PRECIPITATION DATA]       SYMBOLS USED IN COLUMN 16

AVERAGE MONTHLY: 80.7   TOTAL FOR MONTH:   0.21    1 = FOG OR MIST
DPTR FM NORMAL:   0.1   DPTR FM NORMAL:   -3.87    2 = FOG REDUCING VISIBILITY
HIGHEST:    96 ON 21    GRTST 24HR  0.17 ON 18-18      TO 1/4 MILE OR LESS
LOWEST:     59 ON 14                               3 = THUNDER
                        SNOW, ICE PELLETS, HAIL    4 = ICE PELLETS
                        TOTAL MONTH:   0.0 INCH    5 = HAIL
                        GRTST 24HR  0.0            6 = FREEZING RAIN OR DRIZZLE
                        GRTST DEPTH:  0            7 = DUSTSTORM OR SANDSTORM:
                                                       VSBY 1/2 MILE OR LESS
                                                   8 = SMOKE OR HAZE
[NO. OF DAYS WITH]      [WEATHER - DAYS WITH]      9 = BLOWING SNOW
                                                   X = TORNADO
MAX 32 OR BELOW:   0    0.01 INCH OR MORE:   3
MAX 90 OR ABOVE:  21    0.10 INCH OR MORE:   1
MIN 32 OR BELOW:   0    0.50 INCH OR MORE:   0
MIN  0 OR BELOW:   0    1.00 INCH OR MORE:   0

[HDD (BASE 65) ]
TOTAL THIS MO.     0    CLEAR  (SCALE 0-3)  21
DPTR FM NORMAL     0    PTCLDY (SCALE 4-7)   6
TOTAL FM JUL 1     0    CLOUDY (SCALE 8-10)  0
DPTR FM NORMAL     0

[CDD (BASE 65) ]
TOTAL THIS MO.   433
DPTR FM NORMAL    11    [PRESSURE DATA]
TOTAL FM JAN 1  2680    HIGHEST SLP M ON M
DPTR FM NORMAL    69    LOWEST  SLP 29.70 ON  8

[REMARKS]
