000
CXUS54 KAMA 280710
CF6BGD
PRELIMINARY LOCAL CLIMATOLOGICAL DATA (WS FORM: F-6)

                                          STATION:   BORGER
                                          MONTH:     SEPTEMBER
                                          YEAR:      2022
                                          LATITUDE:   35 42 N
                                          LONGITUDE: 101 24 W

  TEMPERATURE IN F:       :PCPN:    SNOW:  WIND      :SUNSHINE: SKY     :PK WND
================================================================================
1   2   3   4   5  6A  6B    7    8   9   10  11  12  13   14  15   16   17  18
                                     12Z  AVG MX 2MIN
DY MAX MIN AVG DEP HDD CDD  WTR  SNW DPTH SPD SPD DIR MIN PSBL S-S WX    SPD DR
================================================================================

 1  91  65  78   0   0  13 0.00    M    M  6.6 16 150   M    M   1        25 160
 2  96  70  83   6   0  18 0.00    M    M  8.9 17 360   M    M   0 3      24 360
 3  93  68  81   4   0  16 0.09    M    M  7.7 21  20   M    M   2 3      30  30
 4  95  67  81   4   0  16 0.00    M    M  6.0 15 120   M    M   1        20 110
 5  96  65  81   5   0  16 0.00    M    M  7.3 16 120   M    M   0        25 120
 6  96  66  81   5   0  16 0.00    M    M  6.8 13 110   M    M   0        20 120
 7  98  66  82   6   0  17 0.00    M    M  6.4 16 160   M    M   0        22 100
 8  96  67  82   6   0  17 0.00    M    M  8.1 16 150   M    M   0        24 100
 9  95  68  82   7   0  17 0.00    M    M 10.4 17 140   M    M   0        26 140
10  77  59  68  -7   0   3    T    M    M 13.2 21 340   M    M   6        32 330
11  75  53  64 -11   1   0 0.27    M    M  5.5 16  10   M    M   6 1      21  20
12  92  61  77   3   0  12 0.00    M    M 10.2 17 150   M    M   1        26 160
13  96  64  80   6   0  15 0.00    M    M  9.4 18 170   M    M   0 3      28 140
14  89  68  79   5   0  14 0.57    M    M 13.2 32 140   M    M   2 3      50 140
15  90  65  78   4   0  13 0.00    M    M 13.1 28 140   M    M   2 3      37 150
16  96  70  83  10   0  18 0.00    M    M 12.8 22 140   M    M   1        34 160
17  99  74  87  14   0  22 0.00    M    M 14.7 22 170   M    M   1        35 160
18  95  71  83  11   0  18 0.00    M    M 10.5 17 150   M    M   0        29 170
19  93  74  84  12   0  19 0.00    M    M 12.4 22 160   M    M   0        32 160
20  95  73  84  12   0  19 0.00    M    M 12.7 22 160   M    M   0        35 200
21  96  61  79   8   0  14    T    M    M 12.7 26 360   M    M   3        39  10
22  76  57  67  -4   0   2 0.00    M    M  8.5 18 340   M    M   5        24 330
23  97  54  76   5   0  11 0.00    M    M 11.2 23 220   M    M   1        35 220
24  90  64  77   7   0  12 0.00    M    M  5.9 14 230   M    M   0        20 190
25  85  64  75   5   0  10 0.00    M    M 10.9 22  10   M    M   0        35  50
26  88  55  72   2   0   7 0.00    M    M  7.4 20 150   M    M   0        28 150
27  93  63  78   9   0  13 0.00    M    M  8.2 16 220   M    M   0        26 220
================================================================================
SM 2478 1752         1 368  0.93    M    260.7          M       32
================================================================================
AV 91.8 64.9                               9.7 FASTST   M    M   1    MAX(MPH)
                                 MISC ---->    32 140                 50 140
================================================================================
NOTES:
# LAST OF SEVERAL OCCURRENCES

COLUMN 17 PEAK WIND IN M.P.H.

PRELIMINARY LOCAL CLIMATOLOGICAL DATA (WS FORM: F-6) , PAGE 2

                                          STATION:   BORGER
                                          MONTH:     SEPTEMBER
                                          YEAR:      2022
                                          LATITUDE:   35 42 N
                                          LONGITUDE: 101 24 W

[TEMPERATURE DATA]      [PRECIPITATION DATA]       SYMBOLS USED IN COLUMN 16

AVERAGE MONTHLY: 78.3   TOTAL FOR MONTH:   0.93    1 = FOG OR MIST
DPTR FM NORMAL:   4.7   DPTR FM NORMAL:   -0.56    2 = FOG REDUCING VISIBILITY
HIGHEST:    99 ON 17    GRTST 24HR  0.57 ON 14-14      TO 1/4 MILE OR LESS
LOWEST:     53 ON 11                               3 = THUNDER
                        SNOW, ICE PELLETS, HAIL    4 = ICE PELLETS
                        TOTAL MONTH:  M            5 = HAIL
                        GRTST 24HR    M  ON   M    6 = FREEZING RAIN OR DRIZZLE
                        GRTST DEPTH:  M  ON   M    7 = DUSTSTORM OR SANDSTORM:
                                                       VSBY 1/2 MILE OR LESS
                                                   8 = SMOKE OR HAZE
[NO. OF DAYS WITH]      [WEATHER - DAYS WITH]      9 = BLOWING SNOW
                                                   X = TORNADO
MAX 32 OR BELOW:   0    0.01 INCH OR MORE:   3
MAX 90 OR ABOVE:  21    0.10 INCH OR MORE:   2
MIN 32 OR BELOW:   0    0.50 INCH OR MORE:   1
MIN  0 OR BELOW:   0    1.00 INCH OR MORE:   0

[HDD (BASE 65) ]
TOTAL THIS MO.     1    CLEAR  (SCALE 0-3)  24
DPTR FM NORMAL   -12    PTCLDY (SCALE 4-7)   3
TOTAL FM JUL 1     1    CLOUDY (SCALE 8-10)  0
DPTR FM NORMAL   -13

[CDD (BASE 65) ]
TOTAL THIS MO.   368
DPTR FM NORMAL   118    [PRESSURE DATA]
TOTAL FM JAN 1  2494    HIGHEST SLP M ON M
DPTR FM NORMAL   531    LOWEST  SLP 29.67 ON  9

[REMARKS]
