000
CXUS55 KVEF 250910
CF6BIH
PRELIMINARY LOCAL CLIMATOLOGICAL DATA (WS FORM: F-6)

                                          STATION:   BISHOP CA
                                          MONTH:     SEPTEMBER
                                          YEAR:      2022
                                          LATITUDE:   37 22 N
                                          LONGITUDE: 118 22 W

  TEMPERATURE IN F:       :PCPN:    SNOW:  WIND      :SUNSHINE: SKY     :PK WND
================================================================================
1   2   3   4   5  6A  6B    7    8   9   10  11  12  13   14  15   16   17  18
                                     12Z  AVG MX 2MIN
DY MAX MIN AVG DEP HDD CDD  WTR  SNW DPTH SPD SPD DIR MIN PSBL S-S WX    SPD DR
================================================================================

 1 104  57  81   8   0  16 0.00  0.0    0  5.6 15 110   M    M   0        21 120
 2 107  61  84  11   0  19 0.00  0.0    M  6.6 20 160   M    M   0        24 120
 3 105  61  83  11   0  18 0.00  0.0    0 10.1 25 140   M    M   0        33 140
 4 105  59  82  10   0  17    T  0.0    0  7.2 24 160   M    M   0        32 190
 5 107  62  85  13   0  20 0.00  0.0    0  6.9 20 140   M    M   0        28 120
 6 107  58  83  11   0  18 0.00  0.0    0  7.3 20 170   M    M   0        26 170
 7 107  63  85  14   0  20 0.01  0.0    0  8.0 29 260   M    M   0 3      36 110
 8 104  58  81  10   0  16    T  0.0    0  5.7 33  40   M    M   0        47  40
 9 101  59  80   9   0  15 0.00  0.0    0 12.4 28 140   M    M   0 8      40 150
10  83  62  73   3   0   8 0.71  0.0    M  9.2 31 150   M    M   3 13     38 150
11  88  57  73   3   0   8 0.00  0.0    0  7.6 32 150   M    M   0        38 150
12  86  57  72   2   0   7 0.37  0.0    0  6.6 25 140   M    M   3 13     32 140
13  82  59  71   1   0   6 0.00  0.0    0  3.5 17  20   M    M   4 3      21  30
14  84  53  69   0   0   4 0.00  0.0    0 10.3 23 150   M    M   1        27 160
15  84  46  65  -4   0   0 0.00  0.0    0  6.8 16 160   M    M   0        22 160
16  87  46  67  -2   0   2 0.00  0.0    0  7.1 17 150   M    M   0 8      22 150
17  86  46  66  -2   0   1 0.00  0.0    0  7.7 21 150   M    M   0        28 150
18  82  44  63  -5   2   0 0.00  0.0    0 16.7 29 140   M    M   1        38 140
19  83  60  72   4   0   7 0.00  0.0    0 19.8 31 150   M    M   0        40 150
20  81  50  66  -1   0   1 0.00  0.0    0 16.6 29 160   M    M   0        36 150
21  80  46  63  -4   2   0 0.00  0.0    0  8.6 18 170   M    M   0        28 190
22  81  44  63  -4   2   0 0.00  0.0    0  5.4 14 340   M    M   0        16 330
23  85  44  65  -1   0   0 0.00  0.0    0  7.6 16 170   M    M   0        21 170
24  90  44  67   1   0   2 0.00  0.0    0  6.0 12 170   M    M   0        15 180
================================================================================
SM 2209 1296         6 205  1.09  0.0    209.3          M       12
================================================================================
AV 92.0 54.0                               8.7 FASTST   M    M   1    MAX(MPH)
                                 MISC ---->    33  40                 47  40
================================================================================
NOTES:
# LAST OF SEVERAL OCCURRENCES

COLUMN 17 PEAK WIND IN M.P.H.

PRELIMINARY LOCAL CLIMATOLOGICAL DATA (WS FORM: F-6) , PAGE 2

                                          STATION:   BISHOP CA
                                          MONTH:     SEPTEMBER
                                          YEAR:      2022
                                          LATITUDE:   37 22 N
                                          LONGITUDE: 118 22 W

[TEMPERATURE DATA]      [PRECIPITATION DATA]       SYMBOLS USED IN COLUMN 16

AVERAGE MONTHLY: 73.0   TOTAL FOR MONTH:   1.09    1 = FOG OR MIST
DPTR FM NORMAL:   3.4   DPTR FM NORMAL:    1.02    2 = FOG REDUCING VISIBILITY
HIGHEST:   107 ON  7, 6  GRTST 24HR  0.71 ON 10-10      TO 1/4 MILE OR LESS
LOWEST:     44 ON 24,23                             3 = THUNDER
                        SNOW, ICE PELLETS, HAIL    4 = ICE PELLETS
                        TOTAL MONTH:   0.0 INCH    5 = HAIL
                        GRTST 24HR  0.0            6 = FREEZING RAIN OR DRIZZLE
                        GRTST DEPTH:  0            7 = DUSTSTORM OR SANDSTORM:
                                                       VSBY 1/2 MILE OR LESS
                                                   8 = SMOKE OR HAZE
[NO. OF DAYS WITH]      [WEATHER - DAYS WITH]      9 = BLOWING SNOW
                                                   X = TORNADO
MAX 32 OR BELOW:   0    0.01 INCH OR MORE:   3
MAX 90 OR ABOVE:  10    0.10 INCH OR MORE:   2
MIN 32 OR BELOW:   0    0.50 INCH OR MORE:   1
MIN  0 OR BELOW:   0    1.00 INCH OR MORE:   0

[HDD (BASE 65) ]
TOTAL THIS MO.     6    CLEAR  (SCALE 0-3)  22
DPTR FM NORMAL    -7    PTCLDY (SCALE 4-7)   2
TOTAL FM JUL 1     6    CLOUDY (SCALE 8-10)  0
DPTR FM NORMAL    -8

[CDD (BASE 65) ]
TOTAL THIS MO.   205
DPTR FM NORMAL    78    [PRESSURE DATA]
TOTAL FM JAN 1  1474    HIGHEST SLP M ON M
DPTR FM NORMAL   286    LOWEST  SLP 29.52 ON 17

[REMARKS]
