000
CXUS55 KBYZ 281000
CF6BIL
PRELIMINARY LOCAL CLIMATOLOGICAL DATA (WS FORM: F-6)

                                          STATION:   BILLINGS MT
                                          MONTH:     SEPTEMBER
                                          YEAR:      2022
                                          LATITUDE:   45 47 N
                                          LONGITUDE: 108 32 W

  TEMPERATURE IN F:       :PCPN:    SNOW:  WIND      :SUNSHINE: SKY     :PK WND
================================================================================
1   2   3   4   5  6A  6B    7    8   9   10  11  12  13   14  15   16   17  18
                                     12Z  AVG MX 2MIN
DY MAX MIN AVG DEP HDD CDD  WTR  SNW DPTH SPD SPD DIR MIN PSBL S-S WX    SPD DR
================================================================================

 1  99  61  80  13   0  15 0.00  0.0    0 11.8 31 330   M    M   3        40 330
 2  91  64  78  11   0  13 0.00  0.0    0  7.2 14  60   M    M   0        18  60
 3 101  59  80  14   0  15 0.00  0.0    0  6.6 15 220   M    M   0        16 220
 4 100  69  85  19   0  20 0.00  0.0    0  9.2 21 340   M    M   1        32 280
 5  96  58  77  11   0  12 0.00  0.0    0  8.1 21 230   M    M   2 8      23 230
 6  88  61  75  10   0  10 0.00  0.0    0  8.1 16 320   M    M   1        21 320
 7 102  59  81  16   0  16    T  0.0    0 10.0 31 240   M    M   4        40 230
 8  78  50  64   0   1   0 0.40  0.0    0  7.9 28  10   M    M   8 138    38  10
 9  62  48  55  -9  10   0 0.03  0.0    0  5.1 18  10   M    M   6 1      23  50
10  71  40  56  -8   9   0 0.00  0.0    0  7.8 16 240   M    M   1        19 250
11  85  50  68   5   0   3 0.00  0.0    0 13.3 22 240   M    M   1        26 240
12  87  58  73  10   0   8 0.00  0.0    0 11.1 21 240   M    M   5 8      24 230
13  84  54  69   6   0   4 0.00  0.0    0  6.9 15 310   M    M   5        19 310
14  70  57  64   2   1   0 0.01  0.0    0  7.2 16 320   M    M   7        20 340
15  76  51  64   2   1   0 0.00  0.0    0  6.0 13  50   M    M   4        16  80
16  75  51  63   2   2   0 0.09  0.0    0  5.8 25 310   M    M   6        31 300
17  73  49  61   0   4   0 0.00  0.0    0  8.9 18 250   M    M   5        22 240
18  79  52  66   5   0   1 0.02  0.0    0  6.4 33 270   M    M   5 3      43 270
19  88  51  70  10   0   5 0.00  0.0    0 10.0 23 360   M    M   2        27 360
20  58  49  54  -6  11   0 0.00  0.0    0  9.8 16  30   M    M   8        20  40
21  62  48  55  -4  10   0 0.00  0.0    0 10.0 21 110   M    M   9        25 110
22  70  48  59   0   6   0 0.08    T    0 10.0 33 280   M    M   8 35     45 280
23  77  56  67   9   0   2 0.00  0.0    0 20.4 35 280   M    M   5        45 280
24  76  54  65   7   0   0 0.00  0.0    0 13.2 36 320   M    M   4        49 330
25  76  45  61   3   4   0 0.00  0.0    0  8.1 16 240   M    M   1        18 320
26  81  52  67  10   0   2 0.00  0.0    0 10.4 18  50   M    M   1        25 240
27  84  50  67  10   0   2 0.00  0.0    0  5.5 13  30   M    M   3        21  30
================================================================================
SM 2189 1444        59 128  0.63    T    244.8          M      105
================================================================================
AV 81.1 53.5                               9.1 FASTST   M    M   4    MAX(MPH)
                                 MISC ---->    36 320                 49 330
================================================================================
NOTES:
# LAST OF SEVERAL OCCURRENCES

COLUMN 17 PEAK WIND IN M.P.H.

PRELIMINARY LOCAL CLIMATOLOGICAL DATA (WS FORM: F-6) , PAGE 2

                                          STATION:   BILLINGS MT
                                          MONTH:     SEPTEMBER
                                          YEAR:      2022
                                          LATITUDE:   45 47 N
                                          LONGITUDE: 108 32 W

[TEMPERATURE DATA]      [PRECIPITATION DATA]       SYMBOLS USED IN COLUMN 16

AVERAGE MONTHLY: 67.3   TOTAL FOR MONTH:   0.63    1 = FOG OR MIST
DPTR FM NORMAL:   5.2   DPTR FM NORMAL:   -0.59    2 = FOG REDUCING VISIBILITY
HIGHEST:   102 ON  7    GRTST 24HR  0.43 ON  8- 9      TO 1/4 MILE OR LESS
LOWEST:     40 ON 10                               3 = THUNDER
                        SNOW, ICE PELLETS, HAIL    4 = ICE PELLETS
                        TOTAL MONTH:  T            5 = HAIL
                        GRTST 24HR   T   ON 22-22  6 = FREEZING RAIN OR DRIZZLE
                        GRTST DEPTH:  0            7 = DUSTSTORM OR SANDSTORM:
                                                       VSBY 1/2 MILE OR LESS
                                                   8 = SMOKE OR HAZE
[NO. OF DAYS WITH]      [WEATHER - DAYS WITH]      9 = BLOWING SNOW
                                                   X = TORNADO
MAX 32 OR BELOW:   0    0.01 INCH OR MORE:   6
MAX 90 OR ABOVE:   6    0.10 INCH OR MORE:   1
MIN 32 OR BELOW:   0    0.50 INCH OR MORE:   0
MIN  0 OR BELOW:   0    1.00 INCH OR MORE:   0

[HDD (BASE 65) ]
TOTAL THIS MO.    59    CLEAR  (SCALE 0-3)  11
DPTR FM NORMAL   -79    PTCLDY (SCALE 4-7)  14
TOTAL FM JUL 1    65    CLOUDY (SCALE 8-10)  2
DPTR FM NORMAL  -109

[CDD (BASE 65) ]
TOTAL THIS MO.   128
DPTR FM NORMAL    68    [PRESSURE DATA]
TOTAL FM JAN 1   901    HIGHEST SLP M ON M
DPTR FM NORMAL   246    LOWEST  SLP 29.65 ON 19

[REMARKS]
