000
CXUS53 KBIS 280830
CF6BIS
PRELIMINARY LOCAL CLIMATOLOGICAL DATA (WS FORM: F-6)

                                          STATION:   BISMARCK ND
                                          MONTH:     SEPTEMBER
                                          YEAR:      2022
                                          LATITUDE:   46 46 N
                                          LONGITUDE: 100 45 W

  TEMPERATURE IN F:       :PCPN:    SNOW:  WIND      :SUNSHINE: SKY     :PK WND
================================================================================
1   2   3   4   5  6A  6B    7    8   9   10  11  12  13   14  15   16   17  18
                                     12Z  AVG MX 2MIN
DY MAX MIN AVG DEP HDD CDD  WTR  SNW DPTH SPD SPD DIR MIN PSBL S-S WX    SPD DR
================================================================================

 1 102  58  80  15   0  15 0.00  0.0    0  7.3 18 190   M    M   0        25 150
 2  81  54  68   3   0   3 0.00  0.0    0 10.2 20 330   M    M   0        31 320
 3  84  45  65   0   0   0 0.00  0.0    0  6.9 16 140   M    M   0        22 150
 4  91  54  73   9   0   8 0.00  0.0    0 14.5 30 150   M    M   0        38 160
 5  94  56  75  11   0  10 0.00  0.0    0  5.1 14 150   M    M   0        20 160
 6  87  50  69   5   0   4 0.00  0.0    0  6.8 16  30   M    M   0        24  20
 7  97  55  76  13   0  11 0.00  0.0    0 10.9 23 140   M    M   0        30 150
 8  80  58  69   6   0   4    T  0.0    0  9.8 25 330   M    M   3        35 330
 9  70  49  60  -2   5   0 0.00  0.0    0  8.8 18 320   M    M   2        26 340
10  74  43  59  -3   6   0 0.00  0.0    0  6.7 21 280   M    M   1        29 270
11  83  37  60  -2   5   0 0.00  0.0    0  4.4 15 230   M    M   0        22 230
12  90  43  67   6   0   2 0.00  0.0    0  6.9 18 190   M    M   0        24 200
13  76  52  64   3   1   0 0.00  0.0    0 12.6 22  90   M    M   0        29  60
14  87  52  70  10   0   5    T  0.0    0 12.3 28 120   M    M   0 3      38 120
15  70  56  63   3   2   0 0.07  0.0    0  9.3 18 350   M    M   7 13     24 350
16  62  55  59  -1   6   0    T  0.0    0  5.8 10 340   M    M  10 1      14 320
17  68  52  60   1   5   0 0.36  0.0    0  3.7  8 270   M    M   7 18     11 260
18  83  47  65   6   0   0 0.00  0.0    0  2.7 12 260   M    M   2 12     16 240
19  89  57  73  15   0   8 0.29  0.0    0  8.7 23 150   M    M   2 13     37 220
20  70  51  61   3   4   0 0.00  0.0    0 10.5 22 330   M    M   2        30 330
21  65  40  53  -5  12   0 0.00  0.0    0 10.9 24 340   M    M   0        34 340
22  65  34  50  -7  15   0 0.25  0.0    0 10.8 25 160   M    M   2 1      33 170
23  70  48  59   2   6   0    T  0.0    0  6.7 21 260   M    M   6 8      27 280
24  71  46  59   3   6   0    T  0.0    0 10.4 28 330   M    M   3        39 310
25  69  43  56   0   9   0 0.00  0.0    0  9.6 26 330   M    M   0        38 320
26  73  42  58   3   7   0 0.00  0.0    0  2.4  8  20   M    M   4        15 230
27  67  40  54  -1  11   0 0.00  0.0    0  8.7 17 110   M    M   0        24 100
================================================================================
SM 2118 1317       100  70  0.97  0.0    223.4          M       51
================================================================================
AV 78.4 48.8                               8.3 FASTST   M    M   2    MAX(MPH)
                                 MISC ---->    30 150                 39 310
================================================================================
NOTES:
# LAST OF SEVERAL OCCURRENCES

COLUMN 17 PEAK WIND IN M.P.H.

PRELIMINARY LOCAL CLIMATOLOGICAL DATA (WS FORM: F-6) , PAGE 2

                                          STATION:   BISMARCK ND
                                          MONTH:     SEPTEMBER
                                          YEAR:      2022
                                          LATITUDE:   46 46 N
                                          LONGITUDE: 100 45 W

[TEMPERATURE DATA]      [PRECIPITATION DATA]       SYMBOLS USED IN COLUMN 16

AVERAGE MONTHLY: 63.6   TOTAL FOR MONTH:   0.97    1 = FOG OR MIST
DPTR FM NORMAL:   3.3   DPTR FM NORMAL:   -0.60    2 = FOG REDUCING VISIBILITY
HIGHEST:   102 ON  1    GRTST 24HR  0.36 ON 17-17      TO 1/4 MILE OR LESS
LOWEST:     34 ON 22                               3 = THUNDER
                        SNOW, ICE PELLETS, HAIL    4 = ICE PELLETS
                        TOTAL MONTH:   0.0 INCH    5 = HAIL
                        GRTST 24HR  0.0            6 = FREEZING RAIN OR DRIZZLE
                        GRTST DEPTH:  0            7 = DUSTSTORM OR SANDSTORM:
                                                       VSBY 1/2 MILE OR LESS
                                                   8 = SMOKE OR HAZE
[NO. OF DAYS WITH]      [WEATHER - DAYS WITH]      9 = BLOWING SNOW
                                                   X = TORNADO
MAX 32 OR BELOW:   0    0.01 INCH OR MORE:   4
MAX 90 OR ABOVE:   5    0.10 INCH OR MORE:   3
MIN 32 OR BELOW:   0    0.50 INCH OR MORE:   0
MIN  0 OR BELOW:   0    1.00 INCH OR MORE:   0

[HDD (BASE 65) ]
TOTAL THIS MO.   100    CLEAR  (SCALE 0-3)  21
DPTR FM NORMAL   -72    PTCLDY (SCALE 4-7)   5
TOTAL FM JUL 1   101    CLOUDY (SCALE 8-10)  1
DPTR FM NORMAL  -118

[CDD (BASE 65) ]
TOTAL THIS MO.    70
DPTR FM NORMAL    27    [PRESSURE DATA]
TOTAL FM JAN 1   754    HIGHEST SLP M ON M
DPTR FM NORMAL   221    LOWEST  SLP 29.58 ON  8

[REMARKS]
