000
CXUS53 KGRR 260910
CF6BIV
PRELIMINARY LOCAL CLIMATOLOGICAL DATA (WS FORM: F-6)

                                          STATION:   HOLLAND
                                          MONTH:     SEPTEMBER
                                          YEAR:      2022
                                          LATITUDE:   42 49 N
                                          LONGITUDE:  86 10 W

  TEMPERATURE IN F:       :PCPN:    SNOW:  WIND      :SUNSHINE: SKY     :PK WND
================================================================================
1   2   3   4   5  6A  6B    7    8   9   10  11  12  13   14  15   16   17  18
                                     12Z  AVG MX 2MIN
DY MAX MIN AVG DEP HDD CDD  WTR  SNW DPTH SPD SPD DIR MIN PSBL S-S WX    SPD DR
================================================================================

 1  85  62  74   6   0   9 0.00    M    M  4.5 12 250   M    M   1 12     17 250
 2  84  66  75   8   0  10 0.00    M    M  5.1 16 230   M    M   2        21 220
 3  82  62  72   5   0   7 0.00    M    M  4.6 12 290   M    M   1 1      16 290
 4  69  61  65  -2   0   0 0.00    M    M  8.5 15  80   M    M   9        22  90
 5  72  60  66   0   0   1 0.00    M    M  6.2 10  80   M    M   9        15  80
 6  78  62  70   4   0   5 0.00    M    M  5.2  9 310   M    M   7        15 340
 7  78  56  67   1   0   2 0.00    M    M  4.2 14 280   M    M   1 1      20 310
 8  78  54  66   0   0   1 0.00    M    M  2.7 10 260   M    M   0 1      15 290
 9  82  56  69   4   0   4 0.00    M    M  4.0 12 290   M    M   0        17 170
10  81  60  71   6   0   6 0.00    M    M  2.3 10 260   M    M   2        15 270
11  69  61  65   0   0   0 1.31    M    M  6.9 20 220   M    M   7 1      27 160
12  65  55  60  -4   5   0    T    M    M  7.6 25 240   M    M   9        35 240
13  73  52  63  -1   2   0 0.00    M    M  5.1 13 320   M    M   6 1      19 310
14  75  54  65   1   0   0 0.00    M    M  3.5 12 300   M    M   0 1      15 290
15  77  54  66   3   0   1 0.00    M    M  4.8 10 140   M    M   2 1      14 260
16  79  59  69   6   0   4 0.00    M    M  4.4 12 230   M    M   0        19 260
17  82  62  72   9   0   7    T    M    M  8.7 20 240   M    M   3        29 220
18  80  66  73  11   0   8 0.39    M    M  7.8 20 230   M    M   3 1      29 260
19  76  57  67   5   0   2 0.00    M    M  5.7 13 310   M    M   1 1      18 310
20  78  52  65   3   0   0 0.11    M    M  6.8 25 170   M    M   3 123    35 170
21  77  65  71  10   0   6 0.00    M    M 10.2 21 250   M    M   2        29 330
22  65  50  58  -3   7   0 0.00    M    M  8.6 18 340   M    M   5        30 320
23  63  39  51  -9  14   0 0.00    M    M  2.8 12 280   M    M   1        17 250
24  63  52  58  -2   7   0 0.02    M    M  4.7 12 250   M    M  10        15 250
25  65  54  60   0   5   0 0.32    M    M  6.9 23 310   M    M   8 13     45 310
================================================================================
SM 1876 1431        40  73  2.15    M    141.8          M       92
================================================================================
AV 75.0 57.2                               5.7 FASTST   M    M   4    MAX(MPH)
                                 MISC ---->  # 25 240                 45 310
================================================================================
NOTES:
# LAST OF SEVERAL OCCURRENCES

COLUMN 17 PEAK WIND IN M.P.H.

PRELIMINARY LOCAL CLIMATOLOGICAL DATA (WS FORM: F-6) , PAGE 2

                                          STATION:   HOLLAND
                                          MONTH:     SEPTEMBER
                                          YEAR:      2022
                                          LATITUDE:   42 49 N
                                          LONGITUDE:  86 10 W

[TEMPERATURE DATA]      [PRECIPITATION DATA]       SYMBOLS USED IN COLUMN 16

AVERAGE MONTHLY: 66.1   TOTAL FOR MONTH:   2.15    1 = FOG OR MIST
DPTR FM NORMAL:   2.3   DPTR FM NORMAL:   -0.24    2 = FOG REDUCING VISIBILITY
HIGHEST:    85 ON  1    GRTST 24HR  1.31 ON 11-11      TO 1/4 MILE OR LESS
LOWEST:     39 ON 23                               3 = THUNDER
                        SNOW, ICE PELLETS, HAIL    4 = ICE PELLETS
                        TOTAL MONTH:  M            5 = HAIL
                        GRTST 24HR    M  ON   M    6 = FREEZING RAIN OR DRIZZLE
                        GRTST DEPTH:  M  ON   M    7 = DUSTSTORM OR SANDSTORM:
                                                       VSBY 1/2 MILE OR LESS
                                                   8 = SMOKE OR HAZE
[NO. OF DAYS WITH]      [WEATHER - DAYS WITH]      9 = BLOWING SNOW
                                                   X = TORNADO
MAX 32 OR BELOW:   0    0.01 INCH OR MORE:   5
MAX 90 OR ABOVE:   0    0.10 INCH OR MORE:   4
MIN 32 OR BELOW:   0    0.50 INCH OR MORE:   1
MIN  0 OR BELOW:   0    1.00 INCH OR MORE:   1

[HDD (BASE 65) ]
TOTAL THIS MO.    40    CLEAR  (SCALE 0-3)  14
DPTR FM NORMAL   -46    PTCLDY (SCALE 4-7)   6
TOTAL FM JUL 1    49    CLOUDY (SCALE 8-10)  5
DPTR FM NORMAL   -61

[CDD (BASE 65) ]
TOTAL THIS MO.    73
DPTR FM NORMAL    15    [PRESSURE DATA]
TOTAL FM JAN 1   735    HIGHEST SLP M ON M
DPTR FM NORMAL   116    LOWEST  SLP 29.65 ON 25

[REMARKS]
