000
CXUS54 KFWD 280730
CF6BKD
PRELIMINARY LOCAL CLIMATOLOGICAL DATA (WS FORM: F-6)

                                          STATION:   BRECKENRIDGE
                                          MONTH:     SEPTEMBER
                                          YEAR:      2022
                                          LATITUDE:   32 43 N
                                          LONGITUDE:  98 53 W

  TEMPERATURE IN F:       :PCPN:    SNOW:  WIND      :SUNSHINE: SKY     :PK WND
================================================================================
1   2   3   4   5  6A  6B    7    8   9   10  11  12  13   14  15   16   17  18
                                     12Z  AVG MX 2MIN
DY MAX MIN AVG DEP HDD CDD  WTR  SNW DPTH SPD SPD DIR MIN PSBL S-S WX    SPD DR
================================================================================

 1  87  73  80  -1   0  15 0.15    M    M  3.2 10 230   M    M   5 18     16 150
 2  89  74  82   1   0  17 0.07    M    M  4.9 12 180   M    M   2 18     17   0
 3  96  71  84   3   0  19 0.18    M    M  3.4 13 170   M    M   2 18      M   M
 4  98  69  84   4   0  19 0.14    M    M  3.5 25 100   M    M   1 1      31 100
 5  96  68  82   2   0  17 0.00    M    M  2.6 15 220   M    M   1 18     24 220
 6  97  69  83   3   0  18 0.00    M    M  3.4  8  20   M    M   0 18      M   M
 7  95  70  83   3   0  18 0.00    M    M  3.8 10  40   M    M   0 18     21 350
 8  92  66  79   0   0  14 0.00    M    M  3.4 13  50   M    M   0 18     18  20
 9  93  70  82   3   0  17 0.00    M    M  6.5 13 110   M    M   1 8      17 110
10  92  66  79   1   0  14 0.00    M    M  4.1 10 120   M    M   1 8      16  60
11  83  66  75  -3   0  10 0.00    M    M  5.6 10  20   M    M   3 8      20  20
12  89  65  77  -1   0  12 0.00    M    M  2.2  9 120   M    M   4 8       M   M
13  95  69  82   5   0  17 0.00    M    M  6.6 12 160   M    M   1 8      17 140
14  93  72  83   6   0  18 0.00    M    M  8.3 13 110   M    M   2 8      21 150
15  91  67  79   2   0  14 0.00    M    M  7.0 12 180   M    M   0 8      20 120
16  94  72  83   7   0  18 0.00    M    M  9.4 16 170   M    M   1 8      21 160
17  96  73  85   9   0  20 0.00    M    M  8.5 15 190   M    M   1 8      24 180
18  97  76  87  11   0  22 0.00    M    M  9.3 13 180   M    M   0 8      22 160
19  97  73  85  10   0  20 0.00    M    M  7.2 10 160   M    M   1 8      21 170
20  97  76  87  12   0  22 0.00    M    M  7.9 12 200   M    M   1 8      21 150
21  97  75  86  12   0  21 0.00    M    M  6.6  9 160   M    M   1 8      18 140
22  95  72  84  10   0  19 0.00    M    M  3.5  7 290   M    M   1 8      16 360
23  98  63  81   7   0  16 0.00    M    M  3.6 15 190   M    M   1 8      21 210
24  96  71  84  11   0  19 0.00    M    M  6.8 15 210   M    M   0 8      20 120
25  97  73  85  12   0  20 0.00    M    M  5.9 13  20   M    M   2 8      18  30
26  88  61  75   3   0  10 0.00    M    M  4.3 12  60   M    M   0 8      32  60
27  93  56  75   3   0  10 0.00    M    M  3.6  8 150   M    M   0 8       M   M
================================================================================
SM 2531 1876         0 456  0.54    M    145.0          M       32
================================================================================
AV 93.7 69.5                               5.4 FASTST   M    M   1    MAX(MPH)
                                 MISC ---->    25 100                 32  60
================================================================================
NOTES:
# LAST OF SEVERAL OCCURRENCES

COLUMN 17 PEAK WIND IN M.P.H.

PRELIMINARY LOCAL CLIMATOLOGICAL DATA (WS FORM: F-6) , PAGE 2

                                          STATION:   BRECKENRIDGE
                                          MONTH:     SEPTEMBER
                                          YEAR:      2022
                                          LATITUDE:   32 43 N
                                          LONGITUDE:  98 53 W

[TEMPERATURE DATA]      [PRECIPITATION DATA]       SYMBOLS USED IN COLUMN 16

AVERAGE MONTHLY: 81.6   TOTAL FOR MONTH:   0.54    1 = FOG OR MIST
DPTR FM NORMAL:   4.7   DPTR FM NORMAL:   -1.81    2 = FOG REDUCING VISIBILITY
HIGHEST:    98 ON 23, 4  GRTST 24HR  0.18 ON  3- 3      TO 1/4 MILE OR LESS
LOWEST:     56 ON 27                               3 = THUNDER
                        SNOW, ICE PELLETS, HAIL    4 = ICE PELLETS
                        TOTAL MONTH:  M            5 = HAIL
                        GRTST 24HR    M  ON   M    6 = FREEZING RAIN OR DRIZZLE
                        GRTST DEPTH:  M  ON   M    7 = DUSTSTORM OR SANDSTORM:
                                                       VSBY 1/2 MILE OR LESS
                                                   8 = SMOKE OR HAZE
[NO. OF DAYS WITH]      [WEATHER - DAYS WITH]      9 = BLOWING SNOW
                                                   X = TORNADO
MAX 32 OR BELOW:   0    0.01 INCH OR MORE:   4
MAX 90 OR ABOVE:  22    0.10 INCH OR MORE:   3
MIN 32 OR BELOW:   0    0.50 INCH OR MORE:   0
MIN  0 OR BELOW:   0    1.00 INCH OR MORE:   0

[HDD (BASE 65) ]
TOTAL THIS MO.     0    CLEAR  (SCALE 0-3)  25
DPTR FM NORMAL    -8    PTCLDY (SCALE 4-7)   2
TOTAL FM JUL 1     0    CLOUDY (SCALE 8-10)  0
DPTR FM NORMAL    -8

[CDD (BASE 65) ]
TOTAL THIS MO.   456
DPTR FM NORMAL   128    [PRESSURE DATA]
TOTAL FM JAN 1  3029    HIGHEST SLP M ON M
DPTR FM NORMAL   646    LOWEST  SLP M ON M

[REMARKS]
