000
CXUS56 KBOI 251002
CF6BKE
PRELIMINARY LOCAL CLIMATOLOGICAL DATA (WS FORM: F-6)

                                          STATION:   BAKER OR
                                          MONTH:     SEPTEMBER
                                          YEAR:      2022
                                          LATITUDE:   44 50 N
                                          LONGITUDE: 117 49 W

  TEMPERATURE IN F:       :PCPN:    SNOW:  WIND      :SUNSHINE: SKY     :PK WND
================================================================================
1   2   3   4   5  6A  6B    7    8   9   10  11  12  13   14  15   16   17  18
                                     12Z  AVG MX 2MIN
DY MAX MIN AVG DEP HDD CDD  WTR  SNW DPTH SPD SPD DIR MIN PSBL S-S WX    SPD DR
================================================================================

 1  91  44  68   4   0   3 0.00    M    M  4.3 12 330   M    M   0        15 330
 2  98  38  68   4   0   3 0.00    M    M  3.9 17 120   M    M   0 8      26 130
 3  93  47  70   7   0   5    T    M    M  7.3 31 350   M    M   1        41 350
 4  89  38  64   1   1   0 0.00    M    M  4.5 13 330   M    M   0        19 330
 5  86  48  67   4   0   2 0.00    M    M  5.9 13 330   M    M   0        19 330
 6  99  43  71   9   0   6    T    M    M  4.2 20 110   M    M   0        28 100
 7  91  53  72  10   0   7 0.01    M    M  5.2 38 250   M    M   1 3      52 260
 8  74  44  59  -3   6   0 0.00    M    M 12.6 28 340   M    M   0        36 340
 9  77  32  55  -6  10   0 0.00    M    M  5.3 17 340   M    M   0        23 320
10  82  29  56  -5   9   0 0.00    M    M  4.1 16 140   M    M   0 8      25 180
11  82  35  59  -2   6   0 0.00    M    M  1.7  8 190   M    M   0 8       9  30
12  72  37  55  -5  10   0    T    M    M  2.7  8 200   M    M   3 8      10 250
13  78  46  62   2   3   0 0.55    M    M  3.2 32 220   M    M   4 138    41 210
14  74  45  60   0   5   0 0.00    M    M  4.2 14 320   M    M   3 18     18 320
15  71  46  59   0   6   0 0.00    M    M  6.1 14 290   M    M   1        19 300
16  72  44  58  -1   7   0    T    M    M  5.7 16 330   M    M   3        22 340
17  75  35  55  -4  10   0    T    M    M  4.2 21 340   M    M   1 3      25 340
18  63  43  53  -5  12   0 0.08    M    M  4.7 18 340   M    M   2 1      24 340
19  76  35  56  -2   9   0 0.00    M    M  3.4 10 300   M    M   0 12     14 270
20  77  43  60   2   5   0 0.00    M    M  8.7 20 330   M    M   0        27 310
21  70  41  56  -1   9   0 0.01    M    M  4.8 16 240   M    M   3 3      22 220
22  69  40  55  -2  10   0    T    M    M  3.4  9 320   M    M   4 18     13  40
23  74  29  52  -4  13   0 0.00    M    M  3.1 10  40   M    M   0 12     14  60
24  80  32  56   0   9   0 0.00    M    M  1.9  8 270   M    M   0        12  60
================================================================================
SM 1913  967       140  26  0.65    M    115.1          M       26
================================================================================
AV 79.7 40.3                               4.8 FASTST   M    M   1    MAX(MPH)
                                 MISC ---->    38 250                 52 260
================================================================================
NOTES:
# LAST OF SEVERAL OCCURRENCES

COLUMN 17 PEAK WIND IN M.P.H.

PRELIMINARY LOCAL CLIMATOLOGICAL DATA (WS FORM: F-6) , PAGE 2

                                          STATION:   BAKER OR
                                          MONTH:     SEPTEMBER
                                          YEAR:      2022
                                          LATITUDE:   44 50 N
                                          LONGITUDE: 117 49 W

[TEMPERATURE DATA]      [PRECIPITATION DATA]       SYMBOLS USED IN COLUMN 16

AVERAGE MONTHLY: 60.0   TOTAL FOR MONTH:   0.65    1 = FOG OR MIST
DPTR FM NORMAL:  -0.1   DPTR FM NORMAL:    0.29    2 = FOG REDUCING VISIBILITY
HIGHEST:    99 ON  6    GRTST 24HR  0.55 ON 13-13      TO 1/4 MILE OR LESS
LOWEST:     29 ON 23,10                             3 = THUNDER
                        SNOW, ICE PELLETS, HAIL    4 = ICE PELLETS
                        TOTAL MONTH:  M            5 = HAIL
                        GRTST 24HR    M  ON   M    6 = FREEZING RAIN OR DRIZZLE
                        GRTST DEPTH:  M  ON   M    7 = DUSTSTORM OR SANDSTORM:
                                                       VSBY 1/2 MILE OR LESS
                                                   8 = SMOKE OR HAZE
[NO. OF DAYS WITH]      [WEATHER - DAYS WITH]      9 = BLOWING SNOW
                                                   X = TORNADO
MAX 32 OR BELOW:   0    0.01 INCH OR MORE:   4
MAX 90 OR ABOVE:   5    0.10 INCH OR MORE:   1
MIN 32 OR BELOW:   4    0.50 INCH OR MORE:   1
MIN  0 OR BELOW:   0    1.00 INCH OR MORE:   0

[HDD (BASE 65) ]
TOTAL THIS MO.   140    CLEAR  (SCALE 0-3)  22
DPTR FM NORMAL     0    PTCLDY (SCALE 4-7)   2
TOTAL FM JUL 1   162    CLOUDY (SCALE 8-10)  0
DPTR FM NORMAL   -50

[CDD (BASE 65) ]
TOTAL THIS MO.    26
DPTR FM NORMAL     3    [PRESSURE DATA]
TOTAL FM JAN 1   341    HIGHEST SLP M ON M
DPTR FM NORMAL    18    LOWEST  SLP 29.63 ON 17

[REMARKS]
