000
CXUS51 KRNK 260709
CF6BLF

PRELIMINARY LOCAL CLIMATOLOGICAL DATA (WS FORM: F-6)

                                          STATION:   BLUEFIELD WV
                                          MONTH:     SEPTEMBER
                                          YEAR:      2022
                                          LATITUDE:   37 17 N
                                          LONGITUDE:  81 12 W

  TEMPERATURE IN F:       :PCPN:    SNOW:  WIND      :SUNSHINE: SKY     :PK WND
================================================================================
1   2   3   4   5  6A  6B    7    8   9   10  11  12  13   14  15   16   17  18
                                     12Z  AVG MX 2MIN
DY MAX MIN AVG DEP HDD CDD  WTR  SNW DPTH SPD SPD DIR MIN PSBL S-S WX    SPD DR
================================================================================

 1  75  55  65  -2   0   0 0.00  0.0    0  2.8  8  20   M    M   1        10  10
 2  77  58  68   1   0   3 0.00  0.0    0  4.3 12 130   M    M   1        16 160
 3  78  63  71   4   0   6 0.00  0.0    0  3.8 10 180   M    M   1        19 110
 4  76  65  71   4   0   6 0.65  0.0    0  3.5 12 250   M    M   7 13     18 140
 5  68  64  66   0   0   1 0.88  0.0    0  1.8  7 160   M    M  10 1      12 180
 6  75  63  69   3   0   4    T  0.0    0  4.9 10 260   M    M   8 1      13 320
 7  70  60  65  -1   0   0    T  0.0    0  3.5 13 310   M    M   9 12     19 310
 8  72  56  64  -2   1   0 0.00  0.0    0  2.6  8  20   M    M   8 1      12  20
 9  71  60  66   0   0   1 0.00  0.0    0  5.4 10 130   M    M   5        20 130
10  65  58  62  -3   3   0 0.66  0.0    0  6.2 13 100   M    M   9 1      19 120
11  78  63  71   6   0   6 0.39  0.0    0  2.3 18 310   M    M   8 13     28 290
12  73  54  64  -1   1   0 0.28  0.0    0  5.6 14 250   M    M   8 1      17 260
13  67  49  58  -6   7   0 0.00  0.0    0  5.7 17 270   M    M   2 1      25 290
14  68  48  58  -6   7   0 0.00  0.0    0  3.1 10  10   M    M   1        15  20
15  72  49  61  -3   4   0 0.00  0.0    0  1.3  9  30   M    M   0 1       M   M
16  75  52  64   0   1   0 0.00  0.0    0  1.5  7  20   M    M   1 12      9 260
17  72  54  63   0   2   0 0.00  0.0    0  3.2  9 170   M    M   0        15 160
18  75  54  65   2   0   0 0.00  0.0    0  3.6 10 250   M    M   2        13 190
19  74  56  65   2   0   0 0.00  0.0    0  5.3 15 250   M    M   3        19 250
20  77  60  69   7   0   4 0.00  0.0    0  4.6 13 290   M    M   5 1      16 300
21  80  56  68   6   0   3 0.00  0.0    0  3.8  9 290   M    M   0        12 290
22  68  46  57  -5   8   0 0.05  0.0    0  8.8 18 300   M    M   4 1      27 300
23  61  41  51 -10  14   0 0.00  0.0    0  4.4 13 290   M    M   1        18  10
24  66  46  56  -5   9   0 0.00  0.0    0  6.9 20 250   M    M   5        25 260
25  68  52  60  -1   5   0 0.30  0.0    0 10.5 25 250   M    M   4 13     34 240
================================================================================
SM 1801 1382        62  34  3.21  0.0    109.4          M      103
================================================================================
AV 72.0 55.3                               4.4 FASTST   M    M   4    MAX(MPH)
                                 MISC ---->    25 250                 34 240
================================================================================
NOTES:
# LAST OF SEVERAL OCCURRENCES

COLUMN 17 PEAK WIND IN M.P.H.

PRELIMINARY LOCAL CLIMATOLOGICAL DATA (WS FORM: F-6) , PAGE 2

                                          STATION:   BLUEFIELD WV
                                          MONTH:     SEPTEMBER
                                          YEAR:      2022
                                          LATITUDE:   37 17 N
                                          LONGITUDE:  81 12 W

[TEMPERATURE DATA]      [PRECIPITATION DATA]       SYMBOLS USED IN COLUMN 16

AVERAGE MONTHLY: 63.7   TOTAL FOR MONTH:   3.21    1 = FOG OR MIST
DPTR FM NORMAL:  -0.6   DPTR FM NORMAL:    0.52    2 = FOG REDUCING VISIBILITY
HIGHEST:    80 ON 21    GRTST 24HR  1.42 ON  4- 5      TO 1/4 MILE OR LESS
LOWEST:     41 ON 23                               3 = THUNDER
                        SNOW, ICE PELLETS, HAIL    4 = ICE PELLETS
                        TOTAL MONTH:   0.0 INCH    5 = HAIL
                        GRTST 24HR  0.0            6 = FREEZING RAIN OR DRIZZLE
                        GRTST DEPTH:  0            7 = DUSTSTORM OR SANDSTORM:
                                                       VSBY 1/2 MILE OR LESS
                                                   8 = SMOKE OR HAZE
[NO. OF DAYS WITH]      [WEATHER - DAYS WITH]      9 = BLOWING SNOW
                                                   X = TORNADO
MAX 32 OR BELOW:   0    0.01 INCH OR MORE:   7
MAX 90 OR ABOVE:   0    0.10 INCH OR MORE:   6
MIN 32 OR BELOW:   0    0.50 INCH OR MORE:   3
MIN  0 OR BELOW:   0    1.00 INCH OR MORE:   0

[HDD (BASE 65) ]
TOTAL THIS MO.    62    CLEAR  (SCALE 0-3)  12
DPTR FM NORMAL    -7    PTCLDY (SCALE 4-7)   8
TOTAL FM JUL 1    67    CLOUDY (SCALE 8-10)  5
DPTR FM NORMAL   -23

[CDD (BASE 65) ]
TOTAL THIS MO.    34
DPTR FM NORMAL   -17    [PRESSURE DATA]
TOTAL FM JAN 1   564    HIGHEST SLP M ON M
DPTR FM NORMAL    40    LOWEST  SLP 29.77 ON 25

[REMARKS]
DUE TO EQUIPMENT FAILURE ON JANUARY 9-10 AND AUGUST 16-17,
2022, ALL INFORMATION WILL BE CALCULATED WITHOUT DATA FROM THESE
DATES.
