000
CXUS55 KPSR 281005
CF6BLH
PRELIMINARY LOCAL CLIMATOLOGICAL DATA (WS FORM: F-6)

                                          STATION:   BLYTHE CA
                                          MONTH:     SEPTEMBER
                                          YEAR:      2022
                                          LATITUDE:   33 37 N
                                          LONGITUDE: 114 43 W

  TEMPERATURE IN F:       :PCPN:    SNOW:  WIND      :SUNSHINE: SKY     :PK WND
================================================================================
1   2   3   4   5  6A  6B    7    8   9   10  11  12  13   14  15   16   17  18
                                     12Z  AVG MX 2MIN
DY MAX MIN AVG DEP HDD CDD  WTR  SNW DPTH SPD SPD DIR MIN PSBL S-S WX    SPD DR
================================================================================

 1 110  88  99   6   0  34 0.00    M    M 11.4 18 170   M    M   0        24 170
 2 107  84  96   4   0  31 0.09    M    M 10.9 43 110   M    M   0 8      57 120
 3 107  81  94   2   0  29 0.00    M    M  4.8 17 180   M    M   1        22 180
 4 111  87  99   7   0  34 0.00    M    M  3.4 14 110   M    M   2        20 110
 5 113  85  99   7   0  34 0.00    M    M  4.1 14 130   M    M   2        19  50
 6 114  84  99   7   0  34 0.00    M    M  7.5 22 190   M    M   2        26 180
 7 107  86  97   6   0  32 0.00    M    M 10.0 25 190   M    M   1        33 190
 8 100  84  92   1   0  27 0.00    M    M  9.3 29 340   M    M   0 8      37 340
 9  94  81  88  -3   0  23    T    M    M 10.4 26 170   M    M   2        36 160
10  92  79  86  -4   0  21 0.00    M    M  8.1 20 270   M    M   3        24 270
11  99  77  88  -2   0  23 0.00    M    M  6.7 16 260   M    M   2        21 250
12  96  79  88  -2   0  23 0.00    M    M  7.3 18 260   M    M   0        25 240
13  95  79  87  -2   0  22 0.01    M    M 10.4 18 170   M    M   1        24 180
14  97  78  88  -1   0  23 0.00    M    M 10.6 16 190   M    M   0        26 160
15  98  75  87  -1   0  22 0.00    M    M  8.9 17 250   M    M   0        23 170
16  98  70  84  -4   0  19 0.00    M    M  6.3 15 250   M    M   0        18 250
17 100  71  86  -2   0  21 0.00    M    M  8.6 21 170   M    M   0        26 170
18  99  70  85  -2   0  20 0.00    M    M  8.7 17 200   M    M   0        21 180
19 101  69  85  -2   0  20 0.00    M    M  6.8 16 240   M    M   0        21 240
20 102  72  87   1   0  22 0.00    M    M  8.1 17 210   M    M   0        22 200
21  95  81  88   2   0  23    T    M    M  9.3 21 150   M    M   3        25 160
22  99  78  89   3   0  24 0.00    M    M  3.4 15 120   M    M   1        19 130
23 102  81  92   7   0  27 0.00    M    M  5.8 20 150   M    M   1        24 150
24 105  80  93   8   0  28 0.00    M    M  2.9 12 130   M    M   2        16 140
25 109  81  95  11   0  30 0.00    M    M  7.6 21  30   M    M   2        28  40
26 106  73  90   6   0  25 0.00    M    M  4.8 17  60   M    M   2        22  60
27 106  83  95  11   0  30 0.00    M    M  5.0 12 110   M    M   2        16  40
================================================================================
SM 2762 2136         0 701  0.10    M    201.1          M       29
================================================================================
AV102.3 79.1                               7.4 FASTST   M    M   1    MAX(MPH)
                                 MISC ---->    43 110                 57 120
================================================================================
NOTES:
# LAST OF SEVERAL OCCURRENCES

COLUMN 17 PEAK WIND IN M.P.H.

PRELIMINARY LOCAL CLIMATOLOGICAL DATA (WS FORM: F-6) , PAGE 2

                                          STATION:   BLYTHE CA
                                          MONTH:     SEPTEMBER
                                          YEAR:      2022
                                          LATITUDE:   33 37 N
                                          LONGITUDE: 114 43 W

[TEMPERATURE DATA]      [PRECIPITATION DATA]       SYMBOLS USED IN COLUMN 16

AVERAGE MONTHLY: 90.7   TOTAL FOR MONTH:   0.10    1 = FOG OR MIST
DPTR FM NORMAL:   2.1   DPTR FM NORMAL:   -0.20    2 = FOG REDUCING VISIBILITY
HIGHEST:   114 ON  6    GRTST 24HR  0.09 ON  2- 2      TO 1/4 MILE OR LESS
LOWEST:     69 ON 19                               3 = THUNDER
                        SNOW, ICE PELLETS, HAIL    4 = ICE PELLETS
                        TOTAL MONTH:  M            5 = HAIL
                        GRTST 24HR    M  ON   M    6 = FREEZING RAIN OR DRIZZLE
                        GRTST DEPTH:  M  ON   M    7 = DUSTSTORM OR SANDSTORM:
                                                       VSBY 1/2 MILE OR LESS
                                                   8 = SMOKE OR HAZE
[NO. OF DAYS WITH]      [WEATHER - DAYS WITH]      9 = BLOWING SNOW
                                                   X = TORNADO
MAX 32 OR BELOW:   0    0.01 INCH OR MORE:   2
MAX 90 OR ABOVE:  27    0.10 INCH OR MORE:   0
MIN 32 OR BELOW:   0    0.50 INCH OR MORE:   0
MIN  0 OR BELOW:   0    1.00 INCH OR MORE:   0

[HDD (BASE 65) ]
TOTAL THIS MO.     0    CLEAR  (SCALE 0-3)  27
DPTR FM NORMAL     0    PTCLDY (SCALE 4-7)   0
TOTAL FM JUL 1     0    CLOUDY (SCALE 8-10)  0
DPTR FM NORMAL     0

[CDD (BASE 65) ]
TOTAL THIS MO.   701
DPTR FM NORMAL    63    [PRESSURE DATA]
TOTAL FM JAN 1  4405    HIGHEST SLP M ON M
DPTR FM NORMAL   381    LOWEST  SLP 29.56 ON  8

[REMARKS]
