000
CXUS54 KLZK 281230
CF6BPK
PRELIMINARY LOCAL CLIMATOLOGICAL DATA (WS FORM: F-6)

                                          STATION:   MOUNTAIN HOME AIRPORT
                                          MONTH:     SEPTEMBER
                                          YEAR:      2022
                                          LATITUDE:   36 22 N
                                          LONGITUDE:  92 28 W

  TEMPERATURE IN F:       :PCPN:    SNOW:  WIND      :SUNSHINE: SKY     :PK WND
================================================================================
1   2   3   4   5  6A  6B    7    8   9   10  11  12  13   14  15   16   17  18
                                     12Z  AVG MX 2MIN
DY MAX MIN AVG DEP HDD CDD  WTR  SNW DPTH SPD SPD DIR MIN PSBL S-S WX    SPD DR
================================================================================

 1  85  64  75   0   0  10 0.00    M    M  4.2 12 200   M    M   1        14 200
 2  80  67  74  -1   0   9 2.18    M    M  4.1 10 170   M    M   9 13     17 260
 3  83  68  76   1   0  11 0.01    M    M  1.8  9  90   M    M   6 1      13  80
 4  85  64  75   0   0  10 0.00    M    M  1.2  8  90   M    M   3 12     11 100
 5  84  65  75   1   0  10 0.00    M    M  1.2  7 140   M    M   4 12     12 240
 6  83  67  75   1   0  10 0.00    M    M  1.8  7  90   M    M   5 12      9 100
 7  85  65  75   1   0  10 0.00    M    M  2.8 10  90   M    M   2 1      14  90
 8  83  63  73   0   0   8 0.00    M    M  2.7  8 110   M    M   1        12  90
 9  83  60  72  -1   0   7 0.00    M    M  1.1  8 100   M    M   1 1      12 130
10  84  64  74   1   0   9 0.00    M    M  2.8  9 120   M    M   3        13 150
11  76  55  66  -6   0   1 0.00    M    M  4.1 10 360   M    M   5        19  20
12  79  50  65  -7   0   0 0.00    M    M  2.1  9 280   M    M   0        17 260
13  85  55  70  -2   0   5 0.00    M    M  1.4  7 260   M    M   0        11 290
14  85  57  71   0   0   6 0.00    M    M  1.9  8 130   M    M   0        12 140
15  83  57  70  -1   0   5 0.00    M    M  4.4 10 180   M    M   0        20 130
16  85  60  73   2   0   8 0.00    M    M  4.3 13 210   M    M   1        17 220
17  87  61  74   4   0   9 0.00    M    M  5.6 13 200   M    M   1        18 190
18  92  66  79   9   0  14 0.00    M    M  4.6 12 220   M    M   0        15 230
19  93  70  82  12   0  17 0.00    M    M  2.3  9 210   M    M   0        12 220
20  95  70  83  14   0  18 0.00    M    M  2.7 10 230   M    M   0        14 190
21  96  70  83  14   0  18 0.00    M    M  2.7  9  80   M    M   0        15  80
22  75  60  68   0   0   3    T    M    M  3.5 10  70   M    M   6        17  90
23  79  57  68   0   0   3 0.00    M    M  6.9 13 150   M    M   3        17 160
24  90  64  77   9   0  12    T    M    M  1.5  8 290   M    M   0        14 320
25  83  58  71   3   0   6 0.00    M    M  3.1 10 320   M    M   0        18 320
26  78  52  65  -2   0   0 0.00    M    M  2.1 10 360   M    M   0        17  10
27  80  47  64  -3   1   0 0.00    M    M  2.3  8 120   M    M   0        14 200
================================================================================
SM 2276 1656         1 219  2.19    M     79.2          M       51
================================================================================
AV 84.3 61.3                               2.9 FASTST   M    M   2    MAX(MPH)
                                 MISC ---->  # 13 210                 20 130
================================================================================
NOTES:
# LAST OF SEVERAL OCCURRENCES

COLUMN 17 PEAK WIND IN M.P.H.

PRELIMINARY LOCAL CLIMATOLOGICAL DATA (WS FORM: F-6) , PAGE 2

                                          STATION:   MOUNTAIN HOME AIRPORT
                                          MONTH:     SEPTEMBER
                                          YEAR:      2022
                                          LATITUDE:   36 22 N
                                          LONGITUDE:  92 28 W

[TEMPERATURE DATA]      [PRECIPITATION DATA]       SYMBOLS USED IN COLUMN 16

AVERAGE MONTHLY: 72.8   TOTAL FOR MONTH:   2.19    1 = FOG OR MIST
DPTR FM NORMAL:   1.6   DPTR FM NORMAL:   -0.16    2 = FOG REDUCING VISIBILITY
HIGHEST:    96 ON 21    GRTST 24HR  2.18 ON  2- 2      TO 1/4 MILE OR LESS
LOWEST:     47 ON 27                               3 = THUNDER
                        SNOW, ICE PELLETS, HAIL    4 = ICE PELLETS
                        TOTAL MONTH:  M            5 = HAIL
                        GRTST 24HR    M  ON   M    6 = FREEZING RAIN OR DRIZZLE
                        GRTST DEPTH:  M  ON   M    7 = DUSTSTORM OR SANDSTORM:
                                                       VSBY 1/2 MILE OR LESS
                                                   8 = SMOKE OR HAZE
[NO. OF DAYS WITH]      [WEATHER - DAYS WITH]      9 = BLOWING SNOW
                                                   X = TORNADO
MAX 32 OR BELOW:   0    0.01 INCH OR MORE:   2
MAX 90 OR ABOVE:   5    0.10 INCH OR MORE:   1
MIN 32 OR BELOW:   0    0.50 INCH OR MORE:   1
MIN  0 OR BELOW:   0    1.00 INCH OR MORE:   1

[HDD (BASE 65) ]
TOTAL THIS MO.     1    CLEAR  (SCALE 0-3)  20
DPTR FM NORMAL   -16    PTCLDY (SCALE 4-7)   6
TOTAL FM JUL 1     1    CLOUDY (SCALE 8-10)  1
DPTR FM NORMAL   -16

[CDD (BASE 65) ]
TOTAL THIS MO.   219
DPTR FM NORMAL    32    [PRESSURE DATA]
TOTAL FM JAN 1  1827    HIGHEST SLP M ON M
DPTR FM NORMAL   296    LOWEST  SLP 29.82 ON  8

[REMARKS]
