000
CXAK56 PAFG 270948
CF6BRW
PRELIMINARY LOCAL CLIMATOLOGICAL DATA (WS FORM: F-6)

                                          STATION:   UTQIAGVIK (BARROW) AK
                                          MONTH:     SEPTEMBER
                                          YEAR:      2022
                                          LATITUDE:   71 17 N
                                          LONGITUDE: 156 47 W

  TEMPERATURE IN F:       :PCPN:    SNOW:  WIND      :SUNSHINE: SKY     :PK WND
================================================================================
1   2   3   4   5  6A  6B    7    8   9   10  11  12  13   14  15   16   17  18
                                     12Z  AVG MX 2MIN
DY MAX MIN AVG DEP HDD CDD  WTR  SNW DPTH SPD SPD DIR MIN PSBL S-S WX    SPD DR
================================================================================

 1  41  37  39   1  26   0 0.02    M    M 17.1 22  70   M    M  10 1      26  70
 2  40  36  38   0  27   0 0.00    M    M  6.5 15  40   M    M  10 12     18  30
 3  48  36  42   4  23   0    T    M    M  9.6 18 130   M    M  10 128    20 120
 4  43  37  40   2  25   0 0.01    M    M 15.1 24 290   M    M   8 18     27 290
 5  42  34  38   0  27   0 0.00    M    M  9.3 17 100   M    M   9 18     21 110
 6  49  33  41   4  24   0 0.00    M    M 12.8 21 130   M    M   8 12     24 110
 7  50  32  41   4  24   0 0.00    M    M  8.8 13 110   M    M   6 12     15 110
 8  38  32  35  -2  30   0 0.00    M    M 12.6 21  70   M    M  10 12     24  70
 9  42  34  38   2  27   0 0.00    M    M 20.8 29  70   M    M   6 12     36  70
10  38  34  36   0  29   0 0.00    M    M 16.5 24  70   M    M  10 1      28  80
11  37  33  35  -1  30   0    T    M    M 16.1 22  80   M    M  10 12     27  90
12  37  34  36   0  29   0 0.00    M    M 21.5 29  70   M    M  10 12     34  90
13  37  34  36   1  29   0 0.03    M    M 23.4 30  80   M    M  10 1      40  90
14  36  34  35   0  30   0 0.03    M    M 23.4 28  90   M    M  10 1      41  90
15  36  34  35   0  30   0    T    M    M 24.9 36 110   M    M  10 1      43  90
16  34  33  34   0  31   0 0.00    M    M 26.1 37  90   M    M  10 1      45  90
17  35  32  34   0  31   0 0.00    M    M 22.6 33  90   M    M  10 12     44  90
18  47  32  40   6  25   0    T    M    M 15.6 24 100   M    M   8 128    29  90
19  47  36  42   9  23   0    T    M    M  8.1 14 200   M    M   7        16 200
20  44  28  36   3  29   0    T    M    M  6.1 10 140   M    M   5 128    12 130
21  40  33  37   5  28   0 0.04    M    M  8.6 14 110   M    M   9 18     17 110
22  37  31  34   2  31   0    T    M    M 11.7 18  60   M    M   9 12     22  70
23  34  30  32   0  33   0 0.01    M    M 11.5 18  40   M    M  10 18     22  40
24  34  31  33   2  32   0 0.01    M    M 16.3 28  70   M    M  10 1      33  70
25  32  27  30  -1  35   0 0.01    M    M 13.7 23  60   M    M  10 18     27  60
26  32  27  30   0  35   0 0.01    M    M 12.5 20 110   M    M   9 18     27  90
================================================================================
SM 1030  854       743   0  0.17    M    391.2          M      234
================================================================================
AV 39.6 32.8                              15.0 FASTST   M    M   9    MAX(MPH)
                                 MISC ---->    37  90                 45  90
================================================================================
NOTES:
# LAST OF SEVERAL OCCURRENCES

COLUMN 17 PEAK WIND IN M.P.H.

PRELIMINARY LOCAL CLIMATOLOGICAL DATA (WS FORM: F-6) , PAGE 2

                                          STATION:   UTQIAGVIK (BARROW) AK
                                          MONTH:     SEPTEMBER
                                          YEAR:      2022
                                          LATITUDE:   71 17 N
                                          LONGITUDE: 156 47 W

[TEMPERATURE DATA]      [PRECIPITATION DATA]       SYMBOLS USED IN COLUMN 16

AVERAGE MONTHLY: 36.2   TOTAL FOR MONTH:   0.17    1 = FOG OR MIST
DPTR FM NORMAL:   1.4   DPTR FM NORMAL:   -0.52    2 = FOG REDUCING VISIBILITY
HIGHEST:    50 ON  7    GRTST 24HR  0.04 ON 13-14      TO 1/4 MILE OR LESS
LOWEST:     27 ON 26,25                             3 = THUNDER
                        SNOW, ICE PELLETS, HAIL    4 = ICE PELLETS
                        TOTAL MONTH:  M            5 = HAIL
                        GRTST 24HR    M  ON   M    6 = FREEZING RAIN OR DRIZZLE
                        GRTST DEPTH:  M  ON   M    7 = DUSTSTORM OR SANDSTORM:
                                                       VSBY 1/2 MILE OR LESS
                                                   8 = SMOKE OR HAZE
[NO. OF DAYS WITH]      [WEATHER - DAYS WITH]      9 = BLOWING SNOW
                                                   X = TORNADO
MAX 32 OR BELOW:   2    0.01 INCH OR MORE:   9
MAX 90 OR ABOVE:   0    0.10 INCH OR MORE:   0
MIN 32 OR BELOW:  10    0.50 INCH OR MORE:   0
MIN  0 OR BELOW:   0    1.00 INCH OR MORE:   0

[HDD (BASE 65) ]
TOTAL THIS MO.   743    CLEAR  (SCALE 0-3)   0
DPTR FM NORMAL   -37    PTCLDY (SCALE 4-7)   6
TOTAL FM JUL 1  2279    CLOUDY (SCALE 8-10) 20
DPTR FM NORMAL    28

[CDD (BASE 65) ]
TOTAL THIS MO.     0
DPTR FM NORMAL     0    [PRESSURE DATA]
TOTAL FM JAN 1     0    HIGHEST SLP M ON M
DPTR FM NORMAL     0    LOWEST  SLP 29.35 ON 17

[REMARKS]
