000
CXUS54 KLIX 260810
CF6BTR
PRELIMINARY LOCAL CLIMATOLOGICAL DATA (WS FORM: F-6)

                                          STATION:   BATON ROUGE
                                          MONTH:     SEPTEMBER
                                          YEAR:      2022
                                          LATITUDE:   30 31 N
                                          LONGITUDE:  91  9 W

  TEMPERATURE IN F:       :PCPN:    SNOW:  WIND      :SUNSHINE: SKY     :PK WND
================================================================================
1   2   3   4   5  6A  6B    7    8   9   10  11  12  13   14  15   16   17  18
                                     12Z  AVG MX 2MIN
DY MAX MIN AVG DEP HDD CDD  WTR  SNW DPTH SPD SPD DIR MIN PSBL S-S WX    SPD DR
================================================================================

 1  95  75  85   3   0  20 0.00  0.0    M  3.4 13  30   M    M   1        16  60
 2  95  74  85   4   0  20    T  0.0    M  3.7 16 190   M    M   4 3      18 190
 3  83  74  79  -2   0  14 0.30  0.0    M  1.8 15 190   M    M   5 13     20 180
 4  81  73  77  -4   0  12 0.07  0.0    M  2.8  9 260   M    M   4 1      12 240
 5  84  73  79  -2   0  14    T  0.0    M  2.3  8 230   M    M   1 1      21  40
 6  85  74  80  -1   0  15 0.01  0.0    M  1.2  8 160   M    M   2 1      10 170
 7  91  72  82   1   0  17 0.01  0.0    M  3.6 15 100   M    M   2 138    19  90
 8  85  71  78  -2   0  13 0.15  0.0    M  2.5 15 190   M    M   3 38     20 200
 9  90  68  79  -1   0  14 0.32  0.0    M  3.3 24  70   M    M   2 1      32  60
10  88  70  79  -1   0  14 0.00  0.0    M  2.9  8 260   M    M   6 1      13 300
11  91  71  81   1   0  16 0.00  0.0    M  3.0 12 310   M    M   3 1      17 300
12  89  67  78  -2   0  13 0.00  0.0    M  3.9 10 320   M    M   2        14 310
13  86  63  75  -5   0  10 0.00  0.0    M  4.0 12  70   M    M   0        15  60
14  87  61  74  -5   0   9 0.00  0.0    M  4.9 14  60   M    M   0        19  90
15  91  63  77  -2   0  12 0.00  0.0    M  4.0 13  90   M    M   0        16  60
16  92  65  79   0   0  14 0.00  0.0    M  4.2 10  60   M    M   1        14 360
17  92  69  81   2   0  16 0.00  0.0    M  6.6 14  90   M    M   2 1      19  60
18  94  73  84   6   0  19 0.00  0.0    M  5.2 10  90   M    M   5 12     19 270
19  92  73  83   5   0  18    T  0.0    M  2.3 14 360   M    M   2        17 360
20  93  70  82   4   0  17 0.00  0.0    M  3.4 14  50   M    M   0        15  60
21  97  70  84   6   0  19 0.00  0.0    M  3.5 12  40   M    M   0 1      15  40
22  97  74  86   8   0  21 0.00  0.0    M  3.4 12  30   M    M   1        15  40
23  94  72  83   6   0  18 0.00  0.0    M  4.2 12  60   M    M   0        15  60
24  97  70  84   7   0  19 0.00  0.0    M  2.6 10  70   M    M   0        14  60
25  94  71  83   6   0  18 0.00  0.0    M  2.0 10 350   M    M   0 1      14 350
================================================================================
SM 2263 1756         0 392  0.86  0.0     84.7          M       46
================================================================================
AV 90.5 70.2                               3.4 FASTST   M    M   2    MAX(MPH)
                                 MISC ---->    24  70                 32  60
================================================================================
NOTES:
# LAST OF SEVERAL OCCURRENCES

COLUMN 17 PEAK WIND IN M.P.H.

PRELIMINARY LOCAL CLIMATOLOGICAL DATA (WS FORM: F-6) , PAGE 2

                                          STATION:   BATON ROUGE
                                          MONTH:     SEPTEMBER
                                          YEAR:      2022
                                          LATITUDE:   30 31 N
                                          LONGITUDE:  91  9 W

[TEMPERATURE DATA]      [PRECIPITATION DATA]       SYMBOLS USED IN COLUMN 16

AVERAGE MONTHLY: 80.4   TOTAL FOR MONTH:   0.86    1 = FOG OR MIST
DPTR FM NORMAL:   1.0   DPTR FM NORMAL:   -2.87    2 = FOG REDUCING VISIBILITY
HIGHEST:    97 ON 24,22  GRTST 24HR  0.33 ON  3- 4      TO 1/4 MILE OR LESS
LOWEST:     61 ON 14                               3 = THUNDER
                        SNOW, ICE PELLETS, HAIL    4 = ICE PELLETS
                        TOTAL MONTH:   0.0 INCH    5 = HAIL
                        GRTST 24HR  0.0            6 = FREEZING RAIN OR DRIZZLE
                        GRTST DEPTH:  M  ON   M    7 = DUSTSTORM OR SANDSTORM:
                                                       VSBY 1/2 MILE OR LESS
                                                   8 = SMOKE OR HAZE
[NO. OF DAYS WITH]      [WEATHER - DAYS WITH]      9 = BLOWING SNOW
                                                   X = TORNADO
MAX 32 OR BELOW:   0    0.01 INCH OR MORE:   6
MAX 90 OR ABOVE:  16    0.10 INCH OR MORE:   3
MIN 32 OR BELOW:   0    0.50 INCH OR MORE:   0
MIN  0 OR BELOW:   0    1.00 INCH OR MORE:   0

[HDD (BASE 65) ]
TOTAL THIS MO.     0    CLEAR  (SCALE 0-3)  19
DPTR FM NORMAL     0    PTCLDY (SCALE 4-7)   6
TOTAL FM JUL 1     0    CLOUDY (SCALE 8-10)  0
DPTR FM NORMAL     0

[CDD (BASE 65) ]
TOTAL THIS MO.   392
DPTR FM NORMAL    32    [PRESSURE DATA]
TOTAL FM JAN 1  2762    HIGHEST SLP M ON M
DPTR FM NORMAL   247    LOWEST  SLP 29.73 ON  8

[REMARKS]
