000
CXAK56 PAFG 260955
CF6BTT
PRELIMINARY LOCAL CLIMATOLOGICAL DATA (WS FORM: F-6)

                                          STATION:   BETTLES AK
                                          MONTH:     SEPTEMBER
                                          YEAR:      2022
                                          LATITUDE:   66 55 N
                                          LONGITUDE: 151 31 W

  TEMPERATURE IN F:       :PCPN:    SNOW:  WIND      :SUNSHINE: SKY     :PK WND
================================================================================
1   2   3   4   5  6A  6B    7    8   9   10  11  12  13   14  15   16   17  18
                                     12Z  AVG MX 2MIN
DY MAX MIN AVG DEP HDD CDD  WTR  SNW DPTH SPD SPD DIR MIN PSBL S-S WX    SPD DR
================================================================================

 1  57  49  53   5  12   0 0.13    M    M  2.2  8 270   M    M  10 1      13  20
 2  61  47  54   7  11   0 0.02    M    M  0.9  8 130   M    M   8 1      10 130
 3  60  47  54   7  11   0 0.07    M    M  2.3  7 320   M    M   9         9 320
 4  60  37  49   3  16   0    T    M    M  4.3 13 240   M    M   6 1      19 240
 5  59  31  45  -1  20   0 0.00    M    M  1.5 10 230   M    M   3 12     13 210
 6  58  38  48   2  17   0 0.01    M    M  1.2  7 320   M    M   8         9 320
 7  59  34  47   2  18   0 0.00  0.0    0  1.9  8 240   M    M   6        10 230
 8  59  37  48   3  17   0 0.10  0.0    0  6.9 16  50   M    M   6 1      30  60
 9  50  45  48   4  17   0 0.49  0.0    0  2.8  8 180   M    M  10 1      12  30
10  53  39  46   2  19   0 0.10    M    M  4.6 13 230   M    M   8 1      18 230
11  54  38  46   2  19   0 0.04    M    M  3.5 10 110   M    M   9        15 120
12  51  46  49   6  16   0 0.04  0.0    0  4.6  9  40   M    M  10        14  40
13  63  43  53  10  12   0 0.01  0.0    0  4.1  9  20   M    M   7        14  40
14  62  40  51   9  14   0    T    M    M  3.5  9 140   M    M   7        12 150
15  56  33  45   3  20   0    T    M    M  1.8  8 180   M    M   9        13 160
16  55  30  43   2  22   0 0.15    M    M  4.6 13 120   M    M   4 1      19 120
17  48  44  46   5  19   0 0.65    M    M  6.8 12 140   M    M  10 1      20 180
18  47  41  44   4  21   0 0.23    M    M  6.5 15 230   M    M  10 1      24 200
19  47  32  40   0  25   0 0.40  0.0    0  2.2  8  50   M    M   9 1      13  50
20  46  36  41   2  24   0 0.09    M    M  4.1 10 220   M    M   9 1      14 220
21  48  34  41   2  24   0 0.00    M    M  2.4  8  30   M    M   8 12     11  60
22  48  30  39   1  26   0 0.00    M    M  2.5  8 350   M    M   8         9 350
23  43  36  40   2  25   0 0.01    M    M  3.0  8  20   M    M  10        12  20
24  51  30  41   4  24   0    T    M    M  3.1  6  10   M    M   8         M   M
25  51  29  40   3  25   0 0.00    M    M  3.5  8  10   M    M   2         M   M
================================================================================
SM 1346  946       474   0  2.54  0.0     84.8          M      194
================================================================================
AV 53.8 37.8                               3.4 FASTST   M    M   8    MAX(MPH)
                                 MISC ---->    16  50                 30  60
================================================================================
NOTES:
# LAST OF SEVERAL OCCURRENCES

COLUMN 17 PEAK WIND IN M.P.H.

PRELIMINARY LOCAL CLIMATOLOGICAL DATA (WS FORM: F-6) , PAGE 2

                                          STATION:   BETTLES AK
                                          MONTH:     SEPTEMBER
                                          YEAR:      2022
                                          LATITUDE:   66 55 N
                                          LONGITUDE: 151 31 W

[TEMPERATURE DATA]      [PRECIPITATION DATA]       SYMBOLS USED IN COLUMN 16

AVERAGE MONTHLY: 45.8   TOTAL FOR MONTH:   2.54    1 = FOG OR MIST
DPTR FM NORMAL:   3.4   DPTR FM NORMAL:    0.70    2 = FOG REDUCING VISIBILITY
HIGHEST:    63 ON 13    GRTST 24HR  0.69 ON 16-17      TO 1/4 MILE OR LESS
LOWEST:     29 ON 25                               3 = THUNDER
                        SNOW, ICE PELLETS, HAIL    4 = ICE PELLETS
                        TOTAL MONTH:   0.0 INCH    5 = HAIL
                        GRTST 24HR  0.0            6 = FREEZING RAIN OR DRIZZLE
                        GRTST DEPTH:  0            7 = DUSTSTORM OR SANDSTORM:
                                                       VSBY 1/2 MILE OR LESS
                                                   8 = SMOKE OR HAZE
[NO. OF DAYS WITH]      [WEATHER - DAYS WITH]      9 = BLOWING SNOW
                                                   X = TORNADO
MAX 32 OR BELOW:   0    0.01 INCH OR MORE:  16
MAX 90 OR ABOVE:   0    0.10 INCH OR MORE:   8
MIN 32 OR BELOW:   6    0.50 INCH OR MORE:   1
MIN  0 OR BELOW:   0    1.00 INCH OR MORE:   0

[HDD (BASE 65) ]
TOTAL THIS MO.   474    CLEAR  (SCALE 0-3)   2
DPTR FM NORMAL   -91    PTCLDY (SCALE 4-7)  10
TOTAL FM JUL 1  1048    CLOUDY (SCALE 8-10) 13
DPTR FM NORMAL   -81

[CDD (BASE 65) ]
TOTAL THIS MO.     0
DPTR FM NORMAL     0    [PRESSURE DATA]
TOTAL FM JAN 1    35    HIGHEST SLP M ON M
DPTR FM NORMAL     0    LOWEST  SLP 29.36 ON 22

[REMARKS]
